{"id":8991,"date":"2018-05-12T13:12:01","date_gmt":"2018-05-12T11:12:01","guid":{"rendered":"http:\/\/klubmamgdynia.pl\/index.php\/produkt\/lilliputiens-maskotka-marius-nosorozec-niebieski\/"},"modified":"2026-05-17T22:59:55","modified_gmt":"2026-05-17T20:59:55","slug":"lilliputiens-maskotka-marius-nosorozec-niebieski","status":"publish","type":"product","link":"http:\/\/klubmamgdynia.pl\/index.php\/produkt\/lilliputiens-maskotka-marius-nosorozec-niebieski\/","title":{"rendered":"Lilliputiens Maskotka Marius Nosoro\u017cec Niebieski"},"content":{"rendered":"<p>Dzieci s\u0105 zwariowane na punkcie posiadania w\u0142asnych kryj\u00f3wek! Nosoro\u017cec to nie tylko \u015bwietny towarzysz zabaw, ale tak\u017ce oryginalna kryj\u00f3wka! Jego mi\u0119kkie, delikatne korpus pobudza ciekawo\u015b\u0107 ma\u0142ych dzieci, kt\u00f3re chc\u0105 natychmiast dowiedzie\u0107 si\u0119, co Marius mo\u017ce dla nich zrobi\u0107. Szczeg\u00f3\u0142y: wymiary: 99 x 55 x 35 cm materia\u0142: 100% poliester zmywalna powierzchnia Wiek: od narodzin<\/p>\n<h2>Lilliputiens Maskotka Marius Nosoro\u017cec Niebieski Lilliputiens<\/h2>\n<p>listy do \u015bwi\u0119tego miko\u0142aja, wzruszajace cytaty o rodzinie, bajka terapeutyczna o z\u0142o\u015bci pdf, planety uk\u0142ad s\u0142oneczny dla dzieci do druku, tekst kolysanek<\/p>\n<p>yyyyy<\/p>\n<p>&nbsp;<\/p>\n","protected":false},"excerpt":{"rendered":"<p>Dzieci s\u0105 zwariowane na punkcie posiadania w\u0142asnych kryj\u00f3wek! Nosoro\u017cec to nie tylko \u015bwietny towarzysz zabaw, ale tak\u017ce oryginalna kryj\u00f3wka! Jego mi\u0119kkie, delikatne korpus pobudza ciekawo\u015b\u0107 ma\u0142ych dzieci, kt\u00f3re chc\u0105 natychmiast dowiedzie\u0107 si\u0119, co Marius mo\u017ce dla nich zrobi\u0107. Szczeg\u00f3\u0142y: wymiary: 99 x 55 x 35 cm materia\u0142: 100% poliester zmywalna powierzchnia Wiek: od narodzin Lilliputiens [&hellip;]<\/p>\n","protected":false},"featured_media":8992,"comment_status":"closed","ping_status":"open","template":"","meta":[],"product_cat":[1770,42],"product_tag":[691,674,805],"class_list":["post-8991","product","type-product","status-publish","has-post-thumbnail","hentry","product_cat-lilliputiens","product_cat-maskotki","product_tag-gabriel","product_tag-miasto-dzieci","product_tag-znaczenie-imienia-alan"],"_links":{"self":[{"href":"http:\/\/klubmamgdynia.pl\/index.php\/wp-json\/wp\/v2\/product\/8991","targetHints":{"allow":["GET"]}}],"collection":[{"href":"http:\/\/klubmamgdynia.pl\/index.php\/wp-json\/wp\/v2\/product"}],"about":[{"href":"http:\/\/klubmamgdynia.pl\/index.php\/wp-json\/wp\/v2\/types\/product"}],"replies":[{"embeddable":true,"href":"http:\/\/klubmamgdynia.pl\/index.php\/wp-json\/wp\/v2\/comments?post=8991"}],"wp:featuredmedia":[{"embeddable":true,"href":"http:\/\/klubmamgdynia.pl\/index.php\/wp-json\/wp\/v2\/media\/8992"}],"wp:attachment":[{"href":"http:\/\/klubmamgdynia.pl\/index.php\/wp-json\/wp\/v2\/media?parent=8991"}],"wp:term":[{"taxonomy":"product_cat","embeddable":true,"href":"http:\/\/klubmamgdynia.pl\/index.php\/wp-json\/wp\/v2\/product_cat?post=8991"},{"taxonomy":"product_tag","embeddable":true,"href":"http:\/\/klubmamgdynia.pl\/index.php\/wp-json\/wp\/v2\/product_tag?post=8991"}],"curies":[{"name":"wp","href":"https:\/\/api.w.org\/{rel}","templated":true}]}}