{"id":8995,"date":"2023-11-12T00:28:15","date_gmt":"2023-11-11T23:28:15","guid":{"rendered":"http:\/\/klubmamgdynia.pl\/?post_type=product&#038;p=8995"},"modified":"2026-04-05T21:38:08","modified_gmt":"2026-04-05T19:38:08","slug":"ferm-living-kubek-dzieciecy-flow-czarny","status":"publish","type":"product","link":"http:\/\/klubmamgdynia.pl\/index.php\/produkt\/ferm-living-kubek-dzieciecy-flow-czarny\/","title":{"rendered":"Ferm Living Kubek Dzieci\u0119cy Flow Czarny"},"content":{"rendered":"<h2>Ferm Living Kubek Dzieci\u0119cy Flow Czarny Ferm Living<\/h2>\n<p>m\u00f3j przyjaciel mi\u015b scenariusz zaj\u0119\u0107 w przedszkolu, zagadki o wiosnie, zagadki dla dzieci 7-8 lat, my jeste\u015bmy krasnoludki tekst, oryginalny prezent dla nastolatk\u00f3w, kolorowanki kotka, pomys\u0142 na prezent dla nastolatk\u00f3w, zagadki rymowane, psi patrol kolorowanka do druku, prezent dla 14 letniej dziewczyny, opowie\u015bci z narni lew czarownica i stara szafa test, znaczenie imiona monika<\/p>\n<p>yyyyy<\/p>\n<p>&nbsp;<\/p>\n","protected":false},"excerpt":{"rendered":"<p>Ferm Living Kubek Dzieci\u0119cy Flow Czarny Ferm Living m\u00f3j przyjaciel mi\u015b scenariusz zaj\u0119\u0107 w przedszkolu, zagadki o wiosnie, zagadki dla dzieci 7-8 lat, my jeste\u015bmy krasnoludki tekst, oryginalny prezent dla nastolatk\u00f3w, kolorowanki kotka, pomys\u0142 na prezent dla nastolatk\u00f3w, zagadki rymowane, psi patrol kolorowanka do druku, prezent dla 14 letniej dziewczyny, opowie\u015bci z narni lew czarownica [&hellip;]<\/p>\n","protected":false},"featured_media":8996,"comment_status":"closed","ping_status":"open","template":"","meta":[],"product_cat":[1773,215],"product_tag":[819,852,743,756],"class_list":["post-8995","product","type-product","status-publish","has-post-thumbnail","hentry","product_cat-ferm-living","product_cat-naczynia-i-sztucce-dla-dzieci","product_tag-co-kupic-nastolatce-na-swieta","product_tag-jak-zrobic-samolot-z-papieru","product_tag-quiz-dla-dzieci","product_tag-zaproszenie-na-urodziny-do-druku"],"_links":{"self":[{"href":"http:\/\/klubmamgdynia.pl\/index.php\/wp-json\/wp\/v2\/product\/8995","targetHints":{"allow":["GET"]}}],"collection":[{"href":"http:\/\/klubmamgdynia.pl\/index.php\/wp-json\/wp\/v2\/product"}],"about":[{"href":"http:\/\/klubmamgdynia.pl\/index.php\/wp-json\/wp\/v2\/types\/product"}],"replies":[{"embeddable":true,"href":"http:\/\/klubmamgdynia.pl\/index.php\/wp-json\/wp\/v2\/comments?post=8995"}],"wp:featuredmedia":[{"embeddable":true,"href":"http:\/\/klubmamgdynia.pl\/index.php\/wp-json\/wp\/v2\/media\/8996"}],"wp:attachment":[{"href":"http:\/\/klubmamgdynia.pl\/index.php\/wp-json\/wp\/v2\/media?parent=8995"}],"wp:term":[{"taxonomy":"product_cat","embeddable":true,"href":"http:\/\/klubmamgdynia.pl\/index.php\/wp-json\/wp\/v2\/product_cat?post=8995"},{"taxonomy":"product_tag","embeddable":true,"href":"http:\/\/klubmamgdynia.pl\/index.php\/wp-json\/wp\/v2\/product_tag?post=8995"}],"curies":[{"name":"wp","href":"https:\/\/api.w.org\/{rel}","templated":true}]}}