{"id":8997,"date":"2013-09-08T16:30:12","date_gmt":"2013-09-08T14:30:12","guid":{"rendered":"http:\/\/klubmamgdynia.pl\/index.php\/produkt\/collecta-zwierzeta-prehistoryczne-dinozaur-styrakozaur-88147\/"},"modified":"2026-04-04T02:57:05","modified_gmt":"2026-04-04T00:57:05","slug":"collecta-zwierzeta-prehistoryczne-dinozaur-styrakozaur-88147","status":"publish","type":"product","link":"http:\/\/klubmamgdynia.pl\/index.php\/produkt\/collecta-zwierzeta-prehistoryczne-dinozaur-styrakozaur-88147\/","title":{"rendered":"Collecta Zwierz\u0119ta Prehistoryczne Dinozaur Styrakozaur (88147)"},"content":{"rendered":"<p>DINOZAUR STYRAKOZAUR to figurka kolekcjonerska firmy Collecta. Produkty tej firmy cechuje wysoka jako\u015b\u0107 wykonania oraz wiernie oddany kszta\u0142t oraz kolor zwierz\u0119cia. Ca\u0142a kolekcja obejmuje przesz\u0142o 553 gatunk\u00f3w, podzielonych na 9 kategorii i 4 grupy cenowe: S-small; M-medium; L-large; XL- X large; oraz figurki deluxe i akcesoria.Kod paskowy: 4892900881478Rok wydania: 2017Kod wydawcy: 32468Oprawa: BrakFormat: 11.0&#215;8.0G\u0142\u0119boko\u015b\u0107 (mm): 40Waga: 0.074Dzia\u0142\/Kategorie: Zabawki \/ Figurki \/ Kolekcjonerskie \/ Zwierz\u0119ta \/ PrehistoryczneJ\u0119zyki: polskiP\u0142e\u0107: ch\u0142opiec, dziewczynkaGrupa towarowa: Zabawki<\/p>\n<h2>Collecta Zwierz\u0119ta Prehistoryczne Dinozaur Styrakozaur (88147) Dante<\/h2>\n<p>lidia imie, kolorowanki do druku lol, kolorowanki super zings, na wyspach bergamutach, kolorowanka lego ninjago, kolorowanki antystresowe do druku, filmy na \u015bwi\u0119ta bo\u017cego narodzenia, nauka pisania literek do wydruku pdf, trudne zagadki logiczne, co kupic 7 latkowi pod choinke, nowe quizy do rozwi\u0105zania, minecraft quiz<\/p>\n<p>yyyyy<\/p>\n<p>&nbsp;<\/p>\n","protected":false},"excerpt":{"rendered":"<p>DINOZAUR STYRAKOZAUR to figurka kolekcjonerska firmy Collecta. Produkty tej firmy cechuje wysoka jako\u015b\u0107 wykonania oraz wiernie oddany kszta\u0142t oraz kolor zwierz\u0119cia. Ca\u0142a kolekcja obejmuje przesz\u0142o 553 gatunk\u00f3w, podzielonych na 9 kategorii i 4 grupy cenowe: S-small; M-medium; L-large; XL- X large; oraz figurki deluxe i akcesoria.Kod paskowy: 4892900881478Rok wydania: 2017Kod wydawcy: 32468Oprawa: BrakFormat: 11.0&#215;8.0G\u0142\u0119boko\u015b\u0107 (mm): [&hellip;]<\/p>\n","protected":false},"featured_media":8998,"comment_status":"closed","ping_status":"open","template":"","meta":[],"product_cat":[249,95],"product_tag":[638,690,724],"class_list":["post-8997","product","type-product","status-publish","has-post-thumbnail","hentry","product_cat-dante","product_cat-figurki-makiety-i-zestawy","product_tag-miastodzieci","product_tag-pieski-male-dwa-tekst","product_tag-zagadki-podchwytliwe"],"_links":{"self":[{"href":"http:\/\/klubmamgdynia.pl\/index.php\/wp-json\/wp\/v2\/product\/8997","targetHints":{"allow":["GET"]}}],"collection":[{"href":"http:\/\/klubmamgdynia.pl\/index.php\/wp-json\/wp\/v2\/product"}],"about":[{"href":"http:\/\/klubmamgdynia.pl\/index.php\/wp-json\/wp\/v2\/types\/product"}],"replies":[{"embeddable":true,"href":"http:\/\/klubmamgdynia.pl\/index.php\/wp-json\/wp\/v2\/comments?post=8997"}],"wp:featuredmedia":[{"embeddable":true,"href":"http:\/\/klubmamgdynia.pl\/index.php\/wp-json\/wp\/v2\/media\/8998"}],"wp:attachment":[{"href":"http:\/\/klubmamgdynia.pl\/index.php\/wp-json\/wp\/v2\/media?parent=8997"}],"wp:term":[{"taxonomy":"product_cat","embeddable":true,"href":"http:\/\/klubmamgdynia.pl\/index.php\/wp-json\/wp\/v2\/product_cat?post=8997"},{"taxonomy":"product_tag","embeddable":true,"href":"http:\/\/klubmamgdynia.pl\/index.php\/wp-json\/wp\/v2\/product_tag?post=8997"}],"curies":[{"name":"wp","href":"https:\/\/api.w.org\/{rel}","templated":true}]}}