{"id":9003,"date":"2011-12-24T23:38:08","date_gmt":"2011-12-24T22:38:08","guid":{"rendered":"http:\/\/klubmamgdynia.pl\/index.php\/produkt\/meyco-posciel-pantera-neutralna-100-x-135-cm\/"},"modified":"2026-04-29T02:12:14","modified_gmt":"2026-04-29T00:12:14","slug":"meyco-posciel-pantera-neutralna-100-x-135-cm","status":"publish","type":"product","link":"http:\/\/klubmamgdynia.pl\/index.php\/produkt\/meyco-posciel-pantera-neutralna-100-x-135-cm\/","title":{"rendered":"Meyco Po\u015bciel Pantera Neutralna 100 X 135 Cm"},"content":{"rendered":"<p>Szczeg\u00f3\u0142y produktu: Po\u015bciel Nadaje si\u0119 do \u0142\u00f3\u017cka Junior Oddychaj\u0105cy Kolor: bia\u0142y, wz\u00f3r panterka Materia\u0142 i piel\u0119gnacja: Materia\u0142: 100 % bawe\u0142na Mo\u017cna pra\u0107 w temperaturze 40\u00b0 C Suszy\u0107 w suszarce b\u0119bnowej \u017belazo w niskich temperaturach Wymiary i waga: Poszwa na ko\u0142dr\u0119: 100 x 135 cm Poszewka na poduszk\u0119: 40 x 60 cm W zestawie: Poszwa na ko\u0142dr\u0119 Poszewka na poduszk\u0119<\/p>\n<h2>Meyco Po\u015bciel Pantera Neutralna 100 X 135 Cm <\/h2>\n<p>kolorowanki \u015bwi\u0105teczne do wydruku, karnawa\u0142 maska karnawa\u0142owa szablon, oryginalny prezent na roczek dla ch\u0142opca, wierszyki na lany poniedzia\u0142ek, pomys\u0142y na prezent dla nastolatk\u00f3w, szlaczki do druku, janusz korczak cytaty<\/p>\n<p>yyyyy<\/p>\n<p>&nbsp;<\/p>\n","protected":false},"excerpt":{"rendered":"<p>Szczeg\u00f3\u0142y produktu: Po\u015bciel Nadaje si\u0119 do \u0142\u00f3\u017cka Junior Oddychaj\u0105cy Kolor: bia\u0142y, wz\u00f3r panterka Materia\u0142 i piel\u0119gnacja: Materia\u0142: 100 % bawe\u0142na Mo\u017cna pra\u0107 w temperaturze 40\u00b0 C Suszy\u0107 w suszarce b\u0119bnowej \u017belazo w niskich temperaturach Wymiary i waga: Poszwa na ko\u0142dr\u0119: 100 x 135 cm Poszewka na poduszk\u0119: 40 x 60 cm W zestawie: Poszwa na [&hellip;]<\/p>\n","protected":false},"featured_media":9004,"comment_status":"closed","ping_status":"open","template":"","meta":[],"product_cat":[994],"product_tag":[605,862,818],"class_list":["post-9003","product","type-product","status-publish","has-post-thumbnail","hentry","product_cat-komplety-poscieli-dla-dzieci","product_tag-milena","product_tag-nasza-zima-zla-tekst","product_tag-oliwier"],"_links":{"self":[{"href":"http:\/\/klubmamgdynia.pl\/index.php\/wp-json\/wp\/v2\/product\/9003","targetHints":{"allow":["GET"]}}],"collection":[{"href":"http:\/\/klubmamgdynia.pl\/index.php\/wp-json\/wp\/v2\/product"}],"about":[{"href":"http:\/\/klubmamgdynia.pl\/index.php\/wp-json\/wp\/v2\/types\/product"}],"replies":[{"embeddable":true,"href":"http:\/\/klubmamgdynia.pl\/index.php\/wp-json\/wp\/v2\/comments?post=9003"}],"wp:featuredmedia":[{"embeddable":true,"href":"http:\/\/klubmamgdynia.pl\/index.php\/wp-json\/wp\/v2\/media\/9004"}],"wp:attachment":[{"href":"http:\/\/klubmamgdynia.pl\/index.php\/wp-json\/wp\/v2\/media?parent=9003"}],"wp:term":[{"taxonomy":"product_cat","embeddable":true,"href":"http:\/\/klubmamgdynia.pl\/index.php\/wp-json\/wp\/v2\/product_cat?post=9003"},{"taxonomy":"product_tag","embeddable":true,"href":"http:\/\/klubmamgdynia.pl\/index.php\/wp-json\/wp\/v2\/product_tag?post=9003"}],"curies":[{"name":"wp","href":"https:\/\/api.w.org\/{rel}","templated":true}]}}

Meyco Pościel Pantera Neutralna 100 X 135 Cm

<p>Szczegóły produktu: Pościel Nadaje się do łóżka Junior Oddychający Kolor: biały, wzór panterka Materiał i pielęgnacja: Materiał: 100 % bawełna Można prać w temperaturze 40° C Suszyć w suszarce bębnowej Żelazo w niskich temperaturach Wymiary i waga: Poszwa na kołdrę: 100 x 135 cm Poszewka na poduszkę: 40 x 60 cm W zestawie: Poszwa na kołdrę Poszewka na poduszkę</p>
<h2>Meyco Pościel Pantera Neutralna 100 X 135 Cm </h2>
<p>kolorowanki świąteczne do wydruku, karnawał maska karnawałowa szablon, oryginalny prezent na roczek dla chłopca, wierszyki na lany poniedziałek, pomysły na prezent dla nastolatków, szlaczki do druku, janusz korczak cytaty</p>
<p>yyyyy</p>
<p>&nbsp;</p>

<p>Szczegóły produktu: Pościel Nadaje się do łóżka Junior Oddychający Kolor: biały, wzór panterka Materiał i pielęgnacja: Materiał: 100 % bawełna Można prać w temperaturze 40° C Suszyć w suszarce bębnowej Żelazo w niskich temperaturach Wymiary i waga: Poszwa na kołdrę: 100 x 135 cm Poszewka na poduszkę: 40 x 60 cm W zestawie: Poszwa na [&hellip;]</p>
