{"id":9005,"date":"2018-02-22T03:05:07","date_gmt":"2018-02-22T02:05:07","guid":{"rendered":"http:\/\/klubmamgdynia.pl\/index.php\/produkt\/babymatex-posciel-muslinowa-100x135-muslin-do-lozeczka-szara-42-bawelniana-dziecieca\/"},"modified":"2026-05-02T06:30:11","modified_gmt":"2026-05-02T04:30:11","slug":"babymatex-posciel-muslinowa-100x135-muslin-do-lozeczka-szara-42-bawelniana-dziecieca","status":"publish","type":"product","link":"http:\/\/klubmamgdynia.pl\/index.php\/produkt\/babymatex-posciel-muslinowa-100x135-muslin-do-lozeczka-szara-42-bawelniana-dziecieca\/","title":{"rendered":"Babymatex Po\u015bciel Mu\u015blinowa 100&#215;135 Muslin Do \u0141\u00f3\u017ceczka Szara 42 Bawe\u0142niana Dzieci\u0119ca"},"content":{"rendered":"<p>Po\u015bciel mu\u015blinowa 100&#215;135 Muslin do \u0142\u00f3\u017ceczka szara 42 bawe\u0142niana zosta\u0142a zaprojektowana i wykonana z my\u015bl\u0105 o niemowl\u0119tach ju\u017c od pierwszych dni \u017cycia. Materia\u0142 jest bajecznie mi\u0142y i delikatny dla wra\u017cliwej sk\u00f3ry maluszka. Uszyta z bardzo mi\u0119kkiej i delikatnej marszczonej tkaniny. Nie deformuje si\u0119 i nie traci pierwotnych kolor\u00f3w podczas wielokrotnego prania. Taka po\u015bciel, to idealny pomys\u0142 na prezent &#8211; na chrzciny, urodziny, imieniny czy te\u017c na Dzie\u0144 Dziecka.W sk\u0142ad po\u015bcieli wchodz\u0105:- poszwa na ko\u0142dr\u0119 100&#215;135\u00b13cm &#8211; 1 szt.- poszewka na poduszk\u0119 40&#215;60\u00b13cm &#8211; 1 szt.Poszwa i poszewka zapinane na suwak.Materia\u0142: 100% mu\u015blin bawe\u0142naMateria\u0142y posiadaj\u0105 certyfikat Oeko-Tex Standard &#8211; gwarantuj\u0105cy bezpiecze\u0144stwo tkanin dla maluszka.Przepis konserwacji:- pra\u0107 w temperaturze 40\u00b0C,- nie chlorowa\u0107,- nie czy\u015bci\u0107 chemicznie,- nie wirowa\u0107,- suszy\u0107 w stanie rozwieszonym.Staramy si\u0119, aby wszystkie fotografie wiernie oddawa\u0142y produkt w rzeczywisto\u015bci oraz by\u0142y jak najlepszej jako\u015bci. Ewentualne r\u00f3\u017cnice mog\u0105 wynika\u0107 z indywidualnych ustawie\u0144 monitora.<\/p>\n<h2>Babymatex Po\u015bciel Mu\u015blinowa 100&#215;135 Muslin Do \u0141\u00f3\u017ceczka Szara 42 Bawe\u0142niana Dzieci\u0119ca BabyMatex<\/h2>\n<p>ahmed, bajki do czytania, quiz flagi europy, wielkanocne zagadki dla dzieci, kolorowanka lol, pa\u0144stwa europy i ich stolice quiz, ozdoby na choinke przedszkole, bajki na dobranoc, gdzie strumyk p\u0142ynie z wolna tekst, dziwne zagadki, ziemia wyspa zielona tekst, zaproszenia urodzinowe do druku, jak zrobi\u0107 laurk\u0119 dla babci<\/p>\n<p>yyyyy<\/p>\n<p>&nbsp;<\/p>\n","protected":false},"excerpt":{"rendered":"<p>Po\u015bciel mu\u015blinowa 100&#215;135 Muslin do \u0142\u00f3\u017ceczka szara 42 bawe\u0142niana zosta\u0142a zaprojektowana i wykonana z my\u015bl\u0105 o niemowl\u0119tach ju\u017c od pierwszych dni \u017cycia. Materia\u0142 jest bajecznie mi\u0142y i delikatny dla wra\u017cliwej sk\u00f3ry maluszka. Uszyta z bardzo mi\u0119kkiej i delikatnej marszczonej tkaniny. Nie deformuje si\u0119 i nie traci pierwotnych kolor\u00f3w podczas wielokrotnego prania. Taka po\u015bciel, to idealny [&hellip;]<\/p>\n","protected":false},"featured_media":9006,"comment_status":"closed","ping_status":"open","template":"","meta":[],"product_cat":[925,994],"product_tag":[580,813,806,641],"class_list":["post-9005","product","type-product","status-publish","has-post-thumbnail","hentry","product_cat-babymatex","product_cat-komplety-poscieli-dla-dzieci","product_tag-janusz","product_tag-krotkie-zagadki-matematyczne-z-odpowiedziami","product_tag-prezent-dla-dziecka-na-roczek","product_tag-trudne-zagadki-logiczne"],"_links":{"self":[{"href":"http:\/\/klubmamgdynia.pl\/index.php\/wp-json\/wp\/v2\/product\/9005","targetHints":{"allow":["GET"]}}],"collection":[{"href":"http:\/\/klubmamgdynia.pl\/index.php\/wp-json\/wp\/v2\/product"}],"about":[{"href":"http:\/\/klubmamgdynia.pl\/index.php\/wp-json\/wp\/v2\/types\/product"}],"replies":[{"embeddable":true,"href":"http:\/\/klubmamgdynia.pl\/index.php\/wp-json\/wp\/v2\/comments?post=9005"}],"wp:featuredmedia":[{"embeddable":true,"href":"http:\/\/klubmamgdynia.pl\/index.php\/wp-json\/wp\/v2\/media\/9006"}],"wp:attachment":[{"href":"http:\/\/klubmamgdynia.pl\/index.php\/wp-json\/wp\/v2\/media?parent=9005"}],"wp:term":[{"taxonomy":"product_cat","embeddable":true,"href":"http:\/\/klubmamgdynia.pl\/index.php\/wp-json\/wp\/v2\/product_cat?post=9005"},{"taxonomy":"product_tag","embeddable":true,"href":"http:\/\/klubmamgdynia.pl\/index.php\/wp-json\/wp\/v2\/product_tag?post=9005"}],"curies":[{"name":"wp","href":"https:\/\/api.w.org\/{rel}","templated":true}]}}