{"id":9019,"date":"2013-10-14T07:22:02","date_gmt":"2013-10-14T05:22:02","guid":{"rendered":"http:\/\/klubmamgdynia.pl\/index.php\/produkt\/starlife-garlic-parsley-star\/"},"modified":"2026-04-12T16:35:06","modified_gmt":"2026-04-12T14:35:06","slug":"starlife-garlic-parsley-star","status":"publish","type":"product","link":"http:\/\/klubmamgdynia.pl\/index.php\/produkt\/starlife-garlic-parsley-star\/","title":{"rendered":"Starlife Garlic Parsley Star"},"content":{"rendered":"<p>\u015arodek Spo\u017cywczy Specjalnego Przeznaczenia \u017bywieniowegoGARLIC + PARSLEY po\u0142\u0105czenie czosnku z pietruszk\u0105, od\u015bwie\u017ca oddech, wspiera prac\u0119 serca oraz nerek.Materia\u0142y zawarte na stronach www.dmgmedical.eu, a w szczeg\u00f3lno\u015bci katalog, nie stanowi\u0105 oferty w rozumieniu przepis\u00f3w Kodeksu Cywilnego i maj\u0105 jedynie charakter informacyjny.Pomimo do\u0142o\u017cenia wszelkich stara\u0144, nie gwarantujemy, \u017ce publikowane dane nie zawieraj\u0105 uchybie\u0144 lub b\u0142\u0119d\u00f3w, kt\u00f3re nie mog\u0105 jednak by\u0107 podstaw\u0105 do reklamacji.Materia\u0142 przeznaczony jest dla os\u00f3b posiadaj\u0105cych kwalifikacje w zakresie medycyny, farmacji lub \u017cywienia.Zestawienia produkt\u00f3w zawarte w tym katalogu s\u0105 wy\u0142\u0105cznie propozycjami i mog\u0105 by\u0107 modyfikowane zgodnie z zaleceniami lekarza czy w\u0142asnymi do\u015bwiadczeniami.Opisy produkt\u00f3w zawarte na stronach www.dmgmedical.eu stanowi\u0105 uzupe\u0142nienie tre\u015bci etykiety ka\u017cdego z preparat\u00f3w.Zalecane dzienne spo\u017cycie1 kapsu\u0142ka 2\u00d7 dziennie.Sk\u0142adniki (2 kapsu\u0142ek):olej sojowy; \u017celatyna; woda; substancja utrzymuj\u0105ca wilgo\u0107: glicerol; emulgator: dwutlenek krzemu; Allium sativum (czosnek, owoc, ekstrakt, odpowiada 1 g czosnku) 10 mg; Petroselinum crispum (ziele, koncentrat pietruszki, ekwiwalent 200 mg) 0,4 mg; barwnik: kompleksy miedziowe chlorofilin. Kapsu\u0142ka \u017celatynowa.W celu szybszej orientacji w ilo\u015bci substancji aktywnych, w ekstraktach wykazane zosta\u0142y ich rzeczywiste (pierwotne) ilo\u015bci.Zawarto\u015b\u0107: 60 sfgUWAGA:  Utrzymanie prawid\u0142owego stanu zdrowia wymaga zr\u00f3\u017cnicowanego od\u017cywiania i prowadzenia zdrowego trybu \u017cycia. Produkt nie mo\u017ce by\u0107 stosowany, jako substytut zr\u00f3\u017cnicowanej diety. Nie jest przeznaczony dla dzieci, kobiet w ci\u0105\u017cy i karmi\u0105cych. Nie nale\u017cy przekracza\u0107 zalecanej porcji do spo\u017cycia w ci\u0105gu dnia. Przechowywa\u0107 w miejscu suchym i ciemnym w spos\u00f3b niedost\u0119pny dla ma\u0142ych dzieci.Najlepiej spo\u017cy\u0107 przed: Data minimalnej trwa\u0142o\u015bci, b\u0119d\u0105ca jednocze\u015bnie numerem partii, znajduje si\u0119 w g\u00f3rnej cz\u0119\u015bci opakowania.<\/p>\n<h2>Starlife Garlic Parsley Star Starlife<\/h2>\n<p>prezenty roczek, bajki dla chlopcow, \u0142amig\u0142\u00f3wki dla dzieci do wydruku, cookie dough przepis<\/p>\n<p>yyyyy<\/p>\n<p>&nbsp;<\/p>\n","protected":false},"excerpt":{"rendered":"<p>\u015arodek Spo\u017cywczy Specjalnego Przeznaczenia \u017bywieniowegoGARLIC + PARSLEY po\u0142\u0105czenie czosnku z pietruszk\u0105, od\u015bwie\u017ca oddech, wspiera prac\u0119 serca oraz nerek.Materia\u0142y zawarte na stronach www.dmgmedical.eu, a w szczeg\u00f3lno\u015bci katalog, nie stanowi\u0105 oferty w rozumieniu przepis\u00f3w Kodeksu Cywilnego i maj\u0105 jedynie charakter informacyjny.Pomimo do\u0142o\u017cenia wszelkich stara\u0144, nie gwarantujemy, \u017ce publikowane dane nie zawieraj\u0105 uchybie\u0144 lub b\u0142\u0119d\u00f3w, kt\u00f3re nie mog\u0105 [&hellip;]<\/p>\n","protected":false},"featured_media":9020,"comment_status":"closed","ping_status":"open","template":"","meta":[],"product_cat":[1775,1776],"product_tag":[668,654,840,803,805],"class_list":["post-9019","product","type-product","status-publish","has-post-thumbnail","hentry","product_cat-starlife","product_cat-suplementy-na-odchudzanie","product_tag-atrakcje-dla-dzieci-wroclaw","product_tag-krotkie-bajki-dla-dzieci-do-czytania","product_tag-stare-bajki","product_tag-szlaczki-do-druku","product_tag-znaczenie-imienia-alan"],"_links":{"self":[{"href":"http:\/\/klubmamgdynia.pl\/index.php\/wp-json\/wp\/v2\/product\/9019","targetHints":{"allow":["GET"]}}],"collection":[{"href":"http:\/\/klubmamgdynia.pl\/index.php\/wp-json\/wp\/v2\/product"}],"about":[{"href":"http:\/\/klubmamgdynia.pl\/index.php\/wp-json\/wp\/v2\/types\/product"}],"replies":[{"embeddable":true,"href":"http:\/\/klubmamgdynia.pl\/index.php\/wp-json\/wp\/v2\/comments?post=9019"}],"wp:featuredmedia":[{"embeddable":true,"href":"http:\/\/klubmamgdynia.pl\/index.php\/wp-json\/wp\/v2\/media\/9020"}],"wp:attachment":[{"href":"http:\/\/klubmamgdynia.pl\/index.php\/wp-json\/wp\/v2\/media?parent=9019"}],"wp:term":[{"taxonomy":"product_cat","embeddable":true,"href":"http:\/\/klubmamgdynia.pl\/index.php\/wp-json\/wp\/v2\/product_cat?post=9019"},{"taxonomy":"product_tag","embeddable":true,"href":"http:\/\/klubmamgdynia.pl\/index.php\/wp-json\/wp\/v2\/product_tag?post=9019"}],"curies":[{"name":"wp","href":"https:\/\/api.w.org\/{rel}","templated":true}]}}