{"id":902,"date":"2020-03-09T01:16:23","date_gmt":"2020-03-09T00:16:23","guid":{"rendered":"http:\/\/klubmamgdynia.pl\/index.php\/produkt\/welly-auto-vw-new-beetle-convertible-metalowe-134\/"},"modified":"2026-04-19T00:38:41","modified_gmt":"2026-04-18T22:38:41","slug":"welly-auto-vw-new-beetle-convertible-metalowe-134","status":"publish","type":"product","link":"http:\/\/klubmamgdynia.pl\/index.php\/produkt\/welly-auto-vw-new-beetle-convertible-metalowe-134\/","title":{"rendered":"Welly Auto Vw New Beetle Convertible Metalowe 1:34"},"content":{"rendered":"<p>Odjazdowy Model VW NEW BEETLE CONVERTIBLETo fantastyczne auto wygl\u0105da jak prawdziwe.Zosta\u0142o wykonane z wielk\u0105 dba\u0142o\u015bci\u0105 o ka\u017cdy szczeg\u00f3\u0142.Przyci\u0105gnie uwag\u0119 nie tylko dziecka, ale i niejednego doros\u0142ego.Samoch\u00f3d metalowy z dodatkiem plastiku ma otwierane drzwi,wyko\u0144czone wn\u0119trze oraz gumowe opony.Malowany specjaln\u0105 farb\u0105 stosowan\u0105 w koncernach samochodowych.Ten rewelacyjny model mo\u017ce sta\u0107 w pude\u0142ku za witryn\u0105 albo by\u0107 wspania\u0142\u0105 zabawk\u0105.Wykonany z najwy\u017cszej jako\u015bci atestowanych materia\u0142\u00f3w.Skala 1:34Zalety auta welly:Metalowa karoseria.Gumowe opony.Otwierane drzwi.Autentyczne odwzorowanieWymiary auta:11,5 x 5 x 4 cmWymiary opakowania:15 x 7 x 6,5 cm&#8230;<\/p>\n<h2>Welly Auto Vw New Beetle Convertible Metalowe 1:34 Welly<\/h2>\n<p>menu urodzinowe dla dzieci w wieku 8 10 lat, oliwier znaczenie imienia, irma, traktor z przyczep\u0105 kolorowanka, m\u0105dra my\u015bl na dobranoc, sa\u0142atki dla dzieci, podchwytliwe zagadki matematyczne, atrakcje dla dzieci warszawa, prezenty na roczek dla ch\u0142opca, filmy rodzinne na halloween, bajki do czytania psi patrol, sing 2 multikino, prima aprilis w szkole, miriam imi\u0119, zagatki matematyczne, lol surprise kolorowanka, kartka walentynkowa zrobiona przez dzieci<\/p>\n<p>yyyyy<\/p>\n<p>&nbsp;<\/p>\n","protected":false},"excerpt":{"rendered":"<p>Odjazdowy Model VW NEW BEETLE CONVERTIBLETo fantastyczne auto wygl\u0105da jak prawdziwe.Zosta\u0142o wykonane z wielk\u0105 dba\u0142o\u015bci\u0105 o ka\u017cdy szczeg\u00f3\u0142.Przyci\u0105gnie uwag\u0119 nie tylko dziecka, ale i niejednego doros\u0142ego.Samoch\u00f3d metalowy z dodatkiem plastiku ma otwierane drzwi,wyko\u0144czone wn\u0119trze oraz gumowe opony.Malowany specjaln\u0105 farb\u0105 stosowan\u0105 w koncernach samochodowych.Ten rewelacyjny model mo\u017ce sta\u0107 w pude\u0142ku za witryn\u0105 albo by\u0107 wspania\u0142\u0105 zabawk\u0105.Wykonany [&hellip;]<\/p>\n","protected":false},"featured_media":903,"comment_status":"closed","ping_status":"open","template":"","meta":[],"product_cat":[303,302],"product_tag":[630,678,659,694],"class_list":["post-902","product","type-product","status-publish","has-post-thumbnail","hentry","product_cat-kolekcjonerskie-modele-pojazdow","product_cat-welly","product_tag-podchwytliwe-zagadki-z-odpowiedziami","product_tag-prezent-na-roczek-dla-dziewczynki","product_tag-tupu-tup-po-sniegu-tekst","product_tag-zagadki-swiateczne-dla-dzieci"],"_links":{"self":[{"href":"http:\/\/klubmamgdynia.pl\/index.php\/wp-json\/wp\/v2\/product\/902","targetHints":{"allow":["GET"]}}],"collection":[{"href":"http:\/\/klubmamgdynia.pl\/index.php\/wp-json\/wp\/v2\/product"}],"about":[{"href":"http:\/\/klubmamgdynia.pl\/index.php\/wp-json\/wp\/v2\/types\/product"}],"replies":[{"embeddable":true,"href":"http:\/\/klubmamgdynia.pl\/index.php\/wp-json\/wp\/v2\/comments?post=902"}],"wp:featuredmedia":[{"embeddable":true,"href":"http:\/\/klubmamgdynia.pl\/index.php\/wp-json\/wp\/v2\/media\/903"}],"wp:attachment":[{"href":"http:\/\/klubmamgdynia.pl\/index.php\/wp-json\/wp\/v2\/media?parent=902"}],"wp:term":[{"taxonomy":"product_cat","embeddable":true,"href":"http:\/\/klubmamgdynia.pl\/index.php\/wp-json\/wp\/v2\/product_cat?post=902"},{"taxonomy":"product_tag","embeddable":true,"href":"http:\/\/klubmamgdynia.pl\/index.php\/wp-json\/wp\/v2\/product_tag?post=902"}],"curies":[{"name":"wp","href":"https:\/\/api.w.org\/{rel}","templated":true}]}}