{"id":9023,"date":"2021-07-05T01:55:14","date_gmt":"2021-07-04T23:55:14","guid":{"rendered":"http:\/\/klubmamgdynia.pl\/index.php\/produkt\/siku-sieper-unimog-s2702\/"},"modified":"2026-04-06T15:44:32","modified_gmt":"2026-04-06T13:44:32","slug":"siku-sieper-unimog-s2702","status":"publish","type":"product","link":"http:\/\/klubmamgdynia.pl\/index.php\/produkt\/siku-sieper-unimog-s2702\/","title":{"rendered":"Siku Sieper Unimog S2702"},"content":{"rendered":"<p>MARKOWY MODEL CI\u0118\u017bAR\u00d3WKI UNIMOG U400 FIRMY SIKUnr katalogowy:2702NOWO\u015a\u0106!!!Skala:1:55.Limitowana edycja z okazji 100 lat firmy Sieper &#8211; SIKU.Bie\u017cnikowane opony!Bardzo trwa\u0142y!Wykonane z metalu i wysokiej jako\u015bci tworzyw sztucznych.Wymiary:10 x 5,5 x 5,5cm.Obracane gumowe ko\u0142a.TOWAR NOWY!!!FABRYCZNIE ZAPAKOWANY!!!<\/p>\n<h2>Siku Sieper Unimog S2702 Siku<\/h2>\n<p>wulkan eksperyment, jesienne zagadki, kr\u00f3tkie zagadki logiczne, przyjazn, kolorowanki do pobrania, julian znaczenie, adela, miko\u0142ajki 2021 warszawa, prezent na roczek dla dziewczynki, opis do zdj\u0119cia dziecka na fb, quizy i zagadki wielkanocne, tabliczka mno\u017cenia do druku, jednoro\u017cec kolorowanka do druku<\/p>\n<p>yyyyy<\/p>\n<p>&nbsp;<\/p>\n","protected":false},"excerpt":{"rendered":"<p>MARKOWY MODEL CI\u0118\u017bAR\u00d3WKI UNIMOG U400 FIRMY SIKUnr katalogowy:2702NOWO\u015a\u0106!!!Skala:1:55.Limitowana edycja z okazji 100 lat firmy Sieper &#8211; SIKU.Bie\u017cnikowane opony!Bardzo trwa\u0142y!Wykonane z metalu i wysokiej jako\u015bci tworzyw sztucznych.Wymiary:10 x 5,5 x 5,5cm.Obracane gumowe ko\u0142a.TOWAR NOWY!!!FABRYCZNIE ZAPAKOWANY!!! Siku Sieper Unimog S2702 Siku wulkan eksperyment, jesienne zagadki, kr\u00f3tkie zagadki logiczne, przyjazn, kolorowanki do pobrania, julian znaczenie, adela, miko\u0142ajki 2021 [&hellip;]<\/p>\n","protected":false},"featured_media":9024,"comment_status":"closed","ping_status":"open","template":"","meta":[],"product_cat":[83,300],"product_tag":[650,792,654,807],"class_list":["post-9023","product","type-product","status-publish","has-post-thumbnail","hentry","product_cat-auta-i-inne-pojazdy-do-zabawy","product_cat-siku","product_tag-choinka-z-bibuly","product_tag-cytaty-o-mamie","product_tag-krotkie-bajki-dla-dzieci-do-czytania","product_tag-logiczne-zagadki"],"_links":{"self":[{"href":"http:\/\/klubmamgdynia.pl\/index.php\/wp-json\/wp\/v2\/product\/9023","targetHints":{"allow":["GET"]}}],"collection":[{"href":"http:\/\/klubmamgdynia.pl\/index.php\/wp-json\/wp\/v2\/product"}],"about":[{"href":"http:\/\/klubmamgdynia.pl\/index.php\/wp-json\/wp\/v2\/types\/product"}],"replies":[{"embeddable":true,"href":"http:\/\/klubmamgdynia.pl\/index.php\/wp-json\/wp\/v2\/comments?post=9023"}],"wp:featuredmedia":[{"embeddable":true,"href":"http:\/\/klubmamgdynia.pl\/index.php\/wp-json\/wp\/v2\/media\/9024"}],"wp:attachment":[{"href":"http:\/\/klubmamgdynia.pl\/index.php\/wp-json\/wp\/v2\/media?parent=9023"}],"wp:term":[{"taxonomy":"product_cat","embeddable":true,"href":"http:\/\/klubmamgdynia.pl\/index.php\/wp-json\/wp\/v2\/product_cat?post=9023"},{"taxonomy":"product_tag","embeddable":true,"href":"http:\/\/klubmamgdynia.pl\/index.php\/wp-json\/wp\/v2\/product_tag?post=9023"}],"curies":[{"name":"wp","href":"https:\/\/api.w.org\/{rel}","templated":true}]}}