{"id":9025,"date":"2024-10-23T19:43:20","date_gmt":"2024-10-23T17:43:20","guid":{"rendered":"http:\/\/klubmamgdynia.pl\/?post_type=product&#038;p=9025"},"modified":"2026-04-30T11:26:49","modified_gmt":"2026-04-30T09:26:49","slug":"formula-1-550g-i-aloe-473ml-bezglutenowa-f1","status":"publish","type":"product","link":"http:\/\/klubmamgdynia.pl\/index.php\/produkt\/formula-1-550g-i-aloe-473ml-bezglutenowa-f1\/","title":{"rendered":"Formula 1 550g i Aloe 473ml bezglutenow\u0105 F1"},"content":{"rendered":"<p>Formu\u0142a 1 koktajl od\u017cywczy 550g &#8211; pyszny, zdrowy posi\u0142ek, ktoacute;ry dostarcza bia\u0142ka wysokiej jakosci, pochodzacego z soi i mleka, w doskona\u0142ych proporcjach oraz niezbednych mikrosk\u0142adnikoacute;w odzywczych z dodatkiem sk\u0142adnikoacute;w roslinnych i zioacute;\u0142.Numer jeden w \u015bwiecie w\u015broacute;d koktajli zast\u0119puj\u0105cych posi\u0142ek*. F1 Koktajle od\u017cywcze pomagaj\u0105 osi\u0105gn\u0105\u0107 cel osobom chc\u0105cym zrzuci\u0107 wag\u0119. Ty tak\u017ce osi\u0105gnij go ju\u017c dzi\u015b!Naukowe zaplecze: Badania kliniczne wskazuj\u0105, \u017ce codzienne stosowanie koktajli zast\u0119puj\u0105cych posi\u0142ek w ramach diety ograniczaj\u0105cej spo\u017cycie kalorii w po\u0142\u0105czeniu z umiarkowan\u0105 aktywno\u015bci\u0105 fizyczn\u0105 stanowi skuteczny sposoacute;b kontroli wagi cia\u0142a.Kalorie pod kontrol\u0105: 220 kcal na porcj\u0119.Bogate w bia\u0142ko sojowe i serwatkowe (18 g w porcji), koktajle Formu\u0142a 1 s\u0105 doskona\u0142ym wyborem, je\u015bli chcesz zbudowa\u0107 bezt\u0142uszczow\u0105 mas\u0119 mi\u0119\u015bniow\u0105 w trakcie \u0107wicze\u0144.F1 Koktajl od\u017cywczy to wygodna i zdrowa alternatywa dla wysokokalorycznego \u015bniadania, lunchu lub obiadu.Bia\u0142ko sojowe: kompletne bia\u0142ko dostarczaj\u0105ce wszystkich niezb\u0119dnych aminokwasoacute;w.Dostarcza najwa\u017cniejszych witamin i sk\u0142adnikoacute;w mineralnych.Dost\u0119pny w sze\u015bciu przepysznych smakach oraz F1 Koktajl od\u017cywczy bezglutenowy bez zawarto\u015bci laktozy, soi i glutenu, odpowiedni dla wegetaria.Gdy starasz si\u0119 zrzuci\u0107 lub utrzyma\u0107 wag\u0119, zachowanie zbilansowanej pod wzgl\u0119dem od\u017cywczym diety jest bardzo wa\u017cne. Zdrowy posi\u0142ek, taki jak koktajl Formu\u0142a 1 pomaga Ci kontrolowa\u0107 spo\u017cycie kalorii jednocze\u015bnie zapewniaj\u0105c niezb\u0119dne witaminy i minera\u0142y oraz w\u0119glowodany i bia\u0142ko.Herbal Aloe Napoacute;j aloesowo-zio\u0142owy &#8211; 473 mlZawiera 40% soku z aloesu, pozyskanego z ca\u0142ych lisci Aloe Vera.Po wymieszaniu z woda koncentrat aloesowo-zio\u0142owy zapewnia jej orze\u017awiajacy smak, ktoacute;ry mo\u017ce pomoacute;c Ci w wypiciu wi\u0119kszych ilosci wody, pomagajac ci w ten sposoacute;b osi\u0105gn\u0105c zalecane dzienne spo\u017cycie p\u0142ynoacute;w wynoszace 2 litry.Zawiera cytrusy, by zapewnic orze\u017awiajacy smak.Zawiera 22 kcal w porcji 15 ml.Niezale\u017cnie od tego czy proacute;bujesz kontrolowac wag\u0119, czy te\u017c prowadzisz aktywny tryb \u017cycia, przestrzeganie zalecanego dziennego spo\u017cycia p\u0142ynoacute;w w ilosci 2 litroacute;w mo\u017ce by\u0107 trudnym zadaniem. Koncentrat aloesowo-zio\u0142owy stanowi wspania\u0142y sposoacute;b na to, by cieszy\u0107 sie zdrowym, orze\u017awiajacym i pysznym napojem, jednoczesnie pomagajac Ci zwi\u0119kszyc ilo\u015b\u0107 wypijanych p\u0142ynoacute;w.<\/p>\n<h2>Formula 1 550g i Aloe 473ml bezglutenow\u0105 F1 Herbalife<\/h2>\n<p>prezent dla dziewczynki 7 lat, bombki do kolorowania, imi\u0119 gaja, rodzina sentencja, dziecko cytaty z\u0142ote my\u015bli, maski karnawa\u0142owe do druku, kolorowanki star wars, gabriel imie, mandale do druku, pani wiosna do druku, prezenty dla nastolatkow, quiz o zwierz\u0119tach domowych, opisy o dzieciach<\/p>\n<p>yyyyy<\/p>\n<p>&nbsp;<\/p>\n","protected":false},"excerpt":{"rendered":"<p>Formu\u0142a 1 koktajl od\u017cywczy 550g &#8211; pyszny, zdrowy posi\u0142ek, ktoacute;ry dostarcza bia\u0142ka wysokiej jakosci, pochodzacego z soi i mleka, w doskona\u0142ych proporcjach oraz niezbednych mikrosk\u0142adnikoacute;w odzywczych z dodatkiem sk\u0142adnikoacute;w roslinnych i zioacute;\u0142.Numer jeden w \u015bwiecie w\u015broacute;d koktajli zast\u0119puj\u0105cych posi\u0142ek*. F1 Koktajle od\u017cywcze pomagaj\u0105 osi\u0105gn\u0105\u0107 cel osobom chc\u0105cym zrzuci\u0107 wag\u0119. Ty tak\u017ce osi\u0105gnij go ju\u017c dzi\u015b!Naukowe [&hellip;]<\/p>\n","protected":false},"featured_media":9026,"comment_status":"closed","ping_status":"open","template":"","meta":[],"product_cat":[1778,1776],"product_tag":[801,707,813,747,735],"class_list":["post-9025","product","type-product","status-publish","has-post-thumbnail","hentry","product_cat-herbalife","product_cat-suplementy-na-odchudzanie","product_tag-bajki-terapeutyczne-o-emocjach","product_tag-karty-pracy-dla-dzieci-z-ukrainy","product_tag-krotkie-zagadki-matematyczne-z-odpowiedziami","product_tag-malowanki-do-druku","product_tag-prezent-na-roczek-dziewczynka"],"_links":{"self":[{"href":"http:\/\/klubmamgdynia.pl\/index.php\/wp-json\/wp\/v2\/product\/9025","targetHints":{"allow":["GET"]}}],"collection":[{"href":"http:\/\/klubmamgdynia.pl\/index.php\/wp-json\/wp\/v2\/product"}],"about":[{"href":"http:\/\/klubmamgdynia.pl\/index.php\/wp-json\/wp\/v2\/types\/product"}],"replies":[{"embeddable":true,"href":"http:\/\/klubmamgdynia.pl\/index.php\/wp-json\/wp\/v2\/comments?post=9025"}],"wp:featuredmedia":[{"embeddable":true,"href":"http:\/\/klubmamgdynia.pl\/index.php\/wp-json\/wp\/v2\/media\/9026"}],"wp:attachment":[{"href":"http:\/\/klubmamgdynia.pl\/index.php\/wp-json\/wp\/v2\/media?parent=9025"}],"wp:term":[{"taxonomy":"product_cat","embeddable":true,"href":"http:\/\/klubmamgdynia.pl\/index.php\/wp-json\/wp\/v2\/product_cat?post=9025"},{"taxonomy":"product_tag","embeddable":true,"href":"http:\/\/klubmamgdynia.pl\/index.php\/wp-json\/wp\/v2\/product_tag?post=9025"}],"curies":[{"name":"wp","href":"https:\/\/api.w.org\/{rel}","templated":true}]}}