{"id":9029,"date":"2023-08-22T16:21:40","date_gmt":"2023-08-22T14:21:40","guid":{"rendered":"http:\/\/klubmamgdynia.pl\/?post_type=product&#038;p=9029"},"modified":"2026-04-06T01:30:13","modified_gmt":"2026-04-05T23:30:13","slug":"playmobil-70401-1-2-3-powoz-jednorozca-z-wrozka","status":"publish","type":"product","link":"http:\/\/klubmamgdynia.pl\/index.php\/produkt\/playmobil-70401-1-2-3-powoz-jednorozca-z-wrozka\/","title":{"rendered":"Playmobil 70401 1.2.3 Pow\u00f3z Jednoro\u017cca Z Wr\u00f3\u017ck\u0105"},"content":{"rendered":"<p>Dzi\u015b wr\u00f3\u017cka wyrusza w podr\u00f3\u017c. W mgnieniu oka cierpliwy jednoro\u017cec zostaje zaprz\u0119\u017cony w pow\u00f3z, wi\u0119c nadszed\u0142 czas, aby wsi\u0105\u015b\u0107 i odjecha\u0107. Po kr\u00f3tkiej przeja\u017cd\u017cce do wr\u00f3\u017cki do\u0142\u0105cza ptak i oboje mkn\u0105 przez magiczny las. Wejd\u017a ma\u0142ymi krokami do wielkiego \u015bwiata PLAYMOBIL.Seria PLAYMOBIL 1.2.3 jest podzielona na trzy kolejne poziomy nauki: 1- \u0142atwy start, 2-pierwsze wyzwanie i 3 &#8211; ma\u0142y ekspert. Ka\u017cdy poziom nauczania wspiera rozw\u00f3j dziecka w ukierunkowany spos\u00f3b poprzez zabaw\u0119. R\u00f3\u017cnorodne motywy wspieraj\u0105 kreatywno\u015b\u0107, zdolno\u015bci motoryczne, rozw\u00f3j j\u0119zyka, rozumienie poznawcze i umiej\u0119tno\u015bci spo\u0142eczne.Informacje o produkcieNr katalogowy70401Marka BrakSeria 1-2-3Wariant ZestawLiczba element\u00f3w 5Wymagania wiekowe od 18 miesi\u0119cyP\u0142e\u0107 DziewczynkiCh\u0142opcyProdukt na baterie NieBaterie w zestawie NieZasilanie Nie dotyczy<\/p>\n<h2>Playmobil 70401 1.2.3 Pow\u00f3z Jednoro\u017cca Z Wr\u00f3\u017ck\u0105 Playmobil<\/h2>\n<p>sentencje ma\u0142y ksi\u0105\u017ce cytaty, tr\u00f3jmiasto atrakcje dla dzieci, zabawki dla rocznej dziewczynki, mandala kolorowanka, jesienne piosenki dla dzieci, jak zrobi\u0107 samolot z papieru, zaproszenia urodzinowe do druku, eksperymenty dla dzieci wulkan, izabella imi\u0119, quiz konie, nastolatka, opisy do zdj\u0119\u0107 z dzieckiem, wiosna zagadki, kolorowanka pies, zagadki dla starszych dzieci, zagadki matematyczne dla dzieci, zaproszenie na urodziny dziecka tekst do druku, maciej imie, kolorowanka pokemon, cytat z ma\u0142ego ksi\u0119cia o przyja\u017ani<\/p>\n<p>yyyyy<\/p>\n<p>&nbsp;<\/p>\n","protected":false},"excerpt":{"rendered":"<p>Dzi\u015b wr\u00f3\u017cka wyrusza w podr\u00f3\u017c. W mgnieniu oka cierpliwy jednoro\u017cec zostaje zaprz\u0119\u017cony w pow\u00f3z, wi\u0119c nadszed\u0142 czas, aby wsi\u0105\u015b\u0107 i odjecha\u0107. Po kr\u00f3tkiej przeja\u017cd\u017cce do wr\u00f3\u017cki do\u0142\u0105cza ptak i oboje mkn\u0105 przez magiczny las. Wejd\u017a ma\u0142ymi krokami do wielkiego \u015bwiata PLAYMOBIL.Seria PLAYMOBIL 1.2.3 jest podzielona na trzy kolejne poziomy nauki: 1- \u0142atwy start, 2-pierwsze wyzwanie [&hellip;]<\/p>\n","protected":false},"featured_media":9030,"comment_status":"closed","ping_status":"open","template":"","meta":[],"product_cat":[113,466],"product_tag":[696,638,757,608],"class_list":["post-9029","product","type-product","status-publish","has-post-thumbnail","hentry","product_cat-klocki","product_cat-playmobil","product_tag-film-rodzinny-o-swietach","product_tag-miastodzieci","product_tag-test-z-lektury-ania-z-zielonego-wzgorza-klasa-6-z-odpowiedziami","product_tag-zagadki-i-odpowiedzi"],"_links":{"self":[{"href":"http:\/\/klubmamgdynia.pl\/index.php\/wp-json\/wp\/v2\/product\/9029","targetHints":{"allow":["GET"]}}],"collection":[{"href":"http:\/\/klubmamgdynia.pl\/index.php\/wp-json\/wp\/v2\/product"}],"about":[{"href":"http:\/\/klubmamgdynia.pl\/index.php\/wp-json\/wp\/v2\/types\/product"}],"replies":[{"embeddable":true,"href":"http:\/\/klubmamgdynia.pl\/index.php\/wp-json\/wp\/v2\/comments?post=9029"}],"wp:featuredmedia":[{"embeddable":true,"href":"http:\/\/klubmamgdynia.pl\/index.php\/wp-json\/wp\/v2\/media\/9030"}],"wp:attachment":[{"href":"http:\/\/klubmamgdynia.pl\/index.php\/wp-json\/wp\/v2\/media?parent=9029"}],"wp:term":[{"taxonomy":"product_cat","embeddable":true,"href":"http:\/\/klubmamgdynia.pl\/index.php\/wp-json\/wp\/v2\/product_cat?post=9029"},{"taxonomy":"product_tag","embeddable":true,"href":"http:\/\/klubmamgdynia.pl\/index.php\/wp-json\/wp\/v2\/product_tag?post=9029"}],"curies":[{"name":"wp","href":"https:\/\/api.w.org\/{rel}","templated":true}]}}