{"id":9043,"date":"2017-08-12T18:50:58","date_gmt":"2017-08-12T16:50:58","guid":{"rendered":"http:\/\/klubmamgdynia.pl\/index.php\/produkt\/djeco-zamek-ksiezniczki-3-dj07702\/"},"modified":"2026-05-17T22:39:12","modified_gmt":"2026-05-17T20:39:12","slug":"djeco-zamek-ksiezniczki-3-dj07702","status":"publish","type":"product","link":"http:\/\/klubmamgdynia.pl\/index.php\/produkt\/djeco-zamek-ksiezniczki-3-dj07702\/","title":{"rendered":"Djeco Zamek Ksi\u0119\u017cniczki 3 Dj07702"},"content":{"rendered":"<p>Niezwyk\u0142a uk\u0142adanka firmy Djeco gwarantuje niezwyk\u0142\u0105 zabaw\u0119 nie tylko w trakcie uk\u0142adania, ale te\u017c po nim! 20 trwa\u0142ych element\u00f3w wykonanych z twardej tektury sprawi, \u017ce Twoje dziecko zajmie si\u0119 zabaw\u0105 jak nigdy dot\u0105d. Po chwili starania powstanie wspania\u0142y zamek, gotowy aby ustawi\u0107 w nim w\u0142asne figurki ksi\u0119\u017cniczek i bajkowych postaci.Zalety Pa\u0142acu Djeco:- jest wykonany z twardej, trwa\u0142ej faktury, co daje wysok\u0105 odporno\u015b\u0107 na zniszczenia;- uk\u0142adanka bawi podczas sk\u0142adania zamku, ale te\u017c po powstaniu gotowej makiety;- idealny prezent dla ma\u0142ej mi\u0142o\u015bniczki ksi\u0119\u017cniczek.Wymiary pa\u0142acu: 34x25x35 cmWIEK: +4Kod produktu: DJ07702<\/p>\n<h2>Djeco Zamek Ksi\u0119\u017cniczki 3 Dj07702 Djeco<\/h2>\n<p>maski zwierz\u0105t szablony do druku, miko\u0142ajek quiz, prezent dla jedenastolatki, zagadki dla dzieci o zwierz\u0119tach, list do \u015bw miko\u0142aja &#8212; wz\u00f3r, zagadki o psach, cytat o mamie, sky kolorowanka<\/p>\n<p>yyyyy<\/p>\n<p>&nbsp;<\/p>\n","protected":false},"excerpt":{"rendered":"<p>Niezwyk\u0142a uk\u0142adanka firmy Djeco gwarantuje niezwyk\u0142\u0105 zabaw\u0119 nie tylko w trakcie uk\u0142adania, ale te\u017c po nim! 20 trwa\u0142ych element\u00f3w wykonanych z twardej tektury sprawi, \u017ce Twoje dziecko zajmie si\u0119 zabaw\u0105 jak nigdy dot\u0105d. Po chwili starania powstanie wspania\u0142y zamek, gotowy aby ustawi\u0107 w nim w\u0142asne figurki ksi\u0119\u017cniczek i bajkowych postaci.Zalety Pa\u0142acu Djeco:- jest wykonany z [&hellip;]<\/p>\n","protected":false},"featured_media":9044,"comment_status":"closed","ping_status":"open","template":"","meta":[],"product_cat":[434,1635],"product_tag":[702,583,787,609,778,597],"class_list":["post-9043","product","type-product","status-publish","has-post-thumbnail","hentry","product_cat-djeco","product_cat-domki-dla-lalek","product_tag-co-kupic-na-roczek-dla-dziewczynki","product_tag-kolysanki-dla-dzieci-tekst","product_tag-nauka-pisania-wyrazow-dla-dzieci-do-druku-pdf","product_tag-quiz-flagi-europy","product_tag-zabawki-na-roczek-dla-chlopca","product_tag-zagadki-o-zimie"],"_links":{"self":[{"href":"http:\/\/klubmamgdynia.pl\/index.php\/wp-json\/wp\/v2\/product\/9043","targetHints":{"allow":["GET"]}}],"collection":[{"href":"http:\/\/klubmamgdynia.pl\/index.php\/wp-json\/wp\/v2\/product"}],"about":[{"href":"http:\/\/klubmamgdynia.pl\/index.php\/wp-json\/wp\/v2\/types\/product"}],"replies":[{"embeddable":true,"href":"http:\/\/klubmamgdynia.pl\/index.php\/wp-json\/wp\/v2\/comments?post=9043"}],"wp:featuredmedia":[{"embeddable":true,"href":"http:\/\/klubmamgdynia.pl\/index.php\/wp-json\/wp\/v2\/media\/9044"}],"wp:attachment":[{"href":"http:\/\/klubmamgdynia.pl\/index.php\/wp-json\/wp\/v2\/media?parent=9043"}],"wp:term":[{"taxonomy":"product_cat","embeddable":true,"href":"http:\/\/klubmamgdynia.pl\/index.php\/wp-json\/wp\/v2\/product_cat?post=9043"},{"taxonomy":"product_tag","embeddable":true,"href":"http:\/\/klubmamgdynia.pl\/index.php\/wp-json\/wp\/v2\/product_tag?post=9043"}],"curies":[{"name":"wp","href":"https:\/\/api.w.org\/{rel}","templated":true}]}}