{"id":9051,"date":"2025-09-21T07:03:24","date_gmt":"2025-09-21T05:03:24","guid":{"rendered":"http:\/\/klubmamgdynia.pl\/?post_type=product&#038;p=9051"},"modified":"2026-04-07T10:31:26","modified_gmt":"2026-04-07T08:31:26","slug":"dying-light-edycja-kolekcjonerska-gra-pc","status":"publish","type":"product","link":"http:\/\/klubmamgdynia.pl\/index.php\/produkt\/dying-light-edycja-kolekcjonerska-gra-pc\/","title":{"rendered":"Dying Light Edycja Kolekcjonerska (Gra PC)"},"content":{"rendered":"<p>Dying light to gra action survival horror z perspektywy pierwszej osoby, osadzona w rozleg\u0142ym i niebezpiecznym otwartym \u015bwiecie. Za dnia gracze b\u0119d\u0105 przemierza\u0107 rozleg\u0142e miejskie obszary spustoszone przez straszliw\u0105 epidemi\u0119, poszukuj\u0105c zapas\u00f3w i buduj\u0105c bro\u0144, kt\u00f3ra pozwoli im odeprze\u0107 ataki zainfekowanych mieszka\u0144c\u00f3w. Noc\u0105 \u0142owca staje si\u0119 zwierzyn\u0105, a zainfekowani staj\u0105 si\u0119 agresywniejsi i o wiele bardziej niebezpieczni. Najbardziej przera\u017caj\u0105cy s\u0105 drapie\u017ccy, kt\u00f3rzy ruszaj\u0105 na \u0142owy dopiero po zmierzchu. Gracze musz\u0105 wykorzysta\u0107 wszystkie \u015brodki i umiej\u0119tno\u015bci, by za wszelk\u0105 cen\u0119 dotrwa\u0107 do \u015bwitu.                            <\/p>\n<p>            Przetrwaj noc<\/p>\n<p>Podczas dnia gracze przemieszczaj\u0105 si\u0119 swobodnie w poszukiwaniu zapas\u00f3w i broni. Po zmierzchu \u015bwiat zainfekowanego miasta przechodzi dramatyczn\u0105 transformacj\u0119. Gracz z \u0142owcy staje si\u0119 zwierzyn\u0105, zainfekowani przybieraj\u0105 na sile a z czelu\u015bci nocy wy\u0142ania si\u0119 co\u015b bardziej mrocznego czyhaj\u0105cego na swoj\u0105 ofiar\u0119.                            <\/p>\n<p>            Poruszanie si\u0119 w stylu parkour<\/p>\n<p>Oboj\u0119tnie czy polujesz na swoj\u0105 zdobycz czy uciekasz przed drapie\u017ccami, dying light pozwala graczom na intuicyjne i \u0142atwe poruszanie si\u0119 po zainfekowanym obszarze. Skacz pomi\u0119dzy budynkami, wspinaj si\u0119 po \u015bcianach i dopadaj swoich wrog\u00f3w z wysoka.                            <\/p>\n<p>            Witamy w kwarantannnie<\/p>\n<p>Dying light roztacza przed graczem ogromny, otwarty \u015bwiat, poch\u0142oni\u0119ty przez chaos i zniszczenie. Zr\u00f3\u017cnicowane \u015brodowisko gry, wiele klas przeciwnik\u00f3w i desperacka walka o przetrwanie w \u015bwiecie, w kt\u00f3rym zainfekowani nie s\u0105 jedynym zagro\u017ceniem, a za znikome zasoby trzeba zabija\u0107.                            <\/p>\n<p>            Obejrzyj wideo-recenzj\u0119:<\/p>\n<p>            Brutalna walka wr\u0119cz i na odleg\u0142o\u015b\u0107<\/p>\n<p>Zbli\u017c si\u0119 do swoich wrog\u00f3w i walcz u\u017cywaj\u0105c r\u00f3\u017cnorodnego uzbrojenia idealnego w zwarciu, jak no\u017ce, kije, siekiery, m\u0142oty bojowe i inne, jeszcze bardziej egzotyczne narz\u0119dzia zniszczenia. Wykorzystuj bro\u0144 paln\u0105 do eliminacji cel\u00f3w na odleg\u0142o\u015b\u0107.                            <\/p>\n<p>            Wybierz sw\u00f3j styl gry<\/p>\n<p>W Dying Light gracz wciela si\u0119 w jedn\u0105 z czterech postaci, kt\u00f3r\u0105 mo\u017ce dowolnie dostosowa\u0107 i ulepsza\u0107 tak, aby pasowa\u0142a do wybranego przez niego stylu gry.                            <\/p>\n<p>            Stw\u00f3rz w\u0142asn\u0105 bro\u0144<\/p>\n<p>            Osza\u0142amiaj\u0105ca grafika i innowacyjna rozgrywka<\/p>\n<p>Dying light jest pierwsz\u0105 gr\u0105 stworzon\u0105 na silniku chrome engine 6, najnowszym, prze\u0142omowym wcieleniu autorskiej technologii firmy techland. Zbudowany od podstaw dla nowej generacji konsol i zaawansowanej grafiki directx 11 na pc, zapewnia now\u0105 jako\u015b\u0107 i niezr\u00f3wnan\u0105 wydajno\u015b\u0107.                            <\/p>\n<p>Po co u\u017cywa\u0107 zwyk\u0142ego klucza francuskiego, skoro mo\u017cesz owin\u0105\u0107 go w drut kolczasty pod napi\u0119ciem. W dying light gracze b\u0119d\u0105 mogli tworzy\u0107 w\u0142asne wersje uzbrojenia i konstruowa\u0107 coraz bardziej \u015bmierciono\u015bne narz\u0119dzia walki oraz specjaln\u0105 amunicj\u0119.<\/p>\n<h2>Dying Light Edycja Kolekcjonerska (Gra PC) Techland<\/h2>\n<p>mia i ja kolorowanka, m.i.a., cytat o rodzinie, niespotykane imiona \u017ce\u0144skie, wzory zaprosze\u0144 zaproszenie na urodziny do druku pdf, traktor z przyczep\u0105 kolorowanka, szablony papierowe lalki do ubierania do wydruku, opisy rodzina, kaligrafia nauka pisania wyraz\u00f3w dla dzieci do druku pdf<\/p>\n<p>yyyyy<\/p>\n<p>&nbsp;<\/p>\n","protected":false},"excerpt":{"rendered":"<p>Dying light to gra action survival horror z perspektywy pierwszej osoby, osadzona w rozleg\u0142ym i niebezpiecznym otwartym \u015bwiecie. Za dnia gracze b\u0119d\u0105 przemierza\u0107 rozleg\u0142e miejskie obszary spustoszone przez straszliw\u0105 epidemi\u0119, poszukuj\u0105c zapas\u00f3w i buduj\u0105c bro\u0144, kt\u00f3ra pozwoli im odeprze\u0107 ataki zainfekowanych mieszka\u0144c\u00f3w. Noc\u0105 \u0142owca staje si\u0119 zwierzyn\u0105, a zainfekowani staj\u0105 si\u0119 agresywniejsi i o wiele [&hellip;]<\/p>\n","protected":false},"featured_media":9052,"comment_status":"closed","ping_status":"open","template":"","meta":[],"product_cat":[222,360],"product_tag":[763,861,813,749],"class_list":["post-9051","product","type-product","status-publish","has-post-thumbnail","hentry","product_cat-gry-pc","product_cat-techland","product_tag-fabian","product_tag-jak-narysowac-psa","product_tag-krotkie-zagadki-matematyczne-z-odpowiedziami","product_tag-najlepsze-zarty-na-prima-aprilis"],"_links":{"self":[{"href":"http:\/\/klubmamgdynia.pl\/index.php\/wp-json\/wp\/v2\/product\/9051","targetHints":{"allow":["GET"]}}],"collection":[{"href":"http:\/\/klubmamgdynia.pl\/index.php\/wp-json\/wp\/v2\/product"}],"about":[{"href":"http:\/\/klubmamgdynia.pl\/index.php\/wp-json\/wp\/v2\/types\/product"}],"replies":[{"embeddable":true,"href":"http:\/\/klubmamgdynia.pl\/index.php\/wp-json\/wp\/v2\/comments?post=9051"}],"wp:featuredmedia":[{"embeddable":true,"href":"http:\/\/klubmamgdynia.pl\/index.php\/wp-json\/wp\/v2\/media\/9052"}],"wp:attachment":[{"href":"http:\/\/klubmamgdynia.pl\/index.php\/wp-json\/wp\/v2\/media?parent=9051"}],"wp:term":[{"taxonomy":"product_cat","embeddable":true,"href":"http:\/\/klubmamgdynia.pl\/index.php\/wp-json\/wp\/v2\/product_cat?post=9051"},{"taxonomy":"product_tag","embeddable":true,"href":"http:\/\/klubmamgdynia.pl\/index.php\/wp-json\/wp\/v2\/product_tag?post=9051"}],"curies":[{"name":"wp","href":"https:\/\/api.w.org\/{rel}","templated":true}]}}