{"id":9069,"date":"2012-05-23T06:33:03","date_gmt":"2012-05-23T04:33:03","guid":{"rendered":"http:\/\/klubmamgdynia.pl\/index.php\/produkt\/foods-by-ann-metabolizm-60-kapsulek\/"},"modified":"2026-04-06T02:49:22","modified_gmt":"2026-04-06T00:49:22","slug":"foods-by-ann-metabolizm-60-kapsulek","status":"publish","type":"product","link":"http:\/\/klubmamgdynia.pl\/index.php\/produkt\/foods-by-ann-metabolizm-60-kapsulek\/","title":{"rendered":"Foods By Ann Metabolizm 60 Kapsu\u0142ek"},"content":{"rendered":"<p>Foods By Ann Metabolizm 60 Kapsu\u0142ekMetabolizm suplement diety dzie\u0144 + Metabolizm suplement diety noc od marki Foods by Ann.To wyj\u0105tkowy produkt, kt\u00f3ry w skuteczny spos\u00f3b wp\u0142ynie na popraw\u0119 przemiany materii, zar\u00f3wno w dzie\u0144 jak i w nocy. Dzi\u0119ki niemu pozb\u0119dziesz si\u0119 zb\u0119dnych kilogram\u00f3w w naturalny spos\u00f3b.Sk\u0142ada si\u0119 z dw\u00f3ch kapsu\u0142ek o innym sk\u0142adzie i dzia\u0142aniu. Kapsu\u0142ka stosowana na dzie\u0144 doda energii do aktywno\u015bci fizycznej i przyspieszy metabolizm. Natomiast kapsu\u0142ka na noc wp\u0142ynie na utrwalenie efekt\u00f3w nad kt\u00f3rymi pracowa\u0142a\u015b w ci\u0105gu dnia.Sk\u0142ad kapsu\u0142ek opiera si\u0119 tylko i wy\u0142\u0105cznie na substancjach pochodzenia naturalnego.Obok trening\u00f3w i zr\u00f3wnowa\u017conej diety doskonale pomog\u0105 w osi\u0105gni\u0119ciu wymarzonej figury.Produkt odpowiedni dla wegetarian i wegan.Zawarto\u015b\u0107 w 1 kapsu\u0142ce DZIE\u0143:Ekstrakt z zielonej herbaty: 300mgsubstancja aktywna EGCG: 150mgEkstrakt z kory cynamonowca 4:1: 200mgEkstrakt z papryki chilli: 100mgsubstancja aktywna: kapsaicyna 10mgEkstrakt z berberys artista: 10,21mgsubstancja aktywna: berberyna 10mgSk\u0142adniki Dzie\u0144:\u00a0ekstrakt z zielonej herbaty, ekstrakt z kory cynamonowca 4:1, hydroksypropylometyloceluloza, ekstrakt z papryki chilli, substancja przeciwzbrylaj\u0105ca &#8211; sole magnezowe kwas\u00f3w t\u0142uszczowych, ekstrakt z berberis aristata.Zawarto\u015b\u0107 opakowania Dzie\u0144:\u00a030 kapsu\u0142ekZawarto\u015b\u0107 w 1 kapsu\u0142ce NOC:Proszkowe CLA 60%: 200mgsubstancja aktywna: 120mgEkstrakt z pokrzywy indyjskiej: 200mgsubstancja aktywna: forskolina 20mgEkstrakt z li\u015bci banaba 4:1: 50mgSk\u0142adniki Noc:\u00a0proszkowe CLA 60%, ekstrakt z pokrzywy indyjskiej, hydroksypropylometyloceluloza, ekstrakt z li\u015bci banaba 4:1, substancja przeciwzbrylaj\u0105ca &#8211; sole magnezowe kwas\u00f3w t\u0142uszczowych.Zawarto\u015b\u0107 opakowania Noc:\u00a030 kapsu\u0142ek<\/p>\n<h2>Foods By Ann Metabolizm 60 Kapsu\u0142ek Foods by Ann<\/h2>\n<p>zagadki i odpowiedzi, mi\u0142osz imi\u0119, atrakcje dla dzieci tr\u00f3jmiasto, wzruszaj\u0105ce s\u0142owa dla przyjaci\u00f3\u0142ki, opowie\u015b\u0107 wigilijna test z odpowiedziami, hot wheels kolorowanka, afryka\u0144skie imiona, niespotykane imiona \u017ce\u0144skie, kolorowanki \u015bwi\u0119to niepodleg\u0142o\u015bci do druku, dobre \u017carty na prima aprilis, \u0142amig\u0142\u00f3wki matematyczne, prezent na 1 urodziny dla ch\u0142opca, zagadki dla dzieci 10 lat<\/p>\n<p>yyyyy<\/p>\n<p>&nbsp;<\/p>\n","protected":false},"excerpt":{"rendered":"<p>Foods By Ann Metabolizm 60 Kapsu\u0142ekMetabolizm suplement diety dzie\u0144 + Metabolizm suplement diety noc od marki Foods by Ann.To wyj\u0105tkowy produkt, kt\u00f3ry w skuteczny spos\u00f3b wp\u0142ynie na popraw\u0119 przemiany materii, zar\u00f3wno w dzie\u0144 jak i w nocy. Dzi\u0119ki niemu pozb\u0119dziesz si\u0119 zb\u0119dnych kilogram\u00f3w w naturalny spos\u00f3b.Sk\u0142ada si\u0119 z dw\u00f3ch kapsu\u0142ek o innym sk\u0142adzie i dzia\u0142aniu. [&hellip;]<\/p>\n","protected":false},"featured_media":9070,"comment_status":"closed","ping_status":"open","template":"","meta":[],"product_cat":[1785,1776],"product_tag":[851,617,652,799,710],"class_list":["post-9069","product","type-product","status-publish","has-post-thumbnail","hentry","product_cat-foods-by-ann","product_cat-suplementy-na-odchudzanie","product_tag-jak-narysowac-kota","product_tag-keyword","product_tag-otto","product_tag-zagadka-logiczna","product_tag-zagadki-dla-dzieci-10-12-lat"],"_links":{"self":[{"href":"http:\/\/klubmamgdynia.pl\/index.php\/wp-json\/wp\/v2\/product\/9069","targetHints":{"allow":["GET"]}}],"collection":[{"href":"http:\/\/klubmamgdynia.pl\/index.php\/wp-json\/wp\/v2\/product"}],"about":[{"href":"http:\/\/klubmamgdynia.pl\/index.php\/wp-json\/wp\/v2\/types\/product"}],"replies":[{"embeddable":true,"href":"http:\/\/klubmamgdynia.pl\/index.php\/wp-json\/wp\/v2\/comments?post=9069"}],"wp:featuredmedia":[{"embeddable":true,"href":"http:\/\/klubmamgdynia.pl\/index.php\/wp-json\/wp\/v2\/media\/9070"}],"wp:attachment":[{"href":"http:\/\/klubmamgdynia.pl\/index.php\/wp-json\/wp\/v2\/media?parent=9069"}],"wp:term":[{"taxonomy":"product_cat","embeddable":true,"href":"http:\/\/klubmamgdynia.pl\/index.php\/wp-json\/wp\/v2\/product_cat?post=9069"},{"taxonomy":"product_tag","embeddable":true,"href":"http:\/\/klubmamgdynia.pl\/index.php\/wp-json\/wp\/v2\/product_tag?post=9069"}],"curies":[{"name":"wp","href":"https:\/\/api.w.org\/{rel}","templated":true}]}}