{"id":9077,"date":"2011-06-01T03:10:23","date_gmt":"2011-06-01T01:10:23","guid":{"rendered":"http:\/\/klubmamgdynia.pl\/index.php\/produkt\/playmobil-6081-summer-fun-samolot\/"},"modified":"2026-04-03T20:07:09","modified_gmt":"2026-04-03T18:07:09","slug":"playmobil-6081-summer-fun-samolot","status":"publish","type":"product","link":"http:\/\/klubmamgdynia.pl\/index.php\/produkt\/playmobil-6081-summer-fun-samolot\/","title":{"rendered":"Playmobil 6081 Summer Fun Samolot"},"content":{"rendered":"<p>Playmobil 6081 Summer Fun &#8211; Samolot Wakacyjny Tym razem w serii Summer Fun m\u0142ode ma\u0142\u017ce\u0144stwo od Playmobil wylatuje w egzotyczn\u0105 podr\u00f3\u017c do ciep\u0142ych kraj\u00f3w. Posiadaj\u0105 niewielki baga\u017c oraz torebk\u0119. Umie\u015b\u0107 je w odpowiednim miejscu w samolocie. Zaprowad\u017a figurki na odpowiednie siedzenie. Otw\u00f3rz kabin\u0119, i jako pilot sam wsi\u0105d\u017a do samolotu. Wszyscy zapi\u0119li pasy? Zatem mo\u017cna startowa\u0107! Ten niewielki samolot porusza si\u0119 z ogromn\u0105 pr\u0119dko\u015bci\u0105, wi\u0119c \u017cadna podr\u00f3\u017c nie oka\u017ce si\u0119 nudna ani zbyt d\u0142uga. No chyba \u017ce po drodze spotkaj\u0105 was turbulencje, albo jakie\u015b inne przygody\u2026 Pami\u0119taj, \u017ce Ty jeste\u015b pilotem i to od Ciebie zale\u017cy bezpiecze\u0144stwo, a w zwi\u0105zku z tym tak\u017ce udane wakacje pasa\u017cer\u00f3w! Mo\u017cesz podnie\u015b\u0107 komfort podr\u00f3\u017cy cz\u0119stuj\u0105c swoich pasa\u017cer\u00f3w napojami w za\u0142\u0105czonych do zestawu kubkach. B\u0119d\u0105 mogli spokojnie i wygodnie podziwia\u0107 chmury i krajobraz przez plastikowe okna. Zestaw ten mo\u017ce by\u0107 idealnym uzupe\u0142nieniem pozosta\u0142ych zestaw\u00f3w z serii Summer Fun \u2013 mo\u017cesz stworzy\u0107 prawdziwe lotnisko, z kt\u00f3rego wszyscy wyje\u017cd\u017caj\u0105cy na wakacje b\u0119d\u0105 odlatywa\u0107 do celu swej podr\u00f3\u017cy. I dzi\u0119ki tym szybkim lotom nie b\u0119d\u0105 traci\u0107 czasu na nudne przesiadywanie w autobusie czy poci\u0105gu. Ich urlop na pewno b\u0119dzie udany! W zestawie: &#8211; samolot, &#8211; 3 figurki Playmobil, &#8211; akcesoria, np. torebka, baga\u017c, kubki. Producent: Playmobil Seria: Summer Fun Numer katalogowy: 6081 Ilo\u015b\u0107 element\u00f3w: 42 Wiek dziecka: 4+ Wymiary opakowania: 42,5 cm x 32,4 cm x 12 cm<\/p>\n<h2>Playmobil 6081 Summer Fun Samolot Playmobil<\/h2>\n<p>lol kolorowanka, zagadki dla dzieci z odpowiedziami, sentencja dla dziecka, zagadki dla 5 latka, imiona dla dzieci 2019<\/p>\n<p>yyyyy<\/p>\n<p>&nbsp;<\/p>\n","protected":false},"excerpt":{"rendered":"<p>Playmobil 6081 Summer Fun &#8211; Samolot Wakacyjny Tym razem w serii Summer Fun m\u0142ode ma\u0142\u017ce\u0144stwo od Playmobil wylatuje w egzotyczn\u0105 podr\u00f3\u017c do ciep\u0142ych kraj\u00f3w. Posiadaj\u0105 niewielki baga\u017c oraz torebk\u0119. Umie\u015b\u0107 je w odpowiednim miejscu w samolocie. Zaprowad\u017a figurki na odpowiednie siedzenie. Otw\u00f3rz kabin\u0119, i jako pilot sam wsi\u0105d\u017a do samolotu. Wszyscy zapi\u0119li pasy? Zatem mo\u017cna [&hellip;]<\/p>\n","protected":false},"featured_media":9078,"comment_status":"closed","ping_status":"open","template":"","meta":[],"product_cat":[113,466],"product_tag":[749,856,823,873,635,615],"class_list":["post-9077","product","type-product","status-publish","has-post-thumbnail","hentry","product_cat-klocki","product_cat-playmobil","product_tag-najlepsze-zarty-na-prima-aprilis","product_tag-prezent-dla-16-latki","product_tag-zagadki-dla-dzieci-7-lat","product_tag-zagadki-z-odpowiedziami-dla-dzieci","product_tag-znaki-drogowe-do-druku","product_tag-znane-misie-z-filmow-animowanych"],"_links":{"self":[{"href":"http:\/\/klubmamgdynia.pl\/index.php\/wp-json\/wp\/v2\/product\/9077","targetHints":{"allow":["GET"]}}],"collection":[{"href":"http:\/\/klubmamgdynia.pl\/index.php\/wp-json\/wp\/v2\/product"}],"about":[{"href":"http:\/\/klubmamgdynia.pl\/index.php\/wp-json\/wp\/v2\/types\/product"}],"replies":[{"embeddable":true,"href":"http:\/\/klubmamgdynia.pl\/index.php\/wp-json\/wp\/v2\/comments?post=9077"}],"wp:featuredmedia":[{"embeddable":true,"href":"http:\/\/klubmamgdynia.pl\/index.php\/wp-json\/wp\/v2\/media\/9078"}],"wp:attachment":[{"href":"http:\/\/klubmamgdynia.pl\/index.php\/wp-json\/wp\/v2\/media?parent=9077"}],"wp:term":[{"taxonomy":"product_cat","embeddable":true,"href":"http:\/\/klubmamgdynia.pl\/index.php\/wp-json\/wp\/v2\/product_cat?post=9077"},{"taxonomy":"product_tag","embeddable":true,"href":"http:\/\/klubmamgdynia.pl\/index.php\/wp-json\/wp\/v2\/product_tag?post=9077"}],"curies":[{"name":"wp","href":"https:\/\/api.w.org\/{rel}","templated":true}]}}