{"id":910,"date":"2024-09-02T05:27:41","date_gmt":"2024-09-02T03:27:41","guid":{"rendered":"http:\/\/klubmamgdynia.pl\/?post_type=product&#038;p=910"},"modified":"2026-04-17T07:33:12","modified_gmt":"2026-04-17T05:33:12","slug":"hipo-koraliki-do-zgrzewania-ksiezniczka-hkz19","status":"publish","type":"product","link":"http:\/\/klubmamgdynia.pl\/index.php\/produkt\/hipo-koraliki-do-zgrzewania-ksiezniczka-hkz19\/","title":{"rendered":"Hipo Koraliki Do Zgrzewania Ksi\u0119\u017cniczka Hkz19"},"content":{"rendered":"<p>Koraliki do zgrzewaniaksi\u0119\u017cniczka4000szt. 3D.Wymiary pude\u0142ka 27x18x5cm)KORALIKI DO ZGRZEWANIA zaprasowywania \u017belazkiem \u015awietna kreatywna zabawa, dla Ciebie i Twojego dziecka. Polega na u\u0142o\u017ceniu na plastikowej formie z wypustkami obrazka z za\u0142\u0105czonych koralik\u00f3w. Gdy obrazek b\u0119dzie uko\u0144czony, przykrywamy go papierem do pieczenia i zaprasowujemy \u017celazkiem. Pod wp\u0142ywem temperatury koraliki stapiaj\u0105 si\u0119 a, po odklejeniu papieru uzyskamy gotowy obrazek.ZESTAW ZAWIERA: 4000 sztuk r\u00f3\u017cnokolorowych koralik\u00f3w, Szablony do u\u0142o\u017cenia obrazka Plastikowe podk\u0142adki z wypustkami Papier do zaprasowania<\/p>\n<h2>Hipo Koraliki Do Zgrzewania Ksi\u0119\u017cniczka Hkz19 Hipo<\/h2>\n<p>postacie z bajek, pikachu kolorowanka, kolorowanki do druku super zings, \u017carty na prima aprilis dla rodzic\u00f3w, asiunia test z lektury, rysunki dla pocz\u0105tkuj\u0105cych, kolorowanki wed\u0142ug kodu do druku, gra kulki, prezent dla dziewczynki na roczek, pomys\u0142y na dzie\u0144 dziecka dla nastolatk\u00f3w, zagadki matematyczne z odpowiedziami, wr\u00f3zby andrzejkowe dla dzieci, zagadka nie do rozwi\u0105zania, kolorowanki lego ninjago, na roczek dla dziewczynki, okolice wroc\u0142awia atrakcje<\/p>\n<p>yyyyy<\/p>\n<p>&nbsp;<\/p>\n","protected":false},"excerpt":{"rendered":"<p>Koraliki do zgrzewaniaksi\u0119\u017cniczka4000szt. 3D.Wymiary pude\u0142ka 27x18x5cm)KORALIKI DO ZGRZEWANIA zaprasowywania \u017belazkiem \u015awietna kreatywna zabawa, dla Ciebie i Twojego dziecka. Polega na u\u0142o\u017ceniu na plastikowej formie z wypustkami obrazka z za\u0142\u0105czonych koralik\u00f3w. Gdy obrazek b\u0119dzie uko\u0144czony, przykrywamy go papierem do pieczenia i zaprasowujemy \u017celazkiem. Pod wp\u0142ywem temperatury koraliki stapiaj\u0105 si\u0119 a, po odklejeniu papieru uzyskamy gotowy obrazek.ZESTAW [&hellip;]<\/p>\n","protected":false},"featured_media":911,"comment_status":"closed","ping_status":"open","template":"","meta":[],"product_cat":[310,21],"product_tag":[658,618,826,675,595],"class_list":["post-910","product","type-product","status-publish","has-post-thumbnail","hentry","product_cat-hipo","product_cat-zabawki-plastyczne","product_tag-alan-znaczenie-imienia","product_tag-lato-lato-lato-czeka-tekst","product_tag-prezent-dla-15-latka","product_tag-test-z-lektury-kajko-i-kokosz-szkola-latania","product_tag-zagadki-dla-6-latka"],"_links":{"self":[{"href":"http:\/\/klubmamgdynia.pl\/index.php\/wp-json\/wp\/v2\/product\/910","targetHints":{"allow":["GET"]}}],"collection":[{"href":"http:\/\/klubmamgdynia.pl\/index.php\/wp-json\/wp\/v2\/product"}],"about":[{"href":"http:\/\/klubmamgdynia.pl\/index.php\/wp-json\/wp\/v2\/types\/product"}],"replies":[{"embeddable":true,"href":"http:\/\/klubmamgdynia.pl\/index.php\/wp-json\/wp\/v2\/comments?post=910"}],"wp:featuredmedia":[{"embeddable":true,"href":"http:\/\/klubmamgdynia.pl\/index.php\/wp-json\/wp\/v2\/media\/911"}],"wp:attachment":[{"href":"http:\/\/klubmamgdynia.pl\/index.php\/wp-json\/wp\/v2\/media?parent=910"}],"wp:term":[{"taxonomy":"product_cat","embeddable":true,"href":"http:\/\/klubmamgdynia.pl\/index.php\/wp-json\/wp\/v2\/product_cat?post=910"},{"taxonomy":"product_tag","embeddable":true,"href":"http:\/\/klubmamgdynia.pl\/index.php\/wp-json\/wp\/v2\/product_tag?post=910"}],"curies":[{"name":"wp","href":"https:\/\/api.w.org\/{rel}","templated":true}]}}