{"id":9113,"date":"2019-02-06T01:31:07","date_gmt":"2019-02-06T00:31:07","guid":{"rendered":"http:\/\/klubmamgdynia.pl\/index.php\/produkt\/djeco-kwiatki-perelki-koraliki-zestaw-do-tworzenia-bizuterii-285el\/"},"modified":"2026-04-29T10:54:03","modified_gmt":"2026-04-29T08:54:03","slug":"djeco-kwiatki-perelki-koraliki-zestaw-do-tworzenia-bizuterii-285el","status":"publish","type":"product","link":"http:\/\/klubmamgdynia.pl\/index.php\/produkt\/djeco-kwiatki-perelki-koraliki-zestaw-do-tworzenia-bizuterii-285el\/","title":{"rendered":"Djeco Kwiatki Pere\u0142ki Koraliki Zestaw Do Tworzenia Bi\u017cuterii 285El."},"content":{"rendered":"<p>\u0141atwy i szybki spos\u00f3b na wykonanie niepowtarzalnych \u0142a\u0144cuszk\u00f3w czy bransoletek.Wielogodzinna, kreatywna zabawa gwarantowana!Tworzenie w\u0142asnej bi\u017cuterii rozwija kreatywno\u015b\u0107 i zdolno\u015bci plastyczne.ZESTAW ZAWIERA:- koraliki o r\u00f3\u017cnych kszta\u0142tach i kolorach- ozdoby w kszta\u0142cie kwiatk\u00f3w, sznureczek do nawlekaniaRazem 285 element\u00f3wWYMIARY OPAKOWANIA: 15 x 15 x 3 cmWIEK: od 6 latZestaw jest nowy, zapakowany w kolorowy kartonik.<\/p>\n<h2>Djeco Kwiatki Pere\u0142ki Koraliki Zestaw Do Tworzenia Bi\u017cuterii 285El. Djeco<\/h2>\n<p>zaproszenia do druku, jak si\u0119 rysuje kota, smok wawelski bajka, wiosenna kolorowanka, zagadki \u015bmieszne dla dzieci, pierwsze urodziny prezent na roczek dla ch\u0142opca, my little pony kolorowanki, co kupi\u0107 na roczek, nadia imie, literki, romantyczna bajka na dobranoc, policja kolorowanka, zaproszenia na urodziny do druku, kolorowanka kotki do druku, pomys\u0142 na prezent dla nastolatk\u00f3w, nauczyciel cytaty, prezent roczek dziewczynka, kolorowanka konie<\/p>\n<p>yyyyy<\/p>\n<p>&nbsp;<\/p>\n","protected":false},"excerpt":{"rendered":"<p>\u0141atwy i szybki spos\u00f3b na wykonanie niepowtarzalnych \u0142a\u0144cuszk\u00f3w czy bransoletek.Wielogodzinna, kreatywna zabawa gwarantowana!Tworzenie w\u0142asnej bi\u017cuterii rozwija kreatywno\u015b\u0107 i zdolno\u015bci plastyczne.ZESTAW ZAWIERA:- koraliki o r\u00f3\u017cnych kszta\u0142tach i kolorach- ozdoby w kszta\u0142cie kwiatk\u00f3w, sznureczek do nawlekaniaRazem 285 element\u00f3wWYMIARY OPAKOWANIA: 15 x 15 x 3 cmWIEK: od 6 latZestaw jest nowy, zapakowany w kolorowy kartonik. Djeco Kwiatki Pere\u0142ki [&hellip;]<\/p>\n","protected":false},"featured_media":9114,"comment_status":"closed","ping_status":"open","template":"","meta":[],"product_cat":[434,21],"product_tag":[758,826,646,873],"class_list":["post-9113","product","type-product","status-publish","has-post-thumbnail","hentry","product_cat-djeco","product_cat-zabawki-plastyczne","product_tag-julian","product_tag-prezent-dla-15-latka","product_tag-prezent-na-pierwsze-urodziny","product_tag-zagadki-z-odpowiedziami-dla-dzieci"],"_links":{"self":[{"href":"http:\/\/klubmamgdynia.pl\/index.php\/wp-json\/wp\/v2\/product\/9113","targetHints":{"allow":["GET"]}}],"collection":[{"href":"http:\/\/klubmamgdynia.pl\/index.php\/wp-json\/wp\/v2\/product"}],"about":[{"href":"http:\/\/klubmamgdynia.pl\/index.php\/wp-json\/wp\/v2\/types\/product"}],"replies":[{"embeddable":true,"href":"http:\/\/klubmamgdynia.pl\/index.php\/wp-json\/wp\/v2\/comments?post=9113"}],"wp:featuredmedia":[{"embeddable":true,"href":"http:\/\/klubmamgdynia.pl\/index.php\/wp-json\/wp\/v2\/media\/9114"}],"wp:attachment":[{"href":"http:\/\/klubmamgdynia.pl\/index.php\/wp-json\/wp\/v2\/media?parent=9113"}],"wp:term":[{"taxonomy":"product_cat","embeddable":true,"href":"http:\/\/klubmamgdynia.pl\/index.php\/wp-json\/wp\/v2\/product_cat?post=9113"},{"taxonomy":"product_tag","embeddable":true,"href":"http:\/\/klubmamgdynia.pl\/index.php\/wp-json\/wp\/v2\/product_tag?post=9113"}],"curies":[{"name":"wp","href":"https:\/\/api.w.org\/{rel}","templated":true}]}}