{"id":9125,"date":"2015-05-14T04:14:01","date_gmt":"2015-05-14T02:14:01","guid":{"rendered":"http:\/\/klubmamgdynia.pl\/index.php\/produkt\/gra-planszowa-galakta-sword-sorcery-niesmiertelne-dusze-kroghan\/"},"modified":"2026-04-04T12:04:06","modified_gmt":"2026-04-04T10:04:06","slug":"gra-planszowa-galakta-sword-sorcery-niesmiertelne-dusze-kroghan","status":"publish","type":"product","link":"http:\/\/klubmamgdynia.pl\/index.php\/produkt\/gra-planszowa-galakta-sword-sorcery-niesmiertelne-dusze-kroghan\/","title":{"rendered":"Gra planszowa Galakta Sword &amp; Sorcery Nie\u015bmiertelne Dusze Kroghan"},"content":{"rendered":"<p>\u015awiat Sword &amp; Sorcery zawsze potrzebuje nowych bohater\u00f3w! Dzi\u0119ki zestawowi Sword &amp; Sorcery: Nie\u015bmiertelne Dusze &#8211; Kroghan masz teraz mo\u017cliwo\u015b\u0107 wprowadzenia nowej, pot\u0119\u017cnej postaci do swojej kampanii.\u00a0                            <\/p>\n<p>Sword &amp; Sorcery: Nie\u015bmiertelne Dusze &#8211; Kroghan<br \/>\nPo\u015br\u00f3d mro\u017anych szczyt\u00f3w Ziem P\u00f3\u0142nocnych powstaje pot\u0119\u017cny bohater, aby zmia\u017cd\u017cy\u0107 si\u0142y z\u0142a. Kroghan by\u0142 najbardziej za\u017cartym wojownikiem swego klanu, a\u017c pewnego brzemiennego w skutki dnia, b\u0119d\u0105c na zwiadzie, natrafi\u0142 na jaskini\u0119, kt\u00f3r\u0105 zamieszkiwa\u0142 stary szaman. Nikt nie wie, co tam zasz\u0142o, lecz Kroghan powr\u00f3ci\u0142 z jaskini maj\u0105c na g\u0142owie he\u0142m zwie\u0144czony koron\u0105 z ko\u015bci. W tym zwrotnym punkcie jego \u017cycia ujawni\u0142y si\u0119 r\u00f3\u017cne \u015bcie\u017cki przeznaczenia&#8230; Surowy klimat Ziem P\u00f3\u0142nocnych rodzi zahartowanych wojownik\u00f3w, zdolnych do wielkich wyczyn\u00f3w. Kroghanem mo\u017cna gra\u0107 jako Barbarzy\u0144c\u0105 lub Wata\u017ck\u0105.<br \/>\n\u00a0Sword &amp; Sorcery: Barbarzy\u0144caJako Barbarzy\u0144ca Kroghan wkr\u00f3tce okaza\u0142 si\u0119 czempionem pot\u0119\u017cniejszym ni\u017c ktokolwiek przed nim, co pozwoli\u0142o mu zgromadzi\u0107 wi\u0119kszo\u015b\u0107 klanu pod swym przyw\u00f3dztwem i poprowadzi\u0107 sw\u00f3j lud w kolejnych bitwach przeciwko najbardziej niebezpiecznym stworom ciemno\u015bci. Jego chwalebna \u015bmier\u0107 w heroicznym starciu ze \u015bnie\u017cnym trollem wci\u0105\u017c stanowi przyk\u0142ad najwi\u0119kszej odwagi, wspominany w opowie\u015bciach z p\u00f3\u0142nocy.<br \/>\n\u00a0Sword &amp; Sorcery: Wata\u017ckaJako Wata\u017cka Kroghan sta\u0142 si\u0119 bezwzgl\u0119dny i ca\u0142kowicie pozbawiony skrupu\u0142\u00f3w. Pot\u0119\u017cniejszy ni\u017c jakikolwiek wojownik przed nim, zmieni\u0142 si\u0119 w przera\u017caj\u0105cego czempiona krwawej rzezi. Poprzez brutalno\u015b\u0107 i mord podporz\u0105dkowa\u0142 sobie wi\u0119kszo\u015b\u0107 klanu. Jego pami\u0119tna \u015bmier\u0107 w heroicznej bitwie ze \u015bnie\u017cnym trollem wci\u0105\u017c przewija si\u0119 w opowie\u015bciach z p\u00f3\u0142nocy, lecz imi\u0119 Kroghana powtarzane jest wok\u00f3\u0142 ognisk z najwi\u0119kszym strachem&#8230;<br \/>\nUwaga! To nie jest samodzielna gra.<br \/>\nDo rozgrywki wymagana jest gra Sword &amp; Sorcery: Nie\u015bmiertelne Dusze.<\/p>\n<h2>Gra planszowa Galakta Sword &amp; Sorcery Nie\u015bmiertelne Dusze Kroghan Galakta<\/h2>\n<p>kaczuszka, zadania logiczne, quizy dla dzieci 8 lat, dyplomy szablony pdf, kolorowanka myszka minnie, wycinanki puzzle do druku, quiz bajki<\/p>\n<p>yyyyy<\/p>\n<p>&nbsp;<\/p>\n","protected":false},"excerpt":{"rendered":"<p>\u015awiat Sword &amp; Sorcery zawsze potrzebuje nowych bohater\u00f3w! Dzi\u0119ki zestawowi Sword &amp; Sorcery: Nie\u015bmiertelne Dusze &#8211; Kroghan masz teraz mo\u017cliwo\u015b\u0107 wprowadzenia nowej, pot\u0119\u017cnej postaci do swojej kampanii.\u00a0 Sword &amp; Sorcery: Nie\u015bmiertelne Dusze &#8211; Kroghan Po\u015br\u00f3d mro\u017anych szczyt\u00f3w Ziem P\u00f3\u0142nocnych powstaje pot\u0119\u017cny bohater, aby zmia\u017cd\u017cy\u0107 si\u0142y z\u0142a. Kroghan by\u0142 najbardziej za\u017cartym wojownikiem swego klanu, a\u017c pewnego [&hellip;]<\/p>\n","protected":false},"featured_media":9126,"comment_status":"closed","ping_status":"open","template":"","meta":[],"product_cat":[414,235],"product_tag":[603,761,750,799],"class_list":["post-9125","product","type-product","status-publish","has-post-thumbnail","hentry","product_cat-galakta","product_cat-gry-planszowe","product_tag-bajki-do-czytania","product_tag-choinko-piekna-jak-las-tekst","product_tag-imie-kostek","product_tag-zagadka-logiczna"],"_links":{"self":[{"href":"http:\/\/klubmamgdynia.pl\/index.php\/wp-json\/wp\/v2\/product\/9125","targetHints":{"allow":["GET"]}}],"collection":[{"href":"http:\/\/klubmamgdynia.pl\/index.php\/wp-json\/wp\/v2\/product"}],"about":[{"href":"http:\/\/klubmamgdynia.pl\/index.php\/wp-json\/wp\/v2\/types\/product"}],"replies":[{"embeddable":true,"href":"http:\/\/klubmamgdynia.pl\/index.php\/wp-json\/wp\/v2\/comments?post=9125"}],"wp:featuredmedia":[{"embeddable":true,"href":"http:\/\/klubmamgdynia.pl\/index.php\/wp-json\/wp\/v2\/media\/9126"}],"wp:attachment":[{"href":"http:\/\/klubmamgdynia.pl\/index.php\/wp-json\/wp\/v2\/media?parent=9125"}],"wp:term":[{"taxonomy":"product_cat","embeddable":true,"href":"http:\/\/klubmamgdynia.pl\/index.php\/wp-json\/wp\/v2\/product_cat?post=9125"},{"taxonomy":"product_tag","embeddable":true,"href":"http:\/\/klubmamgdynia.pl\/index.php\/wp-json\/wp\/v2\/product_tag?post=9125"}],"curies":[{"name":"wp","href":"https:\/\/api.w.org\/{rel}","templated":true}]}}