{"id":9149,"date":"2014-06-30T01:44:15","date_gmt":"2014-06-29T23:44:15","guid":{"rendered":"http:\/\/klubmamgdynia.pl\/index.php\/produkt\/luxma-duza-kuchnia-dla-dzieci-lodowka-piekarnik-703r-zabawka\/"},"modified":"2026-04-30T17:28:54","modified_gmt":"2026-04-30T15:28:54","slug":"luxma-duza-kuchnia-dla-dzieci-lodowka-piekarnik-703r-zabawka","status":"publish","type":"product","link":"http:\/\/klubmamgdynia.pl\/index.php\/produkt\/luxma-duza-kuchnia-dla-dzieci-lodowka-piekarnik-703r-zabawka\/","title":{"rendered":"Luxma Du\u017ca Kuchnia Dla Dzieci Lod\u00f3wka Piekarnik 703R &#8211; Zabawka"},"content":{"rendered":"<p>Du\u017ca Kuchnia Dla Dzieci Lod\u00f3wka Piekarnik 703R<\/p>\n<h2>Luxma Du\u017ca Kuchnia Dla Dzieci Lod\u00f3wka Piekarnik 703R &#8211; Zabawka Luxma<\/h2>\n<p>kolorowanki zwierz\u0119ta, pierwsze urodziny prezent na roczek dla dziewczynki, \u017carty na prima aprilis dla dzieci, co kupic na roczek, tajemniczy ogr\u00f3d test z odpowiedziami, nietypowe imiona, kolorowanki samochody, atrakcje dla dzieci wroclaw<\/p>\n<p>yyyyy<\/p>\n<p>&nbsp;<\/p>\n","protected":false},"excerpt":{"rendered":"<p>Du\u017ca Kuchnia Dla Dzieci Lod\u00f3wka Piekarnik 703R Luxma Du\u017ca Kuchnia Dla Dzieci Lod\u00f3wka Piekarnik 703R &#8211; Zabawka Luxma kolorowanki zwierz\u0119ta, pierwsze urodziny prezent na roczek dla dziewczynki, \u017carty na prima aprilis dla dzieci, co kupic na roczek, tajemniczy ogr\u00f3d test z odpowiedziami, nietypowe imiona, kolorowanki samochody, atrakcje dla dzieci wroclaw yyyyy &nbsp;<\/p>\n","protected":false},"featured_media":9150,"comment_status":"closed","ping_status":"open","template":"","meta":[],"product_cat":[53,327],"product_tag":[637,843,623],"class_list":["post-9149","product","type-product","status-publish","has-post-thumbnail","hentry","product_cat-kaciki-zabaw","product_cat-luxma","product_tag-niech-zyja-wakacje-tekst","product_tag-smieszne-zagadki-dla-dzieci","product_tag-zagadki-logiczne-smieszne"],"_links":{"self":[{"href":"http:\/\/klubmamgdynia.pl\/index.php\/wp-json\/wp\/v2\/product\/9149","targetHints":{"allow":["GET"]}}],"collection":[{"href":"http:\/\/klubmamgdynia.pl\/index.php\/wp-json\/wp\/v2\/product"}],"about":[{"href":"http:\/\/klubmamgdynia.pl\/index.php\/wp-json\/wp\/v2\/types\/product"}],"replies":[{"embeddable":true,"href":"http:\/\/klubmamgdynia.pl\/index.php\/wp-json\/wp\/v2\/comments?post=9149"}],"wp:featuredmedia":[{"embeddable":true,"href":"http:\/\/klubmamgdynia.pl\/index.php\/wp-json\/wp\/v2\/media\/9150"}],"wp:attachment":[{"href":"http:\/\/klubmamgdynia.pl\/index.php\/wp-json\/wp\/v2\/media?parent=9149"}],"wp:term":[{"taxonomy":"product_cat","embeddable":true,"href":"http:\/\/klubmamgdynia.pl\/index.php\/wp-json\/wp\/v2\/product_cat?post=9149"},{"taxonomy":"product_tag","embeddable":true,"href":"http:\/\/klubmamgdynia.pl\/index.php\/wp-json\/wp\/v2\/product_tag?post=9149"}],"curies":[{"name":"wp","href":"https:\/\/api.w.org\/{rel}","templated":true}]}}