{"id":9153,"date":"2013-06-07T10:04:14","date_gmt":"2013-06-07T08:04:14","guid":{"rendered":"http:\/\/klubmamgdynia.pl\/index.php\/produkt\/bright-junior-media-puzzle-czuczu-raczka-uklada-pojazdy-na-budowie-22el\/"},"modified":"2026-04-21T02:18:15","modified_gmt":"2026-04-21T00:18:15","slug":"bright-junior-media-puzzle-czuczu-raczka-uklada-pojazdy-na-budowie-22el","status":"publish","type":"product","link":"http:\/\/klubmamgdynia.pl\/index.php\/produkt\/bright-junior-media-puzzle-czuczu-raczka-uklada-pojazdy-na-budowie-22el\/","title":{"rendered":"Bright Junior Media Puzzle Czuczu R\u0105czka Uk\u0142ada Pojazdy Na Budowie 22El."},"content":{"rendered":"<p>Puzzle CzuCzu R\u0105czka uk\u0142ada Pojazdy na budowieNa budowie praca wre. Wrum, wrum! Silniki w ruch!&#8221;R\u0105czka uk\u0142ada Pojazdy&#8221; to zestaw puzzli CzuCzu dla ma\u0142ych wielbicieli wielkich maszyn. Ka\u017cdy pojazd sk\u0142ada si\u0119 z innej ilo\u015bci element\u00f3w: czterech, pi\u0119ciu, sze\u015bciu lub siedmiu.Puzzle s\u0105 wykonane z najlepszej jako\u015bci materia\u0142\u00f3w. Zr\u00f3\u017cnicowany poziom trudno\u015bci poszczeg\u00f3lnych uk\u0142adanek pozwala na zabaw\u0119 dostosowan\u0105 do mo\u017cliwo\u015bci dzieci.Szukanie, dopasowywanie i \u0142\u0105cznie puzzli to \u015bwietne \u0107wiczenie koordynacji wzrokowo &#8211; ruchowej, spostrzegawczo\u015bci i logicznego my\u015blenia. A co najwa\u017cniejsze &#8211; odjazdowa zabawa!Wiek: 2 lata +Oferowane przez nas produkty s\u0105 nowe, oryginalne i fabrycznie zapakowane.<\/p>\n<h2>Bright Junior Media Puzzle Czuczu R\u0105czka Uk\u0142ada Pojazdy Na Budowie 22El. Bright Junior Media<\/h2>\n<p>traktor z przyczep\u0105 kolorowanka, znajd\u017a r\u00f3\u017cnice do druku, nauka zegara do druku, \u0142amig\u0142\u00f3wki logiczne dla dzieci, \u017carty \u017carty na prima aprilis, pomys\u0142 na prezent dla nastolatk\u00f3w, zagadki logiczne na inteligencj\u0119 dla doros\u0142ych<\/p>\n<p>yyyyy<\/p>\n<p>&nbsp;<\/p>\n","protected":false},"excerpt":{"rendered":"<p>Puzzle CzuCzu R\u0105czka uk\u0142ada Pojazdy na budowieNa budowie praca wre. Wrum, wrum! Silniki w ruch!&#8221;R\u0105czka uk\u0142ada Pojazdy&#8221; to zestaw puzzli CzuCzu dla ma\u0142ych wielbicieli wielkich maszyn. Ka\u017cdy pojazd sk\u0142ada si\u0119 z innej ilo\u015bci element\u00f3w: czterech, pi\u0119ciu, sze\u015bciu lub siedmiu.Puzzle s\u0105 wykonane z najlepszej jako\u015bci materia\u0142\u00f3w. Zr\u00f3\u017cnicowany poziom trudno\u015bci poszczeg\u00f3lnych uk\u0142adanek pozwala na zabaw\u0119 dostosowan\u0105 do [&hellip;]<\/p>\n","protected":false},"featured_media":9154,"comment_status":"closed","ping_status":"open","template":"","meta":[],"product_cat":[1530,90],"product_tag":[797,744,815,778,693,694],"class_list":["post-9153","product","type-product","status-publish","has-post-thumbnail","hentry","product_cat-bright-junior-media","product_cat-puzzle","product_tag-kiekrz","product_tag-kolorowanki-swiateczne-do-wydruku","product_tag-ozdoby-choinkowe-dla-dzieci","product_tag-zabawki-na-roczek-dla-chlopca","product_tag-zagadki-dla-doroslych","product_tag-zagadki-swiateczne-dla-dzieci"],"_links":{"self":[{"href":"http:\/\/klubmamgdynia.pl\/index.php\/wp-json\/wp\/v2\/product\/9153","targetHints":{"allow":["GET"]}}],"collection":[{"href":"http:\/\/klubmamgdynia.pl\/index.php\/wp-json\/wp\/v2\/product"}],"about":[{"href":"http:\/\/klubmamgdynia.pl\/index.php\/wp-json\/wp\/v2\/types\/product"}],"replies":[{"embeddable":true,"href":"http:\/\/klubmamgdynia.pl\/index.php\/wp-json\/wp\/v2\/comments?post=9153"}],"wp:featuredmedia":[{"embeddable":true,"href":"http:\/\/klubmamgdynia.pl\/index.php\/wp-json\/wp\/v2\/media\/9154"}],"wp:attachment":[{"href":"http:\/\/klubmamgdynia.pl\/index.php\/wp-json\/wp\/v2\/media?parent=9153"}],"wp:term":[{"taxonomy":"product_cat","embeddable":true,"href":"http:\/\/klubmamgdynia.pl\/index.php\/wp-json\/wp\/v2\/product_cat?post=9153"},{"taxonomy":"product_tag","embeddable":true,"href":"http:\/\/klubmamgdynia.pl\/index.php\/wp-json\/wp\/v2\/product_tag?post=9153"}],"curies":[{"name":"wp","href":"https:\/\/api.w.org\/{rel}","templated":true}]}}