{"id":918,"date":"2012-07-05T18:40:41","date_gmt":"2012-07-05T16:40:41","guid":{"rendered":"http:\/\/klubmamgdynia.pl\/index.php\/produkt\/mga-dream-ella-lalka-color-change-surprise-swim-578727\/"},"modified":"2026-04-29T15:09:48","modified_gmt":"2026-04-29T13:09:48","slug":"mga-dream-ella-lalka-color-change-surprise-swim-578727","status":"publish","type":"product","link":"http:\/\/klubmamgdynia.pl\/index.php\/produkt\/mga-dream-ella-lalka-color-change-surprise-swim-578727\/","title":{"rendered":"MGA Dream Ella Lalka Color Change Surprise Swim 578727"},"content":{"rendered":"<p>Lalka Dream Ella Splash SwimKiedy dni staj\u0105 si\u0119 gor\u0105ce, Dream Ella i jej przyjaciele wk\u0142adaj\u0105 kostiumy k\u0105pielowe i pluskaj\u0105 si\u0119 w wodzie! Zanurz si\u0119 w letniej zabawie z lalkami.Dream Ella Splash Swim firmy MGA! Ka\u017cda lalka jest unikalna i ma inn\u0105 kombinacj\u0119 koloru oczu, koloru w\u0142os\u00f3w i odcieni sk\u00f3ry. Ka\u017cda z lalek ma sw\u00f3j w\u0142asny kostium k\u0105pielowy z fantastyczn\u0105 grafik\u0105!Zbierz wszystkie lalki Dream Ella Splash od MGA i urz\u0105d\u017a magiczn\u0105 imprez\u0119 w wodzie!Realistyczne lalki (30 cm) z 5 przegubami pozwalaj\u0105cymi na ich ustawienieKa\u017cda lalka posiada sw\u00f3j w\u0142asny, niepowtarzalny, fantastyczny str\u00f3j k\u0105pielowy (nie mo\u017cna go zdj\u0105\u0107)3 stylizacje dost\u0119pne w r\u00f3\u017cnych stylach, odcieniach sk\u00f3ry i kolorach w\u0142os\u00f3w<\/p>\n<h2>MGA Dream Ella Lalka Color Change Surprise Swim 578727 MGA<\/h2>\n<p>wulkan z sody, kolorowanki do druku konie, opisy do zdj\u0119\u0107 dziecka, co kupi\u0107 nastolatce na urodziny, jad\u0105 jad\u0105 misie tekst, testy z lektury opowie\u015bci z narnii lew czarownica i stara szafa, test z lektury kajko i kokosz szko\u0142a latania, prezent dla dziewczynki 7 lat, kotek kolorowanka, oryginalny prezent dla nastolatk\u00f3w, zabawki na roczek dla ch\u0142opca, wszystkie flagi \u015bwiata quiz<\/p>\n<p>yyyyy<\/p>\n<p>&nbsp;<\/p>\n","protected":false},"excerpt":{"rendered":"<p>Lalka Dream Ella Splash SwimKiedy dni staj\u0105 si\u0119 gor\u0105ce, Dream Ella i jej przyjaciele wk\u0142adaj\u0105 kostiumy k\u0105pielowe i pluskaj\u0105 si\u0119 w wodzie! Zanurz si\u0119 w letniej zabawie z lalkami.Dream Ella Splash Swim firmy MGA! Ka\u017cda lalka jest unikalna i ma inn\u0105 kombinacj\u0119 koloru oczu, koloru w\u0142os\u00f3w i odcieni sk\u00f3ry. Ka\u017cda z lalek ma sw\u00f3j w\u0142asny [&hellip;]<\/p>\n","protected":false},"featured_media":919,"comment_status":"closed","ping_status":"open","template":"","meta":[],"product_cat":[65,301],"product_tag":[662,674,782,623],"class_list":["post-918","product","type-product","status-publish","has-post-thumbnail","hentry","product_cat-lalki","product_cat-mga","product_tag-bajki-na-dobranoc","product_tag-miasto-dzieci","product_tag-zagadki-dla-dzieci-z-odpowiedziami","product_tag-zagadki-logiczne-smieszne"],"_links":{"self":[{"href":"http:\/\/klubmamgdynia.pl\/index.php\/wp-json\/wp\/v2\/product\/918","targetHints":{"allow":["GET"]}}],"collection":[{"href":"http:\/\/klubmamgdynia.pl\/index.php\/wp-json\/wp\/v2\/product"}],"about":[{"href":"http:\/\/klubmamgdynia.pl\/index.php\/wp-json\/wp\/v2\/types\/product"}],"replies":[{"embeddable":true,"href":"http:\/\/klubmamgdynia.pl\/index.php\/wp-json\/wp\/v2\/comments?post=918"}],"wp:featuredmedia":[{"embeddable":true,"href":"http:\/\/klubmamgdynia.pl\/index.php\/wp-json\/wp\/v2\/media\/919"}],"wp:attachment":[{"href":"http:\/\/klubmamgdynia.pl\/index.php\/wp-json\/wp\/v2\/media?parent=918"}],"wp:term":[{"taxonomy":"product_cat","embeddable":true,"href":"http:\/\/klubmamgdynia.pl\/index.php\/wp-json\/wp\/v2\/product_cat?post=918"},{"taxonomy":"product_tag","embeddable":true,"href":"http:\/\/klubmamgdynia.pl\/index.php\/wp-json\/wp\/v2\/product_tag?post=918"}],"curies":[{"name":"wp","href":"https:\/\/api.w.org\/{rel}","templated":true}]}}