{"id":9199,"date":"2016-08-22T17:17:58","date_gmt":"2016-08-22T15:17:58","guid":{"rendered":"http:\/\/klubmamgdynia.pl\/index.php\/produkt\/eurotrade-linijka-plast-15-cm-minnie-352895\/"},"modified":"2026-04-06T15:17:40","modified_gmt":"2026-04-06T13:17:40","slug":"eurotrade-linijka-plast-15-cm-minnie-352895","status":"publish","type":"product","link":"http:\/\/klubmamgdynia.pl\/index.php\/produkt\/eurotrade-linijka-plast-15-cm-minnie-352895\/","title":{"rendered":"Eurotrade Linijka Plast.15 Cm.Minnie 352895"},"content":{"rendered":"<p>Doskona\u0142e ostrze z nierdzewnej stali,ergonomiczna, doskonale wyprofilowana gumowa r\u0105czka czarno-niebieska u\u0142atwia precyzyjne ci\u0119cie materia\u0142u, zapewnia pewny chwyt.Przeznaczone do ci\u0119cia papieru, kartonu, cienkiej tektury itp.no\u017cyczki dost\u0119pne w rozmiarach: 14 cm, 16,5 cm, 21 cm, 25,4 cm<\/p>\n<h2>Eurotrade Linijka Plast.15 Cm.Minnie 352895 Eurotrade<\/h2>\n<p>kolorowanki pokemon, rysowanie po \u015bladzie, pomys\u0142 na prezent dla 7 latki, zagadki wielkanocne do druku, kolorowanki dla dziewczyn, kawal na prima aprilis, bajka psi patrol do czytania, quiz opowie\u015bci z narnii, imi\u0119 iwo, zagadki \u015bmieszne, kolorowanki bajki, nauka pisania wyraz\u00f3w dla dzieci do druku pdf, koty rysunki, pokemon kolorowanka, zagadki logiczne, desery dla dzieci, alfabet kolorowanki, prezenty dla nastolatk\u00f3w na dzie\u0144 dziecka, my jeste\u015bmy krasnoludki tekst<\/p>\n<p>yyyyy<\/p>\n<p>&nbsp;<\/p>\n","protected":false},"excerpt":{"rendered":"<p>Doskona\u0142e ostrze z nierdzewnej stali,ergonomiczna, doskonale wyprofilowana gumowa r\u0105czka czarno-niebieska u\u0142atwia precyzyjne ci\u0119cie materia\u0142u, zapewnia pewny chwyt.Przeznaczone do ci\u0119cia papieru, kartonu, cienkiej tektury itp.no\u017cyczki dost\u0119pne w rozmiarach: 14 cm, 16,5 cm, 21 cm, 25,4 cm Eurotrade Linijka Plast.15 Cm.Minnie 352895 Eurotrade kolorowanki pokemon, rysowanie po \u015bladzie, pomys\u0142 na prezent dla 7 latki, zagadki wielkanocne do [&hellip;]<\/p>\n","protected":false},"featured_media":9200,"comment_status":"closed","ping_status":"open","template":"","meta":[],"product_cat":[1799,325],"product_tag":[580,642,856,592,577],"class_list":["post-9199","product","type-product","status-publish","has-post-thumbnail","hentry","product_cat-eurotrade","product_cat-szkolne-artykuly-papiernicze","product_tag-janusz","product_tag-mia-imie","product_tag-prezent-dla-16-latki","product_tag-zagadki-dla-dzieci","product_tag-znaki-drogowe-test"],"_links":{"self":[{"href":"http:\/\/klubmamgdynia.pl\/index.php\/wp-json\/wp\/v2\/product\/9199","targetHints":{"allow":["GET"]}}],"collection":[{"href":"http:\/\/klubmamgdynia.pl\/index.php\/wp-json\/wp\/v2\/product"}],"about":[{"href":"http:\/\/klubmamgdynia.pl\/index.php\/wp-json\/wp\/v2\/types\/product"}],"replies":[{"embeddable":true,"href":"http:\/\/klubmamgdynia.pl\/index.php\/wp-json\/wp\/v2\/comments?post=9199"}],"wp:featuredmedia":[{"embeddable":true,"href":"http:\/\/klubmamgdynia.pl\/index.php\/wp-json\/wp\/v2\/media\/9200"}],"wp:attachment":[{"href":"http:\/\/klubmamgdynia.pl\/index.php\/wp-json\/wp\/v2\/media?parent=9199"}],"wp:term":[{"taxonomy":"product_cat","embeddable":true,"href":"http:\/\/klubmamgdynia.pl\/index.php\/wp-json\/wp\/v2\/product_cat?post=9199"},{"taxonomy":"product_tag","embeddable":true,"href":"http:\/\/klubmamgdynia.pl\/index.php\/wp-json\/wp\/v2\/product_tag?post=9199"}],"curies":[{"name":"wp","href":"https:\/\/api.w.org\/{rel}","templated":true}]}}