{"id":9215,"date":"2017-12-03T18:38:46","date_gmt":"2017-12-03T17:38:46","guid":{"rendered":"http:\/\/klubmamgdynia.pl\/index.php\/produkt\/carrera-digital-124-ford-gt-race-car-no-66-23916\/"},"modified":"2026-04-24T14:57:17","modified_gmt":"2026-04-24T12:57:17","slug":"carrera-digital-124-ford-gt-race-car-no-66-23916","status":"publish","type":"product","link":"http:\/\/klubmamgdynia.pl\/index.php\/produkt\/carrera-digital-124-ford-gt-race-car-no-66-23916\/","title":{"rendered":"Carrera Digital 124 &#8211; Ford Gt Race Car &#8222;No.66&#8221; 23916"},"content":{"rendered":"<p>Samochody wy\u015bcigowe CARRERA DIGITAL 124Carrera DIGITAL 124 to seria, w kt\u00f3rej tory i samochody wykonane s\u0105 w skali 1:24. Jednocze\u015bnie w wy\u015bcigu mog\u0105 uczestniczy\u0107 a\u017c 4 samochody. Rado\u015b\u0107 i satysfakcj\u0119 z rywalizacji sportowej mo\u017ce czerpa\u0107 r\u00f3wnie\u017c pojedy\u0144czy gracz, kt\u00f3ry ma okazj\u0119 zmierzy\u0107 si\u0119 z zaprogramowanym samochodem treningowym. Samochody DIGITAL 124 s\u0105 kompatybilne z seriami EXCLUSIV i z prostymi i zakr\u0119tami serii Evolution, mo\u017cna go rozbudowywa\u0107 na wiele sposob\u00f3w. Dodatkowo wyposa\u017cony zosta\u0142 w specjalne sekcje zmiany toru, pozwalaj\u0105ce na rozwini\u0119cie maksymalnej pr\u0119dko\u015bci oraz charakterystyczne akcesoria dodatkowe m.in.: elektroniczny licznik okr\u0105\u017ce\u0144 po\u0142\u0105czony z wy\u015bwietlaczem LCD wskazuj\u0105cym mi\u0119dzy innmi najepszy czas okr\u0105\u017cenia, czas dziel\u0105cy pozosta\u0142e pojazdy od lidera. Pit stop podnosi realizm wy\u015bcig\u00f3w dzi\u0119ki konieczno\u015bci robienia postoj\u00f3w w celu uzupe\u0142nienia zapas\u00f3w paliwa. Pr\u0119dko\u015b\u0107 przejazdu przez pit stop jest ograniczona za pomoc\u0105 elektroniki umieszczonej w tzw. Black Boxie, kt\u00f3ry steruje wszystkimi procesami i parametrami wy\u015bcigu. Seria DIGITAL 124 to samochody cyfrowo kontrolowane i indywidualnie kodowane, co umo\u017cliwia jednoczesne poruszanie si\u0119 a\u017c 4 aut na jednym torze jazdy. Wysokiej klasy, oryginalne wy\u015bcig\u00f3wki zosta\u0142y wyprodukowane w technice tampodruku z ogromn\u0105 dba\u0142o\u015bci\u0105 o szczeg\u00f3\u0142y. Wszystkie samochody tej serii przemieszczaj\u0105 si\u0119 na specjalnie skonstruowanych prowadnicach, mocowanych do zawieszenia. Dzi\u0119ki zastosowaniu w systemach DIGITAL 124 w pe\u0142ni cyfrowego sterowania samochodami, uzyskano efekty oddaj\u0105ce realizm emocjonuj\u0105cych i pe\u0142nych rywalizacji wy\u015bcig\u00f3w samochodowych.Wszystkie samochody posiadaj\u0105 xenonowe o\u015bwietlenie z przodu, a tak\u017ce \u015bwiat\u0142a tylne i stopu.<\/p>\n<h2>Carrera Digital 124 &#8211; Ford Gt Race Car &#8222;No.66&#8221; 23916 Carrera<\/h2>\n<p>ninjago kolorowanka, prezent dla rocznej dziewczynki, mamo mamusiu pusto w mym brzusiu tekst, lilianna, kiedy dzieci chodz\u0105 na halloween, miriam imie, bajki do czytania dla niemowl\u0105t, kr\u00f3tkie czytanki dla dzieci do wydruku, imi\u0119 r\u00f3\u017ca, zagadki i odpowiedzi<\/p>\n<p>yyyyy<\/p>\n<p>&nbsp;<\/p>\n","protected":false},"excerpt":{"rendered":"<p>Samochody wy\u015bcigowe CARRERA DIGITAL 124Carrera DIGITAL 124 to seria, w kt\u00f3rej tory i samochody wykonane s\u0105 w skali 1:24. Jednocze\u015bnie w wy\u015bcigu mog\u0105 uczestniczy\u0107 a\u017c 4 samochody. Rado\u015b\u0107 i satysfakcj\u0119 z rywalizacji sportowej mo\u017ce czerpa\u0107 r\u00f3wnie\u017c pojedy\u0144czy gracz, kt\u00f3ry ma okazj\u0119 zmierzy\u0107 si\u0119 z zaprogramowanym samochodem treningowym. Samochody DIGITAL 124 s\u0105 kompatybilne z seriami EXCLUSIV [&hellip;]<\/p>\n","protected":false},"featured_media":9216,"comment_status":"closed","ping_status":"open","template":"","meta":[],"product_cat":[140,141],"product_tag":[722,759,678,616,812],"class_list":["post-9215","product","type-product","status-publish","has-post-thumbnail","hentry","product_cat-carrera","product_cat-parkingi-garaze-i-tory-wyscigowe","product_tag-cytaty-o-przyjazni","product_tag-pomysly-na-prezent-dla-nastolatkow","product_tag-prezent-na-roczek-dla-dziewczynki","product_tag-test-mikolajek-25-pytan","product_tag-zagadki-logiczne-na-inteligencje"],"_links":{"self":[{"href":"http:\/\/klubmamgdynia.pl\/index.php\/wp-json\/wp\/v2\/product\/9215","targetHints":{"allow":["GET"]}}],"collection":[{"href":"http:\/\/klubmamgdynia.pl\/index.php\/wp-json\/wp\/v2\/product"}],"about":[{"href":"http:\/\/klubmamgdynia.pl\/index.php\/wp-json\/wp\/v2\/types\/product"}],"replies":[{"embeddable":true,"href":"http:\/\/klubmamgdynia.pl\/index.php\/wp-json\/wp\/v2\/comments?post=9215"}],"wp:featuredmedia":[{"embeddable":true,"href":"http:\/\/klubmamgdynia.pl\/index.php\/wp-json\/wp\/v2\/media\/9216"}],"wp:attachment":[{"href":"http:\/\/klubmamgdynia.pl\/index.php\/wp-json\/wp\/v2\/media?parent=9215"}],"wp:term":[{"taxonomy":"product_cat","embeddable":true,"href":"http:\/\/klubmamgdynia.pl\/index.php\/wp-json\/wp\/v2\/product_cat?post=9215"},{"taxonomy":"product_tag","embeddable":true,"href":"http:\/\/klubmamgdynia.pl\/index.php\/wp-json\/wp\/v2\/product_tag?post=9215"}],"curies":[{"name":"wp","href":"https:\/\/api.w.org\/{rel}","templated":true}]}}