{"id":9223,"date":"2021-01-21T03:00:23","date_gmt":"2021-01-21T02:00:23","guid":{"rendered":"http:\/\/klubmamgdynia.pl\/index.php\/produkt\/hydrominum-30-tabl\/"},"modified":"2026-04-05T00:05:51","modified_gmt":"2026-04-04T22:05:51","slug":"hydrominum-30-tabl","status":"publish","type":"product","link":"http:\/\/klubmamgdynia.pl\/index.php\/produkt\/hydrominum-30-tabl\/","title":{"rendered":"Hydrominum 30 tabl."},"content":{"rendered":"<p>AFLOFARM\u00a0Hydrominum 30 tabl.Suplement wspomaga redukcj\u0119 ilo\u015bci wody w organizmie i zawartych w niej toksyn. Polecany osobom zmagaj\u0105cym si\u0119 z problemem cellulitu wodnego, nieodpowiedni\u0105 diet\u0105 oraz kobietom stosuj\u0105cym antykoncepcj\u0119 hormonaln\u0105.\u00a0                            <\/p>\n<p>W\u0142a\u015bciwo\u015bci:Hydrominum to suplement diety, kt\u00f3ry zawiera naturalne wyci\u0105gi ro\u015blinne. Sk\u0142adniki produktu wspomagaj\u0105 eliminacj\u0119 wody. Ponadto sk\u0142adniki produktu wspomagaj\u0105 odchudzanie, utrzymanie prawid\u0142owej masy cia\u0142a, u\u0142atwiaj\u0105 redukcj\u0119 cellulitu i wspieraj\u0105 samopoczucie w okresie napi\u0119cia przedmiesi\u0105czkowego.Opuncja figowa wspiera proces metabolizmu t\u0142uszcz\u00f3w. Pomaga kontrolowa\u0107 mas\u0119 cia\u0142a. Wspomaga zmniejszanie apetytu.Mniszek lekarski u\u0142atwia wydalanie nadmiaru wody z organizmu. Wspomaga detoksykacj\u0119 w spos\u00f3b naturalny.Pokrzywa zwyczajna wspiera proces oczyszczania organizmu. Wspomaga proces metabolizmu t\u0142uszcz\u00f3w. Pomaga zachowa\u0107 witalno\u015b\u0107 i utrzyma\u0107 energi\u0119.Zielona herbata zawiera substancje o w\u0142a\u015bciwo\u015bciach antyoksydacyjnych. Pomaga chroni\u0107 kom\u00f3rki przed dzia\u0142aniem wolnych rodnik\u00f3w. Wspomaga wydalanie wody z organizmu.Wyci\u0105g z nasion winogron pomaga kontrolowa\u0107 mas\u0119 cia\u0142a \u2013 przy stosowaniu racjonalnej diety. Wspomaga proces redukcji cellulitu.Wyci\u0105g z ziela naw\u0142oci wspomaga prac\u0119 uk\u0142adu moczowego, pomagaj\u0105c usun\u0105\u0107 nadmiar wody z organizmu. Wspiera proces naturalnego oczyszczania. Pomaga zachowa\u0107 dobry nastr\u00f3j. Wspomaga zwi\u0119kszenie odporno\u015bci.                            <\/p>\n<p>Sk\u0142adniki:Substancja wype\u0142niaj\u0105ca: celuloza, wyci\u0105g z ziela pokrzywy, wyci\u0105g z zielonej herbaty, ekstrakt z owocu opuncji figowej, wyci\u0105g z nasion winogron, wyci\u0105g z korzenia mniszka lekarskiego, substancja glazuruj\u0105ca: hydroksypropylometyloceluloza, wyci\u0105g z ziela naw\u0142oci, substancja wype\u0142niaj\u0105ca: s\u00f3l sodowa karboksymetylocelulozy usieciowana, substancja glazuruj\u0105ca: sole magnezowe kwas\u00f3w t\u0142uszczowych, substancja przeciwzbrylaj\u0105ca: dwutlenek krzemu, barwnik: dwutlenek tytanu, substancje glazuruj\u0105ce: hydroksypropyloceluloza, wosk pszczeli oraz wosk carnauba.                            <\/p>\n<p>Stosowanie:1 tabletka dziennie popijaj\u0105c wod\u0105.                            <\/p>\n<p>***Suplementy diety nie mog\u0105 by\u0107 stosowane jako substytut (zamiennik) zr\u00f3\u017cnicowanej diety ani zdrowego trybu \u017cycia. Nie nale\u017cy przekracza\u0107 zalecanej porcji produktu do spo\u017cycia w ci\u0105gu dnia. Suplementy diety powinny by\u0107 przechowywane w spos\u00f3b niedost\u0119pny dla ma\u0142ych dzieci. Przed zastosowaniem produktu sugerujemy zapoznanie si\u0119 z dok\u0142adnymi informacjami podanymi na opakowaniu lub za\u0142\u0105czonej ulotce.<\/p>\n<h2>Hydrominum 30 tabl. Aflofarm<\/h2>\n<p>super zings kolorowanka, milan imi\u0119, posz\u0142a ola na spacerek, \u015bw przemys\u0142aw, quiz o minecraft, zabawki na roczek dla dziewczynki, znaki drogowe do druku, miko\u0142ajkowe zabawy, quiz z ma\u0142ego ksi\u0119cia, gry z pi\u0142k\u0105, przysz\u0142a zima bia\u0142a, pies kolorowanka, miko\u0142ajek sprawdzian z lektury z odpowiedziami, karty pracy dla dzieci z ukrainy<\/p>\n<p>yyyyy<\/p>\n<p>&nbsp;<\/p>\n","protected":false},"excerpt":{"rendered":"<p>AFLOFARM\u00a0Hydrominum 30 tabl.Suplement wspomaga redukcj\u0119 ilo\u015bci wody w organizmie i zawartych w niej toksyn. Polecany osobom zmagaj\u0105cym si\u0119 z problemem cellulitu wodnego, nieodpowiedni\u0105 diet\u0105 oraz kobietom stosuj\u0105cym antykoncepcj\u0119 hormonaln\u0105.\u00a0 W\u0142a\u015bciwo\u015bci:Hydrominum to suplement diety, kt\u00f3ry zawiera naturalne wyci\u0105gi ro\u015blinne. Sk\u0142adniki produktu wspomagaj\u0105 eliminacj\u0119 wody. Ponadto sk\u0142adniki produktu wspomagaj\u0105 odchudzanie, utrzymanie prawid\u0142owej masy cia\u0142a, u\u0142atwiaj\u0105 redukcj\u0119 cellulitu [&hellip;]<\/p>\n","protected":false},"featured_media":9224,"comment_status":"closed","ping_status":"open","template":"","meta":[],"product_cat":[201,1776],"product_tag":[719,613,647,588],"class_list":["post-9223","product","type-product","status-publish","has-post-thumbnail","hentry","product_cat-aflofarm","product_cat-suplementy-na-odchudzanie","product_tag-dziecko-cytaty-zlote-mysli","product_tag-na-wyspach-bergamutach","product_tag-warszawa-z-dzieckiem","product_tag-wzruszajace-slowa-dla-przyjaciela"],"_links":{"self":[{"href":"http:\/\/klubmamgdynia.pl\/index.php\/wp-json\/wp\/v2\/product\/9223","targetHints":{"allow":["GET"]}}],"collection":[{"href":"http:\/\/klubmamgdynia.pl\/index.php\/wp-json\/wp\/v2\/product"}],"about":[{"href":"http:\/\/klubmamgdynia.pl\/index.php\/wp-json\/wp\/v2\/types\/product"}],"replies":[{"embeddable":true,"href":"http:\/\/klubmamgdynia.pl\/index.php\/wp-json\/wp\/v2\/comments?post=9223"}],"wp:featuredmedia":[{"embeddable":true,"href":"http:\/\/klubmamgdynia.pl\/index.php\/wp-json\/wp\/v2\/media\/9224"}],"wp:attachment":[{"href":"http:\/\/klubmamgdynia.pl\/index.php\/wp-json\/wp\/v2\/media?parent=9223"}],"wp:term":[{"taxonomy":"product_cat","embeddable":true,"href":"http:\/\/klubmamgdynia.pl\/index.php\/wp-json\/wp\/v2\/product_cat?post=9223"},{"taxonomy":"product_tag","embeddable":true,"href":"http:\/\/klubmamgdynia.pl\/index.php\/wp-json\/wp\/v2\/product_tag?post=9223"}],"curies":[{"name":"wp","href":"https:\/\/api.w.org\/{rel}","templated":true}]}}