{"id":9225,"date":"2022-02-11T04:05:30","date_gmt":"2022-02-11T03:05:30","guid":{"rendered":"http:\/\/klubmamgdynia.pl\/index.php\/produkt\/joumma-bags-plecak-szkolny-44-cm-enso-try-harder\/"},"modified":"2026-04-05T21:39:48","modified_gmt":"2026-04-05T19:39:48","slug":"joumma-bags-plecak-szkolny-44-cm-enso-try-harder","status":"publish","type":"product","link":"http:\/\/klubmamgdynia.pl\/index.php\/produkt\/joumma-bags-plecak-szkolny-44-cm-enso-try-harder\/","title":{"rendered":"Joumma Bags Plecak Szkolny 44 Cm Enso Try Harder"},"content":{"rendered":"<p>Plecak 32 cm x 44 cm x 15 cm.Wykonany z poliestru.Komora na laptop 15,6&#8243; (35,5 x 26 x 3 cm)Kiesze\u0144 przedniaTylna strona z ergonomicznymi i wy\u015bcie\u0142anymi paskami.Mo\u017cliwo\u015b\u0107 wpi\u0119cia do w\u00f3zka lub przystosowania do walizki za pomoc\u0105 tylnego paska.<\/p>\n<h2>Joumma Bags Plecak Szkolny 44 Cm Enso Try Harder Joumma Bags<\/h2>\n<p>fabian, kolorowanki do druku konie, rzadkie imiona dla dziewczynek, imi\u0119 marcel, u\u015bmiech dziecka wiersz, test asiunia, bajka na dobranoc do czytania, cytaty o dzieciach i rodzinie, test z lektury opowie\u015bci z narni lew czarownica i stara szafa, zabawy ruchowe dla dzieci w wieku szkolnym, zagadki \u015bmieszne dla dzieci<\/p>\n<p>yyyyy<\/p>\n<p>&nbsp;<\/p>\n","protected":false},"excerpt":{"rendered":"<p>Plecak 32 cm x 44 cm x 15 cm.Wykonany z poliestru.Komora na laptop 15,6&#8243; (35,5 x 26 x 3 cm)Kiesze\u0144 przedniaTylna strona z ergonomicznymi i wy\u015bcie\u0142anymi paskami.Mo\u017cliwo\u015b\u0107 wpi\u0119cia do w\u00f3zka lub przystosowania do walizki za pomoc\u0105 tylnego paska. Joumma Bags Plecak Szkolny 44 Cm Enso Try Harder Joumma Bags fabian, kolorowanki do druku konie, rzadkie [&hellip;]<\/p>\n","protected":false},"featured_media":9226,"comment_status":"closed","ping_status":"open","template":"","meta":[],"product_cat":[1803,329],"product_tag":[817,775,576,799],"class_list":["post-9225","product","type-product","status-publish","has-post-thumbnail","hentry","product_cat-joumma-bags","product_cat-plecaki-szkolne","product_tag-bajka-terapeutyczna-o-emocjach","product_tag-kolorowanki-do-druku-pokemon","product_tag-trudne-zagadki","product_tag-zagadka-logiczna"],"_links":{"self":[{"href":"http:\/\/klubmamgdynia.pl\/index.php\/wp-json\/wp\/v2\/product\/9225","targetHints":{"allow":["GET"]}}],"collection":[{"href":"http:\/\/klubmamgdynia.pl\/index.php\/wp-json\/wp\/v2\/product"}],"about":[{"href":"http:\/\/klubmamgdynia.pl\/index.php\/wp-json\/wp\/v2\/types\/product"}],"replies":[{"embeddable":true,"href":"http:\/\/klubmamgdynia.pl\/index.php\/wp-json\/wp\/v2\/comments?post=9225"}],"wp:featuredmedia":[{"embeddable":true,"href":"http:\/\/klubmamgdynia.pl\/index.php\/wp-json\/wp\/v2\/media\/9226"}],"wp:attachment":[{"href":"http:\/\/klubmamgdynia.pl\/index.php\/wp-json\/wp\/v2\/media?parent=9225"}],"wp:term":[{"taxonomy":"product_cat","embeddable":true,"href":"http:\/\/klubmamgdynia.pl\/index.php\/wp-json\/wp\/v2\/product_cat?post=9225"},{"taxonomy":"product_tag","embeddable":true,"href":"http:\/\/klubmamgdynia.pl\/index.php\/wp-json\/wp\/v2\/product_tag?post=9225"}],"curies":[{"name":"wp","href":"https:\/\/api.w.org\/{rel}","templated":true}]}}