{"id":9233,"date":"2023-01-22T17:25:45","date_gmt":"2023-01-22T16:25:45","guid":{"rendered":"http:\/\/klubmamgdynia.pl\/?post_type=product&#038;p=9233"},"modified":"2026-04-30T07:00:23","modified_gmt":"2026-04-30T05:00:23","slug":"mega-creative-zestaw-kuchenny-crative-498936-zabawka","status":"publish","type":"product","link":"http:\/\/klubmamgdynia.pl\/index.php\/produkt\/mega-creative-zestaw-kuchenny-crative-498936-zabawka\/","title":{"rendered":"Mega Creative Zestaw Kuchenny Crative 498936 &#8211; Zabawka"},"content":{"rendered":"<p>Zalety produktu: rozwija zdolno\u015bci poznawcze, kreatywno\u015b\u0107 dziecka. Twoje dziecko najlepiej uczy si\u0119 poprzez zabaw\u0119. Zach\u0119caj\u0105c je do niej, przyczyniasz si\u0119 do rozwoju jego kreatywno\u015bci, zmys\u0142\u00f3w i zdolno\u015bci poznawczych. Zestaw kuchenny MEGA CREATIVE b\u0119dzie doskona\u0142ym uzupe\u0142nieniem ka\u017cdej dzieci\u0119cej kuchni Zawarto\u015b\u0107 zestawu: kuchenka z dwoma palnikami i grillem, garnek z pokrywk\u0105, patelnia, czajniczek, 2x kubek, 2x fili\u017canka, taca, deska do krojenia n\u00f3\u017c, 2x talerzyk, zupa w proszku, 1 chochla, 1x podbierak. Ca\u0142o\u015b\u0107 wykonana z plastiku i kartonu. Wszystkie produkty s\u0105 imitacj\u0105 prawdziwych Wymiary\/waga\/baterie: wymiary produktu d\u0142. x wys. x g\u0142. cm : kuchenka 28x3x17, wymiar opakowania d\u0142. x wys. x g\u0142. cm : 68x38x9, waga produktu bez opakowania kg : 0,62 kg, waga produktu w opakowaniu kg : 1,07 kg,, nie wymaga zasilania bateriami. Produkt przeznaczony dla dzieci w wieku: 3 . Pakowany w kartonik z okienkiem. W kartonie po 24 szt.<\/p>\n<h2>Mega Creative Zestaw Kuchenny Crative 498936 &#8211; Zabawka Mega Creative<\/h2>\n<p>prank na prima aprilis, wierszyki o marzannie, test z lektury felix net i nika oraz gang niewidzialnych ludzi, test wiedzy zemsta, delfinarium polska, gabriel imie, zagadki na inteligencje<\/p>\n<p>yyyyy<\/p>\n<p>&nbsp;<\/p>\n","protected":false},"excerpt":{"rendered":"<p>Zalety produktu: rozwija zdolno\u015bci poznawcze, kreatywno\u015b\u0107 dziecka. Twoje dziecko najlepiej uczy si\u0119 poprzez zabaw\u0119. Zach\u0119caj\u0105c je do niej, przyczyniasz si\u0119 do rozwoju jego kreatywno\u015bci, zmys\u0142\u00f3w i zdolno\u015bci poznawczych. Zestaw kuchenny MEGA CREATIVE b\u0119dzie doskona\u0142ym uzupe\u0142nieniem ka\u017cdej dzieci\u0119cej kuchni Zawarto\u015b\u0107 zestawu: kuchenka z dwoma palnikami i grillem, garnek z pokrywk\u0105, patelnia, czajniczek, 2x kubek, 2x fili\u017canka, [&hellip;]<\/p>\n","protected":false},"featured_media":9234,"comment_status":"closed","ping_status":"open","template":"","meta":[],"product_cat":[53,64],"product_tag":[728,754,732,846,773],"class_list":["post-9233","product","type-product","status-publish","has-post-thumbnail","hentry","product_cat-kaciki-zabaw","product_cat-mega-creative","product_tag-bezwarunkowa-milosc-do-dziecka-cytaty","product_tag-dyplomy-do-wydrukowania-a4","product_tag-prezent-dla-rocznego-chlopca","product_tag-rysowanki","product_tag-test-z-lektury-opowiesci-z-narnii-lew-czarownica-i-stara-szafa"],"_links":{"self":[{"href":"http:\/\/klubmamgdynia.pl\/index.php\/wp-json\/wp\/v2\/product\/9233","targetHints":{"allow":["GET"]}}],"collection":[{"href":"http:\/\/klubmamgdynia.pl\/index.php\/wp-json\/wp\/v2\/product"}],"about":[{"href":"http:\/\/klubmamgdynia.pl\/index.php\/wp-json\/wp\/v2\/types\/product"}],"replies":[{"embeddable":true,"href":"http:\/\/klubmamgdynia.pl\/index.php\/wp-json\/wp\/v2\/comments?post=9233"}],"wp:featuredmedia":[{"embeddable":true,"href":"http:\/\/klubmamgdynia.pl\/index.php\/wp-json\/wp\/v2\/media\/9234"}],"wp:attachment":[{"href":"http:\/\/klubmamgdynia.pl\/index.php\/wp-json\/wp\/v2\/media?parent=9233"}],"wp:term":[{"taxonomy":"product_cat","embeddable":true,"href":"http:\/\/klubmamgdynia.pl\/index.php\/wp-json\/wp\/v2\/product_cat?post=9233"},{"taxonomy":"product_tag","embeddable":true,"href":"http:\/\/klubmamgdynia.pl\/index.php\/wp-json\/wp\/v2\/product_tag?post=9233"}],"curies":[{"name":"wp","href":"https:\/\/api.w.org\/{rel}","templated":true}]}}