{"id":9235,"date":"2025-02-18T18:45:17","date_gmt":"2025-02-18T17:45:17","guid":{"rendered":"http:\/\/klubmamgdynia.pl\/?post_type=product&#038;p=9235"},"modified":"2026-04-04T05:41:58","modified_gmt":"2026-04-04T03:41:58","slug":"tzmo-sa-patyczki-bella-cotton-okragle-pudelko-100-sztuk","status":"publish","type":"product","link":"http:\/\/klubmamgdynia.pl\/index.php\/produkt\/tzmo-sa-patyczki-bella-cotton-okragle-pudelko-100-sztuk\/","title":{"rendered":"TZMO SA PATYCZKI BELLA COTTON, OKR\u0104G\u0141E PUDE\u0141KO, 100 SZTUK"},"content":{"rendered":"<p>OpisPatyczki do uszu to produkt stosowany do higieny osobistej oraz w salonach kosmetycznych. Patyczki zako\u0144czone s\u0105 warstw\u0105 waty, kt\u00f3ra s\u0142u\u017cy do czyszczenia m.in. ma\u0142\u017cowiny usznej.Sk\u0142adWykonane ze 100% bawe\u0142nyZawarto\u015b\u0107Opakowanie (pude\u0142ko okr\u0105g\u0142e) zawiera 100 sztukSpos\u00f3b u\u017cyciaProdukt nadaje si\u0119 do czyszczenia ma\u0142\u017cowiny usznej, nie przewodu s\u0142uchowego. Nie nale\u017cy wk\u0142ada\u0107 patyczka do jego kana\u0142u, gdy\u017c mo\u017cna uszkodzi\u0107 kostki s\u0142uchowe.PKWIU 17.22.12.0RodzajEANBLOZ_07 9039432<\/p>\n<h2>TZMO SA PATYCZKI BELLA COTTON, OKR\u0104G\u0141E PUDE\u0141KO, 100 SZTUK Bella<\/h2>\n<p>fajne zagadki, bajki do czytania dla ch\u0142opc\u00f3w, pomys\u0142y na prima aprilis w szkole, dzie\u0144 mamy sentencje, cytaty o przyjazni, anastazja imi\u0119, kolorowanka harry potter, imi\u0119 pola, spiderman kolorowanka, gry planszowe dla m\u0142odzie\u017cy, kolorowanka pokemon, zabawy z pi\u0142k\u0105, kolorowanki ninjago, pieski pies kolorowanka, audiobooki dla dzieci za darmo, opisy do zdj z dzieckiem, kolorowanki \u015bwi\u0119to niepodleg\u0142o\u015bci do druku, \u015bmieszne zagadki, kolorowanka ninjago, halloween dla dzieci 2021, maska karnawa\u0142owa pdf<\/p>\n<p>yyyyy<\/p>\n<p>&nbsp;<\/p>\n","protected":false},"excerpt":{"rendered":"<p>OpisPatyczki do uszu to produkt stosowany do higieny osobistej oraz w salonach kosmetycznych. Patyczki zako\u0144czone s\u0105 warstw\u0105 waty, kt\u00f3ra s\u0142u\u017cy do czyszczenia m.in. ma\u0142\u017cowiny usznej.Sk\u0142adWykonane ze 100% bawe\u0142nyZawarto\u015b\u0107Opakowanie (pude\u0142ko okr\u0105g\u0142e) zawiera 100 sztukSpos\u00f3b u\u017cyciaProdukt nadaje si\u0119 do czyszczenia ma\u0142\u017cowiny usznej, nie przewodu s\u0142uchowego. Nie nale\u017cy wk\u0142ada\u0107 patyczka do jego kana\u0142u, gdy\u017c mo\u017cna uszkodzi\u0107 kostki s\u0142uchowe.PKWIU [&hellip;]<\/p>\n","protected":false},"featured_media":9236,"comment_status":"closed","ping_status":"open","template":"","meta":[],"product_cat":[35,1804],"product_tag":[871,703,778,872],"class_list":["post-9235","product","type-product","status-publish","has-post-thumbnail","hentry","product_cat-bella","product_cat-patyczki-higieniczne","product_tag-bajka-o-smoku-wawelskim","product_tag-prezent-dla-nastolatki","product_tag-zabawki-na-roczek-dla-chlopca","product_tag-zagadki-dla-dzieci-6-lat"],"_links":{"self":[{"href":"http:\/\/klubmamgdynia.pl\/index.php\/wp-json\/wp\/v2\/product\/9235","targetHints":{"allow":["GET"]}}],"collection":[{"href":"http:\/\/klubmamgdynia.pl\/index.php\/wp-json\/wp\/v2\/product"}],"about":[{"href":"http:\/\/klubmamgdynia.pl\/index.php\/wp-json\/wp\/v2\/types\/product"}],"replies":[{"embeddable":true,"href":"http:\/\/klubmamgdynia.pl\/index.php\/wp-json\/wp\/v2\/comments?post=9235"}],"wp:featuredmedia":[{"embeddable":true,"href":"http:\/\/klubmamgdynia.pl\/index.php\/wp-json\/wp\/v2\/media\/9236"}],"wp:attachment":[{"href":"http:\/\/klubmamgdynia.pl\/index.php\/wp-json\/wp\/v2\/media?parent=9235"}],"wp:term":[{"taxonomy":"product_cat","embeddable":true,"href":"http:\/\/klubmamgdynia.pl\/index.php\/wp-json\/wp\/v2\/product_cat?post=9235"},{"taxonomy":"product_tag","embeddable":true,"href":"http:\/\/klubmamgdynia.pl\/index.php\/wp-json\/wp\/v2\/product_tag?post=9235"}],"curies":[{"name":"wp","href":"https:\/\/api.w.org\/{rel}","templated":true}]}}