{"id":924,"date":"2010-11-04T19:58:26","date_gmt":"2010-11-04T18:58:26","guid":{"rendered":"http:\/\/klubmamgdynia.pl\/index.php\/produkt\/gotel-zestaw-do-koszykowki-kosza-tablica-pilki\/"},"modified":"2026-04-04T13:08:45","modified_gmt":"2026-04-04T11:08:45","slug":"gotel-zestaw-do-koszykowki-kosza-tablica-pilki","status":"publish","type":"product","link":"http:\/\/klubmamgdynia.pl\/index.php\/produkt\/gotel-zestaw-do-koszykowki-kosza-tablica-pilki\/","title":{"rendered":"Gotel Zestaw Do Koszyk\u00f3wki Kosza Tablica + Pi\u0142ki"},"content":{"rendered":"<p>ZESTAW DO KOSZYK\u00d3WKI KOSZA TABLICA + PI\u0141KIZestaw 2w1 do gry w koszyk\u00f3wk\u0119 oraz do rzut\u00f3w pi\u0142eczkami. To idealny pomys\u0142 na aktywne sp\u0119dzanie wolnego czasu zar\u00f3wno w domu jak i na \u015bwie\u017cym powietrzu. Zestaw posiada podstaw\u0119 do wype\u0142nienia wod\u0105 lub piaskiem.Zawarto\u015b\u0107 zestawu:1 g\u0142\u00f3wny kosz do koszyk\u00f3wki (\u015brednica zew. obr\u0119czy: 19,5cm)4 boczne kosze do rzut\u00f3w pi\u0142eczkami2 pompowane pi\u0142ki do koszyk\u00f3wki o \u015br. 10cm w zestawie4 kolorowe pi\u0142eczki o \u015br. 5,5cmpompka do pi\u0142ek z iglic\u0105wymiary: 108x35x35cmwymiary opakowania: 27x14x44cmZabawka przeznaczona dla dzieci powy\u017cej 3 roku \u017cycia.Relaks nie tylko dla najm\u0142odszychZabawka idealnie sprawdzi si\u0119 w biurze jako spos\u00f3b na odstresowanie i odpr\u0119\u017cenie w pracyStabilna podstawaAby zwi\u0119kszy\u0107 stabilno\u015b\u0107 zabawki mo\u017cna wype\u0142ni\u0107 podstaw\u0119 piaskiem lub wod\u0105<\/p>\n<h2>Gotel Zestaw Do Koszyk\u00f3wki Kosza Tablica + Pi\u0142ki <\/h2>\n<p>zagadki dla dzieci 7 lat o zwierz\u0119tach, atrakcje dla dzieci we wroc\u0142awiu, bajki na dobranoc dla dzieci, zagadki dla ma\u0142ych dzieci<\/p>\n<p>yyyyy<\/p>\n<p>&nbsp;<\/p>\n","protected":false},"excerpt":{"rendered":"<p>ZESTAW DO KOSZYK\u00d3WKI KOSZA TABLICA + PI\u0141KIZestaw 2w1 do gry w koszyk\u00f3wk\u0119 oraz do rzut\u00f3w pi\u0142eczkami. To idealny pomys\u0142 na aktywne sp\u0119dzanie wolnego czasu zar\u00f3wno w domu jak i na \u015bwie\u017cym powietrzu. Zestaw posiada podstaw\u0119 do wype\u0142nienia wod\u0105 lub piaskiem.Zawarto\u015b\u0107 zestawu:1 g\u0142\u00f3wny kosz do koszyk\u00f3wki (\u015brednica zew. obr\u0119czy: 19,5cm)4 boczne kosze do rzut\u00f3w pi\u0142eczkami2 pompowane [&hellip;]<\/p>\n","protected":false},"featured_media":925,"comment_status":"closed","ping_status":"open","template":"","meta":[],"product_cat":[295],"product_tag":[837,754,790,609,592],"class_list":["post-924","product","type-product","status-publish","has-post-thumbnail","hentry","product_cat-pozostale-zabawki","product_tag-cicha-noc-po-angielsku","product_tag-dyplomy-do-wydrukowania-a4","product_tag-gry-planszowe-dla-nastolatkow","product_tag-quiz-flagi-europy","product_tag-zagadki-dla-dzieci"],"_links":{"self":[{"href":"http:\/\/klubmamgdynia.pl\/index.php\/wp-json\/wp\/v2\/product\/924","targetHints":{"allow":["GET"]}}],"collection":[{"href":"http:\/\/klubmamgdynia.pl\/index.php\/wp-json\/wp\/v2\/product"}],"about":[{"href":"http:\/\/klubmamgdynia.pl\/index.php\/wp-json\/wp\/v2\/types\/product"}],"replies":[{"embeddable":true,"href":"http:\/\/klubmamgdynia.pl\/index.php\/wp-json\/wp\/v2\/comments?post=924"}],"wp:featuredmedia":[{"embeddable":true,"href":"http:\/\/klubmamgdynia.pl\/index.php\/wp-json\/wp\/v2\/media\/925"}],"wp:attachment":[{"href":"http:\/\/klubmamgdynia.pl\/index.php\/wp-json\/wp\/v2\/media?parent=924"}],"wp:term":[{"taxonomy":"product_cat","embeddable":true,"href":"http:\/\/klubmamgdynia.pl\/index.php\/wp-json\/wp\/v2\/product_cat?post=924"},{"taxonomy":"product_tag","embeddable":true,"href":"http:\/\/klubmamgdynia.pl\/index.php\/wp-json\/wp\/v2\/product_tag?post=924"}],"curies":[{"name":"wp","href":"https:\/\/api.w.org\/{rel}","templated":true}]}}