{"id":9267,"date":"2015-07-07T18:48:12","date_gmt":"2015-07-07T16:48:12","guid":{"rendered":"http:\/\/klubmamgdynia.pl\/index.php\/produkt\/playgro-przywieszka-jednorozec-298774\/"},"modified":"2026-04-30T00:14:39","modified_gmt":"2026-04-29T22:14:39","slug":"playgro-przywieszka-jednorozec-298774","status":"publish","type":"product","link":"http:\/\/klubmamgdynia.pl\/index.php\/produkt\/playgro-przywieszka-jednorozec-298774\/","title":{"rendered":"Playgro Przywieszka Jednoro\u017cec 298774"},"content":{"rendered":"<p>Zawieszka \u2013 jednoro\u017cec marki Playgro to idealna zabawka dla najm\u0142odszych. Jest bardzo praktyczna- mo\u017cna j\u0105 przymocowa\u0107 do w\u00f3zka, fotelika samochodowego czy \u0142\u00f3\u017ceczka. Urocze zwierz\u0105tko z pewno\u015bci\u0105 zainteresuje Twojego malucha.nazwa na fakturze: PLAYGRO PRZYWIESZ.JEDNORO.3049EAN:  9321104830494Kod Producenta:  183049seria:  PRZYWIESZKAwymiar1 [mm]:  (bd)<\/p>\n<h2>Playgro Przywieszka Jednoro\u017cec 298774 Playgro<\/h2>\n<p>pieski ma\u0142e dwa tekst, zagadka dla dzieci, pomys\u0142 na prezent na roczek, fajne zagadki dla dzieci, mandala kolorowanka, atrakcje dla dzieci warszawa i okolice, literki dla dzieci, kolorowanka europa, test z lektury opowie\u015bci z narnii lew czarownica i stara szafa, kr\u00f3tkie bajki do czytania na dobranoc, doros\u0142ych kolorowanki dziewczyny, dziewczynka z parku pytania i odpowiedzi, test narnia lew czarownica i stara szafa, test z lektury dzieci z bullerbyn, bajki dla dziewczynek, kolorowanki do druku dla doros\u0142ych, historia pluszowego misia, kanapki halloween, test z lektury opowie\u015bci z narnii lew czarownica i stara szafa z odpowiedziami, kolorowe ciasto, kryspinow<\/p>\n<p>yyyyy<\/p>\n<p>&nbsp;<\/p>\n","protected":false},"excerpt":{"rendered":"<p>Zawieszka \u2013 jednoro\u017cec marki Playgro to idealna zabawka dla najm\u0142odszych. Jest bardzo praktyczna- mo\u017cna j\u0105 przymocowa\u0107 do w\u00f3zka, fotelika samochodowego czy \u0142\u00f3\u017ceczka. Urocze zwierz\u0105tko z pewno\u015bci\u0105 zainteresuje Twojego malucha.nazwa na fakturze: PLAYGRO PRZYWIESZ.JEDNORO.3049EAN: 9321104830494Kod Producenta: 183049seria: PRZYWIESZKAwymiar1 [mm]: (bd) Playgro Przywieszka Jednoro\u017cec 298774 Playgro pieski ma\u0142e dwa tekst, zagadka dla dzieci, pomys\u0142 na prezent na [&hellip;]<\/p>\n","protected":false},"featured_media":9268,"comment_status":"closed","ping_status":"open","template":"","meta":[],"product_cat":[42,1808],"product_tag":[680,740,617,583,869],"class_list":["post-9267","product","type-product","status-publish","has-post-thumbnail","hentry","product_cat-maskotki","product_cat-playgro","product_tag-cytaty-z-malego-ksiecia","product_tag-fajne-prezenty-dla-nastolatkow","product_tag-keyword","product_tag-kolysanki-dla-dzieci-tekst","product_tag-zagadki-na-logike"],"_links":{"self":[{"href":"http:\/\/klubmamgdynia.pl\/index.php\/wp-json\/wp\/v2\/product\/9267","targetHints":{"allow":["GET"]}}],"collection":[{"href":"http:\/\/klubmamgdynia.pl\/index.php\/wp-json\/wp\/v2\/product"}],"about":[{"href":"http:\/\/klubmamgdynia.pl\/index.php\/wp-json\/wp\/v2\/types\/product"}],"replies":[{"embeddable":true,"href":"http:\/\/klubmamgdynia.pl\/index.php\/wp-json\/wp\/v2\/comments?post=9267"}],"wp:featuredmedia":[{"embeddable":true,"href":"http:\/\/klubmamgdynia.pl\/index.php\/wp-json\/wp\/v2\/media\/9268"}],"wp:attachment":[{"href":"http:\/\/klubmamgdynia.pl\/index.php\/wp-json\/wp\/v2\/media?parent=9267"}],"wp:term":[{"taxonomy":"product_cat","embeddable":true,"href":"http:\/\/klubmamgdynia.pl\/index.php\/wp-json\/wp\/v2\/product_cat?post=9267"},{"taxonomy":"product_tag","embeddable":true,"href":"http:\/\/klubmamgdynia.pl\/index.php\/wp-json\/wp\/v2\/product_tag?post=9267"}],"curies":[{"name":"wp","href":"https:\/\/api.w.org\/{rel}","templated":true}]}}