{"id":9275,"date":"2024-06-25T19:40:45","date_gmt":"2024-06-25T17:40:45","guid":{"rendered":"http:\/\/klubmamgdynia.pl\/?post_type=product&#038;p=9275"},"modified":"2026-04-04T16:13:27","modified_gmt":"2026-04-04T14:13:27","slug":"spin-master-maskotka-psi-patrol-mini-rocky","status":"publish","type":"product","link":"http:\/\/klubmamgdynia.pl\/index.php\/produkt\/spin-master-maskotka-psi-patrol-mini-rocky\/","title":{"rendered":"Spin Master Maskotka Psi Patrol Mini Rocky"},"content":{"rendered":"<p>Przytul si\u0119 ze swoimi ulubionymi szczeniakami Psi Patrol dzi\u0119ki Mini Plush Pups! Wykonane z przytulnego materia\u0142u, ka\u017cdy szczeniak nosi pluszow\u0105 czapk\u0119 i charakterystyczny mundur Psiego Patrolu! Dzi\u0119ki realistycznym detalom te ukochane postacie o\u017cywaj\u0105!<\/p>\n<h2>Spin Master Maskotka Psi Patrol Mini Rocky Spin Master<\/h2>\n<p>proste przepisy dla dzieci, labirynty dla dzieci, zagadki dla 8 latk\u00f3w, kolorowanka spiderman, test znaki drogowe, kryspinow, testy z lektury opowie\u015bci z narnii lew czarownica i stara szafa, nauka zegara do druku<\/p>\n<p>yyyyy<\/p>\n<p>&nbsp;<\/p>\n","protected":false},"excerpt":{"rendered":"<p>Przytul si\u0119 ze swoimi ulubionymi szczeniakami Psi Patrol dzi\u0119ki Mini Plush Pups! Wykonane z przytulnego materia\u0142u, ka\u017cdy szczeniak nosi pluszow\u0105 czapk\u0119 i charakterystyczny mundur Psiego Patrolu! Dzi\u0119ki realistycznym detalom te ukochane postacie o\u017cywaj\u0105! Spin Master Maskotka Psi Patrol Mini Rocky Spin Master proste przepisy dla dzieci, labirynty dla dzieci, zagadki dla 8 latk\u00f3w, kolorowanka spiderman, [&hellip;]<\/p>\n","protected":false},"featured_media":9276,"comment_status":"closed","ping_status":"open","template":"","meta":[],"product_cat":[42,94],"product_tag":[836,691,599,783,591,588,873],"class_list":["post-9275","product","type-product","status-publish","has-post-thumbnail","hentry","product_cat-maskotki","product_cat-spin-master","product_tag-co-kupic-dziecku-na-roczek","product_tag-gabriel","product_tag-prezent-dla-nastolatkow-2021","product_tag-prezenty-na-roczek-dla-chlopca","product_tag-quiz-o-minecraft","product_tag-wzruszajace-slowa-dla-przyjaciela","product_tag-zagadki-z-odpowiedziami-dla-dzieci"],"_links":{"self":[{"href":"http:\/\/klubmamgdynia.pl\/index.php\/wp-json\/wp\/v2\/product\/9275","targetHints":{"allow":["GET"]}}],"collection":[{"href":"http:\/\/klubmamgdynia.pl\/index.php\/wp-json\/wp\/v2\/product"}],"about":[{"href":"http:\/\/klubmamgdynia.pl\/index.php\/wp-json\/wp\/v2\/types\/product"}],"replies":[{"embeddable":true,"href":"http:\/\/klubmamgdynia.pl\/index.php\/wp-json\/wp\/v2\/comments?post=9275"}],"wp:featuredmedia":[{"embeddable":true,"href":"http:\/\/klubmamgdynia.pl\/index.php\/wp-json\/wp\/v2\/media\/9276"}],"wp:attachment":[{"href":"http:\/\/klubmamgdynia.pl\/index.php\/wp-json\/wp\/v2\/media?parent=9275"}],"wp:term":[{"taxonomy":"product_cat","embeddable":true,"href":"http:\/\/klubmamgdynia.pl\/index.php\/wp-json\/wp\/v2\/product_cat?post=9275"},{"taxonomy":"product_tag","embeddable":true,"href":"http:\/\/klubmamgdynia.pl\/index.php\/wp-json\/wp\/v2\/product_tag?post=9275"}],"curies":[{"name":"wp","href":"https:\/\/api.w.org\/{rel}","templated":true}]}}