{"id":9281,"date":"2024-09-20T11:23:02","date_gmt":"2024-09-20T09:23:02","guid":{"rendered":"http:\/\/klubmamgdynia.pl\/?post_type=product&#038;p=9281"},"modified":"2026-04-20T21:07:21","modified_gmt":"2026-04-20T19:07:21","slug":"ferplast-klatka-barn-100-szara","status":"publish","type":"product","link":"http:\/\/klubmamgdynia.pl\/index.php\/produkt\/ferplast-klatka-barn-100-szara\/","title":{"rendered":"Ferplast Klatka Barn 100 Szara"},"content":{"rendered":"<p>Wysoka klatka dla gryzoni. Projekt i konstrukcja nawi\u0105zuje do wygl\u0105du dawnych ameryka\u0144skich stod\u00f3\u0142. Design po\u0142\u0105czony jest tu z funkcjonalno\u015bci\u0105 &#8211; podwy\u017cszony strop i sko\u015bne zako\u0144czenie daszku znacznie powi\u0119ksza przestrze\u0144 \u017cyciow\u0105 gryzonia.Klatka sk\u0142ada si\u0119 z g\u00f3ry wraz ze stalowymi pr\u0119tami, kt\u00f3rych rozstaw uniemo\u017cliwia przedostanie si\u0119 gryzoni oraz mocnej, wysokiej plastikowej podstawy ograniczaj\u0105cej roznoszenie si\u0119 wy\u015bci\u00f3\u0142ki wok\u00f3\u0142 klatki.Klatka jest dwukondygnacyjna i bardzo atrakcyjna dla pupila. Na parterze i pierwszej platformie zorganizowano miejsce do odopoczynku i jedzenia, na drugiej za\u015b mo\u017cna przygotowa\u0107 pupilowi ma\u0142y plac zabaw.Praktycznym rozwi\u0105zaniem zastosowanym w tej klatce jest otwierana g\u00f3ra. Umo\u017cliwia to lepszy kontakt z pupilem i si\u0119ganie do niego. Demonta\u017c klatki jest \u0142atwy, dzi\u0119ki czemu skraca czas jej czyszczenia.Klatka zosta\u0142a wyposa\u017cona w dodatkowe akcesoria:- schodki- miseczk\u0119- poide\u0142ko- domek- platformyNajwa\u017cniejsze zalety:- du\u017ca przestrze\u0144 dla gryzonia- bezpieczne, przesuwne drzwiczki- wysoka podstawa- \u0142atwo\u015b\u0107 czyszczenia- bogate wyposa\u017cenieWymiar: 96 x 57 x 73 cm<\/p>\n<h2>Ferplast Klatka Barn 100 Szara Ferplast<\/h2>\n<p>zagadki dla dzieci 6-7 lat, test z lektury opowie\u015bci z narni lew czarownica i stara szafa, koty do druku, mandala kolorowanka, imi\u0119 gaja, jaki prezent na roczek, jak narysowa\u0107 kr\u00f3lika, list do \u015bw miko\u0142aja &#8212; wz\u00f3r, kolorowanki na dzie\u0144 mamy, trudne zagadki na inteligencje, atrakcje wroc\u0142aw i okolice, choinko pi\u0119kna jak las tekst, znaczenia imienia alicja, wystawy dla dzieci warszawa<\/p>\n<p>yyyyy<\/p>\n<p>&nbsp;<\/p>\n","protected":false},"excerpt":{"rendered":"<p>Wysoka klatka dla gryzoni. Projekt i konstrukcja nawi\u0105zuje do wygl\u0105du dawnych ameryka\u0144skich stod\u00f3\u0142. Design po\u0142\u0105czony jest tu z funkcjonalno\u015bci\u0105 &#8211; podwy\u017cszony strop i sko\u015bne zako\u0144czenie daszku znacznie powi\u0119ksza przestrze\u0144 \u017cyciow\u0105 gryzonia.Klatka sk\u0142ada si\u0119 z g\u00f3ry wraz ze stalowymi pr\u0119tami, kt\u00f3rych rozstaw uniemo\u017cliwia przedostanie si\u0119 gryzoni oraz mocnej, wysokiej plastikowej podstawy ograniczaj\u0105cej roznoszenie si\u0119 wy\u015bci\u00f3\u0142ki wok\u00f3\u0142 [&hellip;]<\/p>\n","protected":false},"featured_media":9282,"comment_status":"closed","ping_status":"open","template":"","meta":[],"product_cat":[906,887],"product_tag":[844,763,596,586],"class_list":["post-9281","product","type-product","status-publish","has-post-thumbnail","hentry","product_cat-ferplast","product_cat-klatki-dla-malych-zwierzat","product_tag-co-kupic-na-roczek","product_tag-fabian","product_tag-pomysly-na-prima-aprilis","product_tag-smieszne-zagadki"],"_links":{"self":[{"href":"http:\/\/klubmamgdynia.pl\/index.php\/wp-json\/wp\/v2\/product\/9281","targetHints":{"allow":["GET"]}}],"collection":[{"href":"http:\/\/klubmamgdynia.pl\/index.php\/wp-json\/wp\/v2\/product"}],"about":[{"href":"http:\/\/klubmamgdynia.pl\/index.php\/wp-json\/wp\/v2\/types\/product"}],"replies":[{"embeddable":true,"href":"http:\/\/klubmamgdynia.pl\/index.php\/wp-json\/wp\/v2\/comments?post=9281"}],"wp:featuredmedia":[{"embeddable":true,"href":"http:\/\/klubmamgdynia.pl\/index.php\/wp-json\/wp\/v2\/media\/9282"}],"wp:attachment":[{"href":"http:\/\/klubmamgdynia.pl\/index.php\/wp-json\/wp\/v2\/media?parent=9281"}],"wp:term":[{"taxonomy":"product_cat","embeddable":true,"href":"http:\/\/klubmamgdynia.pl\/index.php\/wp-json\/wp\/v2\/product_cat?post=9281"},{"taxonomy":"product_tag","embeddable":true,"href":"http:\/\/klubmamgdynia.pl\/index.php\/wp-json\/wp\/v2\/product_tag?post=9281"}],"curies":[{"name":"wp","href":"https:\/\/api.w.org\/{rel}","templated":true}]}}