{"id":930,"date":"2020-07-20T21:41:11","date_gmt":"2020-07-20T19:41:11","guid":{"rendered":"http:\/\/klubmamgdynia.pl\/index.php\/produkt\/mega-creative-auto-wysc-r-c-ff-lad-47x20x20-kamera-wb-16\/"},"modified":"2026-05-17T23:23:11","modified_gmt":"2026-05-17T21:23:11","slug":"mega-creative-auto-wysc-r-c-ff-lad-47x20x20-kamera-wb-16","status":"publish","type":"product","link":"http:\/\/klubmamgdynia.pl\/index.php\/produkt\/mega-creative-auto-wysc-r-c-ff-lad-47x20x20-kamera-wb-16\/","title":{"rendered":"Mega Creative Auto Wysc R\/c Ff Lad 47x20x20 Kamera Wb 16"},"content":{"rendered":"<p>Samoch\u00f3d zdalnie sterowany za pomoc\u0105 pilota, samoch\u00f3d je\u017adzi we wszystkich kierunkach skierowanych przez Ciebie Kierowc\u0119!. Samoch\u00f3d MEGA CREATIVE wyst\u0119puje w dw\u00f3ch wersjach kolorystyki niebieskim i czerwonym (sprzedawane oddzielnie), rozp\u0119dza si\u0119 od 15-20km\/h wydaje odg\u0142osy silnika 2.4GHZ. Posiada efekty d\u017awi\u0119kowe i \u015bwietlne o\u015bwietlenie sportoweZawarto\u015b\u0107 zestawu: samoch\u00f3d wy\u015bcigowy, pilot do zdalnego sterowania.Wymiary\/waga\/baterie wymiary produktu (d\u0142. x wys. x g\u0142.)[cm]:31x10x15wymiary&#8230;<\/p>\n<h2>Mega Creative Auto Wysc R\/c Ff Lad 47x20x20 Kamera Wb 16 Mega Creative<\/h2>\n<p>radiowe nuty niech zyja wakacje, zagadki o zimie, kartka walentynkow\u0105 przedszkole, sentencje o rodzinie, bajka terapeutyczna o dokuczaniu, bajki do czytania na dobranoc, gry i zabawy ruchowe, wobies, na wyspach bergamutach tekst, rodzina sentencja, asiunia test, p\u0142onie ognisko w lesie, nastolatka, dobre \u017carty na prima aprilis<\/p>\n<p>yyyyy<\/p>\n<p>&nbsp;<\/p>\n","protected":false},"excerpt":{"rendered":"<p>Samoch\u00f3d zdalnie sterowany za pomoc\u0105 pilota, samoch\u00f3d je\u017adzi we wszystkich kierunkach skierowanych przez Ciebie Kierowc\u0119!. Samoch\u00f3d MEGA CREATIVE wyst\u0119puje w dw\u00f3ch wersjach kolorystyki niebieskim i czerwonym (sprzedawane oddzielnie), rozp\u0119dza si\u0119 od 15-20km\/h wydaje odg\u0142osy silnika 2.4GHZ. Posiada efekty d\u017awi\u0119kowe i \u015bwietlne o\u015bwietlenie sportoweZawarto\u015b\u0107 zestawu: samoch\u00f3d wy\u015bcigowy, pilot do zdalnego sterowania.Wymiary\/waga\/baterie wymiary produktu (d\u0142. x wys. [&hellip;]<\/p>\n","protected":false},"featured_media":931,"comment_status":"closed","ping_status":"open","template":"","meta":[],"product_cat":[83,64],"product_tag":[833,686,696,861,674,726],"class_list":["post-930","product","type-product","status-publish","has-post-thumbnail","hentry","product_cat-auta-i-inne-pojazdy-do-zabawy","product_cat-mega-creative","product_tag-bajki-dla-dzieci-do-czytania","product_tag-co-na-roczek-dla-chlopca","product_tag-film-rodzinny-o-swietach","product_tag-jak-narysowac-psa","product_tag-miasto-dzieci","product_tag-quiz-zemsta"],"_links":{"self":[{"href":"http:\/\/klubmamgdynia.pl\/index.php\/wp-json\/wp\/v2\/product\/930","targetHints":{"allow":["GET"]}}],"collection":[{"href":"http:\/\/klubmamgdynia.pl\/index.php\/wp-json\/wp\/v2\/product"}],"about":[{"href":"http:\/\/klubmamgdynia.pl\/index.php\/wp-json\/wp\/v2\/types\/product"}],"replies":[{"embeddable":true,"href":"http:\/\/klubmamgdynia.pl\/index.php\/wp-json\/wp\/v2\/comments?post=930"}],"wp:featuredmedia":[{"embeddable":true,"href":"http:\/\/klubmamgdynia.pl\/index.php\/wp-json\/wp\/v2\/media\/931"}],"wp:attachment":[{"href":"http:\/\/klubmamgdynia.pl\/index.php\/wp-json\/wp\/v2\/media?parent=930"}],"wp:term":[{"taxonomy":"product_cat","embeddable":true,"href":"http:\/\/klubmamgdynia.pl\/index.php\/wp-json\/wp\/v2\/product_cat?post=930"},{"taxonomy":"product_tag","embeddable":true,"href":"http:\/\/klubmamgdynia.pl\/index.php\/wp-json\/wp\/v2\/product_tag?post=930"}],"curies":[{"name":"wp","href":"https:\/\/api.w.org\/{rel}","templated":true}]}}