{"id":9301,"date":"2014-05-07T06:27:07","date_gmt":"2014-05-07T04:27:07","guid":{"rendered":"http:\/\/klubmamgdynia.pl\/index.php\/produkt\/granna-puzzle-100el-kosmiczny-wykop-00385\/"},"modified":"2026-05-02T11:52:45","modified_gmt":"2026-05-02T09:52:45","slug":"granna-puzzle-100el-kosmiczny-wykop-00385","status":"publish","type":"product","link":"http:\/\/klubmamgdynia.pl\/index.php\/produkt\/granna-puzzle-100el-kosmiczny-wykop-00385\/","title":{"rendered":"Granna Puzzle 100El. Kosmiczny Wykop 00385"},"content":{"rendered":"<p>Puzzle 100 el. Kosmiczny Wykop pi\u0142ka no\u017cna. Puzzle przeznaczone s\u0105 dla m\u0142odych fan\u00f3w pi\u0142ki no\u017cnej, w szczeg\u00f3lno\u015bci przypadn\u0105 do gustu wielbicielom gry planszowej i serialu animowanego &#8222;Kosmiczny wykop&#8221;. Obrazek przedstawia kosmit\u00f3w oraz Dru\u017cyn\u0119 Ziemi z Robertem Lewandowskim, uczestnik\u00f3w kosmicznych rozgrywek o tytu\u0142 mistrza Galaktycznej Ligi. Obrazek posiada \u017cyw\u0105 kolorystyk\u0119, ma 100 element\u00f3w, a jego rozmiar po u\u0142o\u017ceniu to 41 x 27,5 cm. Uk\u0142adanie puzzli poprawia koncentracj\u0119, uczy cierpliwo\u015bci, stymuluje logiczne my\u015blenie oraz zdolno\u015bci manualne. Zabawka przeznaczona jest dla dzieci w wieku od 3 lat i sk\u0142ada si\u0119 ze 100 element\u00f3w puzzli. Producent: GRANNA Kod producenta: GR03857 Wymiary opakowania: 28\u00d719\u00d76cm<\/p>\n<h2>Granna Puzzle 100El. Kosmiczny Wykop 00385 Granna<\/h2>\n<p>jak narysowa\u0107 \u017cab\u0119, asiunia pytania do lektury, filmy disneya, maska karnawa\u0142owa pdf, atrakcje dla dzieci wroc\u0142aw 2021, bajka do czytania, dyplomy do druku, \u0142\u00f3d\u017a atrakcje dla dzieci, dziecko cytaty, kolorowanki pokemon do druku, co dla rocznego dziecka<\/p>\n<p>yyyyy<\/p>\n<p>&nbsp;<\/p>\n","protected":false},"excerpt":{"rendered":"<p>Puzzle 100 el. Kosmiczny Wykop pi\u0142ka no\u017cna. Puzzle przeznaczone s\u0105 dla m\u0142odych fan\u00f3w pi\u0142ki no\u017cnej, w szczeg\u00f3lno\u015bci przypadn\u0105 do gustu wielbicielom gry planszowej i serialu animowanego &#8222;Kosmiczny wykop&#8221;. Obrazek przedstawia kosmit\u00f3w oraz Dru\u017cyn\u0119 Ziemi z Robertem Lewandowskim, uczestnik\u00f3w kosmicznych rozgrywek o tytu\u0142 mistrza Galaktycznej Ligi. Obrazek posiada \u017cyw\u0105 kolorystyk\u0119, ma 100 element\u00f3w, a jego rozmiar [&hellip;]<\/p>\n","protected":false},"featured_media":9302,"comment_status":"closed","ping_status":"open","template":"","meta":[],"product_cat":[430,90],"product_tag":[668,839,617,748],"class_list":["post-9301","product","type-product","status-publish","has-post-thumbnail","hentry","product_cat-granna","product_cat-puzzle","product_tag-atrakcje-dla-dzieci-wroclaw","product_tag-bajki-na-dobranoc-do-czytania","product_tag-keyword","product_tag-okolice-wroclawia-atrakcje"],"_links":{"self":[{"href":"http:\/\/klubmamgdynia.pl\/index.php\/wp-json\/wp\/v2\/product\/9301","targetHints":{"allow":["GET"]}}],"collection":[{"href":"http:\/\/klubmamgdynia.pl\/index.php\/wp-json\/wp\/v2\/product"}],"about":[{"href":"http:\/\/klubmamgdynia.pl\/index.php\/wp-json\/wp\/v2\/types\/product"}],"replies":[{"embeddable":true,"href":"http:\/\/klubmamgdynia.pl\/index.php\/wp-json\/wp\/v2\/comments?post=9301"}],"wp:featuredmedia":[{"embeddable":true,"href":"http:\/\/klubmamgdynia.pl\/index.php\/wp-json\/wp\/v2\/media\/9302"}],"wp:attachment":[{"href":"http:\/\/klubmamgdynia.pl\/index.php\/wp-json\/wp\/v2\/media?parent=9301"}],"wp:term":[{"taxonomy":"product_cat","embeddable":true,"href":"http:\/\/klubmamgdynia.pl\/index.php\/wp-json\/wp\/v2\/product_cat?post=9301"},{"taxonomy":"product_tag","embeddable":true,"href":"http:\/\/klubmamgdynia.pl\/index.php\/wp-json\/wp\/v2\/product_tag?post=9301"}],"curies":[{"name":"wp","href":"https:\/\/api.w.org\/{rel}","templated":true}]}}