{"id":9309,"date":"2014-11-04T05:32:29","date_gmt":"2014-11-04T04:32:29","guid":{"rendered":"http:\/\/klubmamgdynia.pl\/index.php\/produkt\/sikorka-net-lampka-personalizowana-lampka-nocna-dla-dzieci-o-50cm-naturalny-dab-orzech-heban\/"},"modified":"2026-05-17T21:06:15","modified_gmt":"2026-05-17T19:06:15","slug":"sikorka-net-lampka-personalizowana-lampka-nocna-dla-dzieci-o-50cm-naturalny-dab-orzech-heban","status":"publish","type":"product","link":"http:\/\/klubmamgdynia.pl\/index.php\/produkt\/sikorka-net-lampka-personalizowana-lampka-nocna-dla-dzieci-o-50cm-naturalny-dab-orzech-heban\/","title":{"rendered":"Sikorka.Net Lampka Personalizowana Lampka Nocna Dla Dzieci \u00d8 50Cm Naturalny D\u0105b Orzech Heban"},"content":{"rendered":"<p>Lampka personalizowana &#8211; lampka nocna dla dzieci \u00d8 50cm Naturalny, D\u0105b, Orzech, Heban Personalizacja produkt\u00f3w cieszy si\u0119 du\u017c\u0105 popularno\u015bci\u0105 od wielu lat. Dzi\u0119ki niej mo\u017cesz stworzy\u0107 wyj\u0105tkowy dodatek lub dekoracj\u0119 do domu albo oryginalny i niepowtarzalny prezent. Lampka personalizowana to nasza propozycja dla tych, kt\u00f3rzy lubi\u0105 kreatywne rozwi\u0105zania. Mo\u017cesz umie\u015bci\u0107 na niej co tylko zechcesz &#8211; cytat, obrazek, dowolny kszta\u0142t, wyj\u0105tkow\u0105 dat\u0119, zdj\u0119cie, imi\u0119&#8230; Dos\u0142ownie wszystko! Ograniczy\u0107 mo\u017ce Ci\u0119 tylko w\u0142asna wyobra\u017ania. A wierzymy, \u017ce ka\u017cdy z naszych klient\u00f3w ma jej a\u017c nadto! Z niecierpliwo\u015bci\u0105 czekamy na Twoje genialne pomys\u0142y. Lampka personalizowana &#8211; lampka nocna dla dzieci<\/p>\n<h2>Sikorka.Net Lampka Personalizowana Lampka Nocna Dla Dzieci \u00d8 50Cm Naturalny D\u0105b Orzech Heban <\/h2>\n<p>m\u0105dra my\u015bl na dobranoc, liwia imi\u0119, wszystkie flagi \u015bwiata quiz, wakacje kolorowanka<\/p>\n<p>yyyyy<\/p>\n<p>&nbsp;<\/p>\n","protected":false},"excerpt":{"rendered":"<p>Lampka personalizowana &#8211; lampka nocna dla dzieci \u00d8 50cm Naturalny, D\u0105b, Orzech, Heban Personalizacja produkt\u00f3w cieszy si\u0119 du\u017c\u0105 popularno\u015bci\u0105 od wielu lat. Dzi\u0119ki niej mo\u017cesz stworzy\u0107 wyj\u0105tkowy dodatek lub dekoracj\u0119 do domu albo oryginalny i niepowtarzalny prezent. Lampka personalizowana to nasza propozycja dla tych, kt\u00f3rzy lubi\u0105 kreatywne rozwi\u0105zania. Mo\u017cesz umie\u015bci\u0107 na niej co tylko zechcesz [&hellip;]<\/p>\n","protected":false},"featured_media":9310,"comment_status":"closed","ping_status":"open","template":"","meta":[],"product_cat":[138],"product_tag":[871,838,706,841,600],"class_list":["post-9309","product","type-product","status-publish","has-post-thumbnail","hentry","product_cat-lampki-dzieciece","product_tag-bajka-o-smoku-wawelskim","product_tag-bajki-dla-dzieci-na-dobranoc","product_tag-imie-kuba","product_tag-quiz-o-flagach","product_tag-zaproszenia-na-urodziny-do-druku"],"_links":{"self":[{"href":"http:\/\/klubmamgdynia.pl\/index.php\/wp-json\/wp\/v2\/product\/9309","targetHints":{"allow":["GET"]}}],"collection":[{"href":"http:\/\/klubmamgdynia.pl\/index.php\/wp-json\/wp\/v2\/product"}],"about":[{"href":"http:\/\/klubmamgdynia.pl\/index.php\/wp-json\/wp\/v2\/types\/product"}],"replies":[{"embeddable":true,"href":"http:\/\/klubmamgdynia.pl\/index.php\/wp-json\/wp\/v2\/comments?post=9309"}],"wp:featuredmedia":[{"embeddable":true,"href":"http:\/\/klubmamgdynia.pl\/index.php\/wp-json\/wp\/v2\/media\/9310"}],"wp:attachment":[{"href":"http:\/\/klubmamgdynia.pl\/index.php\/wp-json\/wp\/v2\/media?parent=9309"}],"wp:term":[{"taxonomy":"product_cat","embeddable":true,"href":"http:\/\/klubmamgdynia.pl\/index.php\/wp-json\/wp\/v2\/product_cat?post=9309"},{"taxonomy":"product_tag","embeddable":true,"href":"http:\/\/klubmamgdynia.pl\/index.php\/wp-json\/wp\/v2\/product_tag?post=9309"}],"curies":[{"name":"wp","href":"https:\/\/api.w.org\/{rel}","templated":true}]}}