{"id":9311,"date":"2013-07-19T03:27:11","date_gmt":"2013-07-19T01:27:11","guid":{"rendered":"http:\/\/klubmamgdynia.pl\/index.php\/produkt\/spin-master-osmiorniczki\/"},"modified":"2026-04-30T06:38:43","modified_gmt":"2026-04-30T04:38:43","slug":"spin-master-osmiorniczki","status":"publish","type":"product","link":"http:\/\/klubmamgdynia.pl\/index.php\/produkt\/spin-master-osmiorniczki\/","title":{"rendered":"Spin Master O\u015bmiorniczki"},"content":{"rendered":"<p>Cymbergaj Octopus! Gra O\u015bmiorniczki to gra dla dw\u00f3ch os\u00f3b, kt\u00f3ra zapewnia fantastyczn\u0105 zabaw\u0119 i emocjonuj\u0105ce rozgrywki. Ze wzgl\u0119du na jej niewielkie wymiary jest \u015bwietn\u0105 gr\u0105, kt\u00f3r\u0105 mo\u017cna zabra\u0107 w podr\u00f3\u017c, zmie\u015bci si\u0119 na stoliku kawowym gdziekolwiek jeste\u015b! W tej szalonej i zabawnej grze dzieci u\u017cywaj\u0105 wiruj\u0105cej o\u015bmiornicy, aby strzela\u0107 kulkami w bramk\u0119 przeciwnika! Wybierz o\u015bmiornic\u0119 i za\u0142aduj swoje kulki z boku planszy. Aby rozpocz\u0105\u0107 gr\u0119, ka\u017cdy gracz naciska przycisk zwalniaj\u0105cy, aby wystrzeli\u0107 pierwsze kulki. Przesuwaj o\u015bmiornic\u0119 na boki, aby jej macki obraca\u0142y si\u0119, strzelaj\u0105c do bramki przeciwnika i blokuj\u0105c jednocze\u015bnie dost\u0119p do Twojej bramki! Gdy obie kulki wyl\u0105duj\u0105 w celach, gracze kontynuuj\u0105 wypuszczanie swoich kulek, dop\u00f3ki wszystkie nie wyl\u0105duj\u0105 w bramkach. Pod koniec rundy podlicz wynik &#8211; gracz z najwi\u0119ksz\u0105 liczb\u0105 punkt\u00f3w wygrywa! Dzi\u0119ki \u015bcie\u017cce punktacji umieszczonej na planszy mo\u017cesz \u0142atwo \u015bledzi\u0107 swoje wygrane.Pierwszy gracz, kt\u00f3ry wygra osiem rund, zostaje zwyci\u0119zc\u0105! Aby uzyska\u0107 jeszcze bardziej szalon\u0105 gr\u0119, wypu\u015b\u0107 kilka kulek naraz.Ciesz si\u0119 zwariowan\u0105 pe\u0142n\u0105 dynamicznych akcji zabaw\u0105 dzi\u0119ki Octopus Shootout!Zawarto\u015b\u0107 opakowania:plansza2 rakietki &#8211; o\u015bmiornice8 bia\u0142ych kulekz\u0142ota kulkaboczne os\u0142onyinstrukcja<\/p>\n<h2>Spin Master O\u015bmiorniczki Spin Master<\/h2>\n<p>aron, kwiecie\u0144 plecie\u0144 wiersz, jesienne piosenki dla dzieci, znaczenie imienia paula, prezenty na roczek dla dziewczynki<\/p>\n<p>yyyyy<\/p>\n<p>&nbsp;<\/p>\n","protected":false},"excerpt":{"rendered":"<p>Cymbergaj Octopus! Gra O\u015bmiorniczki to gra dla dw\u00f3ch os\u00f3b, kt\u00f3ra zapewnia fantastyczn\u0105 zabaw\u0119 i emocjonuj\u0105ce rozgrywki. Ze wzgl\u0119du na jej niewielkie wymiary jest \u015bwietn\u0105 gr\u0105, kt\u00f3r\u0105 mo\u017cna zabra\u0107 w podr\u00f3\u017c, zmie\u015bci si\u0119 na stoliku kawowym gdziekolwiek jeste\u015b! W tej szalonej i zabawnej grze dzieci u\u017cywaj\u0105 wiruj\u0105cej o\u015bmiornicy, aby strzela\u0107 kulkami w bramk\u0119 przeciwnika! Wybierz o\u015bmiornic\u0119 [&hellip;]<\/p>\n","protected":false},"featured_media":9312,"comment_status":"closed","ping_status":"open","template":"","meta":[],"product_cat":[130,94],"product_tag":[852,723,590,675,760],"class_list":["post-9311","product","type-product","status-publish","has-post-thumbnail","hentry","product_cat-gry-dzieciece","product_cat-spin-master","product_tag-jak-zrobic-samolot-z-papieru","product_tag-krotkie-bajki-do-czytania-na-dobranoc","product_tag-plac-zabaw-warszawa","product_tag-test-z-lektury-kajko-i-kokosz-szkola-latania","product_tag-zagadka-matematyczna"],"_links":{"self":[{"href":"http:\/\/klubmamgdynia.pl\/index.php\/wp-json\/wp\/v2\/product\/9311","targetHints":{"allow":["GET"]}}],"collection":[{"href":"http:\/\/klubmamgdynia.pl\/index.php\/wp-json\/wp\/v2\/product"}],"about":[{"href":"http:\/\/klubmamgdynia.pl\/index.php\/wp-json\/wp\/v2\/types\/product"}],"replies":[{"embeddable":true,"href":"http:\/\/klubmamgdynia.pl\/index.php\/wp-json\/wp\/v2\/comments?post=9311"}],"wp:featuredmedia":[{"embeddable":true,"href":"http:\/\/klubmamgdynia.pl\/index.php\/wp-json\/wp\/v2\/media\/9312"}],"wp:attachment":[{"href":"http:\/\/klubmamgdynia.pl\/index.php\/wp-json\/wp\/v2\/media?parent=9311"}],"wp:term":[{"taxonomy":"product_cat","embeddable":true,"href":"http:\/\/klubmamgdynia.pl\/index.php\/wp-json\/wp\/v2\/product_cat?post=9311"},{"taxonomy":"product_tag","embeddable":true,"href":"http:\/\/klubmamgdynia.pl\/index.php\/wp-json\/wp\/v2\/product_tag?post=9311"}],"curies":[{"name":"wp","href":"https:\/\/api.w.org\/{rel}","templated":true}]}}