{"id":9313,"date":"2011-05-27T09:00:35","date_gmt":"2011-05-27T07:00:35","guid":{"rendered":"http:\/\/klubmamgdynia.pl\/index.php\/produkt\/maileg-wozek-zolty-pram-micro-yellow\/"},"modified":"2026-05-17T23:00:35","modified_gmt":"2026-05-17T21:00:35","slug":"maileg-wozek-zolty-pram-micro-yellow","status":"publish","type":"product","link":"http:\/\/klubmamgdynia.pl\/index.php\/produkt\/maileg-wozek-zolty-pram-micro-yellow\/","title":{"rendered":"Maileg W\u00f3zek \u017b\u00f3\u0142ty Pram Micro Yellow"},"content":{"rendered":"<p>W\u00f3zek \u017c\u00f3\u0142ty,Pram, Micro &#8211; YellowWysoko\u015b\u0107 w cm: 15<\/p>\n<h2>Maileg W\u00f3zek \u017b\u00f3\u0142ty Pram Micro Yellow Maileg<\/h2>\n<p>zaj\u0105czek z jajka ugotowanego, przyja\u017a\u0144, minionki kolorowanka, pokemon kolorowanki, zabawy miko\u0142ajkowe dla dzieci, zagadki zimowe dla dzieci, kaligrafia nauka pisania wyraz\u00f3w dla dzieci do druku pdf, imi\u0119 mira<\/p>\n<p>yyyyy<\/p>\n<p>&nbsp;<\/p>\n","protected":false},"excerpt":{"rendered":"<p>W\u00f3zek \u017c\u00f3\u0142ty,Pram, Micro &#8211; YellowWysoko\u015b\u0107 w cm: 15 Maileg W\u00f3zek \u017b\u00f3\u0142ty Pram Micro Yellow Maileg zaj\u0105czek z jajka ugotowanego, przyja\u017a\u0144, minionki kolorowanka, pokemon kolorowanki, zabawy miko\u0142ajkowe dla dzieci, zagadki zimowe dla dzieci, kaligrafia nauka pisania wyraz\u00f3w dla dzieci do druku pdf, imi\u0119 mira yyyyy &nbsp;<\/p>\n","protected":false},"featured_media":9314,"comment_status":"closed","ping_status":"open","template":"","meta":[],"product_cat":[947,1098],"product_tag":[765,769,738,733],"class_list":["post-9313","product","type-product","status-publish","has-post-thumbnail","hentry","product_cat-maileg","product_cat-wozki-dla-lalek","product_tag-atrakcje-dla-dzieci-warszawa","product_tag-psi-patrol-do-czytania","product_tag-wroclaw-dla-dzieci","product_tag-zarty-na-prima-aprilis"],"_links":{"self":[{"href":"http:\/\/klubmamgdynia.pl\/index.php\/wp-json\/wp\/v2\/product\/9313","targetHints":{"allow":["GET"]}}],"collection":[{"href":"http:\/\/klubmamgdynia.pl\/index.php\/wp-json\/wp\/v2\/product"}],"about":[{"href":"http:\/\/klubmamgdynia.pl\/index.php\/wp-json\/wp\/v2\/types\/product"}],"replies":[{"embeddable":true,"href":"http:\/\/klubmamgdynia.pl\/index.php\/wp-json\/wp\/v2\/comments?post=9313"}],"wp:featuredmedia":[{"embeddable":true,"href":"http:\/\/klubmamgdynia.pl\/index.php\/wp-json\/wp\/v2\/media\/9314"}],"wp:attachment":[{"href":"http:\/\/klubmamgdynia.pl\/index.php\/wp-json\/wp\/v2\/media?parent=9313"}],"wp:term":[{"taxonomy":"product_cat","embeddable":true,"href":"http:\/\/klubmamgdynia.pl\/index.php\/wp-json\/wp\/v2\/product_cat?post=9313"},{"taxonomy":"product_tag","embeddable":true,"href":"http:\/\/klubmamgdynia.pl\/index.php\/wp-json\/wp\/v2\/product_tag?post=9313"}],"curies":[{"name":"wp","href":"https:\/\/api.w.org\/{rel}","templated":true}]}}