{"id":9321,"date":"2020-12-30T03:30:49","date_gmt":"2020-12-30T02:30:49","guid":{"rendered":"http:\/\/klubmamgdynia.pl\/index.php\/produkt\/beppe-torebeczka-z-falbankami-rozowa\/"},"modified":"2026-04-05T21:41:30","modified_gmt":"2026-04-05T19:41:30","slug":"beppe-torebeczka-z-falbankami-rozowa","status":"publish","type":"product","link":"http:\/\/klubmamgdynia.pl\/index.php\/produkt\/beppe-torebeczka-z-falbankami-rozowa\/","title":{"rendered":"Beppe Torebeczka Z Falbankami R\u00f3\u017cowa"},"content":{"rendered":"<p>Autor:ISBN: 3+EAN: 5901703110896Wydawnictwo: BeppeWydanie: folia,20x20x3 cmStrony:Torebeczka wykonana z wysokiej jako\u015bci mi\u0119ciutkiego pluszu.<\/p>\n<h2>Beppe Torebeczka Z Falbankami R\u00f3\u017cowa Beppe<\/h2>\n<p>kolorowanki super zings, milosc do dzieci, traktor z przyczep\u0105 kolorowanka do druku, ko\u0142ysanki teksty, bajka terapeutyczna o dokuczaniu, karty pracy polsko ukrai\u0144skie, matylda imi\u0119, prezenty na roczek dla ch\u0142opca, proste zagadki, kolorowanka piesek, gad\u017cety dla nastolatka, \u017carty na prima aprilis na rodzic\u00f3w, wierszyki na lany poniedzia\u0142ek<\/p>\n<p>yyyyy<\/p>\n<p>&nbsp;<\/p>\n","protected":false},"excerpt":{"rendered":"<p>Autor:ISBN: 3+EAN: 5901703110896Wydawnictwo: BeppeWydanie: folia,20x20x3 cmStrony:Torebeczka wykonana z wysokiej jako\u015bci mi\u0119ciutkiego pluszu. Beppe Torebeczka Z Falbankami R\u00f3\u017cowa Beppe kolorowanki super zings, milosc do dzieci, traktor z przyczep\u0105 kolorowanka do druku, ko\u0142ysanki teksty, bajka terapeutyczna o dokuczaniu, karty pracy polsko ukrai\u0144skie, matylda imi\u0119, prezenty na roczek dla ch\u0142opca, proste zagadki, kolorowanka piesek, gad\u017cety dla nastolatka, \u017carty [&hellip;]<\/p>\n","protected":false},"featured_media":9322,"comment_status":"closed","ping_status":"open","template":"","meta":[],"product_cat":[894,42],"product_tag":[743,679,601],"class_list":["post-9321","product","type-product","status-publish","has-post-thumbnail","hentry","product_cat-beppe","product_cat-maskotki","product_tag-quiz-dla-dzieci","product_tag-zabawki-na-roczek-dla-dziewczynki","product_tag-zagadki-co-to-jest"],"_links":{"self":[{"href":"http:\/\/klubmamgdynia.pl\/index.php\/wp-json\/wp\/v2\/product\/9321","targetHints":{"allow":["GET"]}}],"collection":[{"href":"http:\/\/klubmamgdynia.pl\/index.php\/wp-json\/wp\/v2\/product"}],"about":[{"href":"http:\/\/klubmamgdynia.pl\/index.php\/wp-json\/wp\/v2\/types\/product"}],"replies":[{"embeddable":true,"href":"http:\/\/klubmamgdynia.pl\/index.php\/wp-json\/wp\/v2\/comments?post=9321"}],"wp:featuredmedia":[{"embeddable":true,"href":"http:\/\/klubmamgdynia.pl\/index.php\/wp-json\/wp\/v2\/media\/9322"}],"wp:attachment":[{"href":"http:\/\/klubmamgdynia.pl\/index.php\/wp-json\/wp\/v2\/media?parent=9321"}],"wp:term":[{"taxonomy":"product_cat","embeddable":true,"href":"http:\/\/klubmamgdynia.pl\/index.php\/wp-json\/wp\/v2\/product_cat?post=9321"},{"taxonomy":"product_tag","embeddable":true,"href":"http:\/\/klubmamgdynia.pl\/index.php\/wp-json\/wp\/v2\/product_tag?post=9321"}],"curies":[{"name":"wp","href":"https:\/\/api.w.org\/{rel}","templated":true}]}}