{"id":9347,"date":"2016-10-23T23:32:52","date_gmt":"2016-10-23T21:32:52","guid":{"rendered":"http:\/\/klubmamgdynia.pl\/index.php\/produkt\/bambino-zestaw-rodzina-zel-pod-prysznic-mirabelka-zapas-1900ml\/"},"modified":"2026-04-05T23:56:34","modified_gmt":"2026-04-05T21:56:34","slug":"bambino-zestaw-rodzina-zel-pod-prysznic-mirabelka-zapas-1900ml","status":"publish","type":"product","link":"http:\/\/klubmamgdynia.pl\/index.php\/produkt\/bambino-zestaw-rodzina-zel-pod-prysznic-mirabelka-zapas-1900ml\/","title":{"rendered":"Bambino Zestaw Rodzina \u017bel Pod Prysznic Mirabelka + Zapas 1900Ml"},"content":{"rendered":"<p>Zestaw BAMBINO Rodzina \u017cel pod prysznic o zapachu mirabelki, 1000 ML + \u017bel pod prysznic o zapachu mirabelki Refill 900 ML\u0141agodny kosmetyk pod prysznic i do k\u0105pieli o s\u0142odkim, owocowym zapachu mirabelki. Lekka formu\u0142a skutecznie oczyszcza sk\u00f3r\u0119 i sprawia, \u017ce jest g\u0142adka i mi\u0119kka w dotyku. Do codziennej piel\u0119gnacji r\u00f3\u017cnego typu sk\u00f3ry, w tym sk\u0142onnej do podra\u017cnie\u0144. Zawiera legendarn\u0105 oliwk\u0119 Bambino i pantenol. Utrzymuje prawid\u0142owe nawil\u017cenie sk\u00f3ry i pomaga \u0142agodzi\u0107 podra\u017cnienia. Chroni sk\u00f3r\u0119 przed wysuszeniem i uczuciem napi\u0119cia. Delikatna, lekka formu\u0142a opracowana dla ca\u0142ej rodziny skutecznie oczyszcza sk\u00f3r\u0119 i pozostawia na d\u0142ugo uczucie \u015bwie\u017co\u015bci oraz przyjemny zapach. Posiada pH przyjazne dla sk\u00f3ry i zosta\u0142 przebadany dermatologicznie oraz okulistycznie. Produkt wyprodukowany w Polsce.Hiperdelikatny \u017cel pod prysznic 1000 ML o zapachu mirabelkiTo \u0142agodny kosmetyk przeznaczony do piel\u0119gnacji pod prysznicem oraz podczas k\u0105pieli o owocowym, s\u0142odkim zapachu mirabelki. Jego lekka formu\u0142a doskonale oczyszcza sk\u00f3r\u0119 i pozostawia j\u0105 g\u0142adk\u0105 i mi\u0119kk\u0105 w dotyku. Na d\u0142ugo pozostawia uczucie \u015bwie\u017co\u015bci, piel\u0119gnacji, nawil\u017cenia oraz przyjemnego zapachu.Kosmetyk jest w 100% polskim produktem.Eko-uzupe\u0142nienie \u017celu o zapachu mirabelki pod prysznic daje gwarancj\u0119, \u017ce Twojego ulubionego produktu do k\u0105pieli nigdy nie zabraknie.Korzy\u015bci:- Rodzinne opakowanie- Hiperdelikatny- Przeznaczony r\u00f3wnie\u017c dla sk\u00f3ry atopowej i wra\u017cliwej- pH neutralne dla sk\u00f3ry- Zawiera kropl\u0119 legendarnej oliwki Bambino- Zawiera pantenol- Przebadany dermatologicznie i okulistycznie- Przeznaczony dla doros\u0142ych i dzieci powy\u017cej trzeciego roku \u017cycia<\/p>\n<h2>Bambino Zestaw Rodzina \u017bel Pod Prysznic Mirabelka + Zapas 1900Ml Bambino<\/h2>\n<p>cytaty o wychowaniu i nauczaniu, kira, bajki terapeutyczne o emocjach pdf, flagi \u015bwiata quiz, kr\u00f3tkie zagadki dla dzieci, opis rodzina, bezwarunkowa mi\u0142o\u015b\u0107 do dziecka cytaty, cytat na dzie\u0144 matki, zabawki na roczek, test z lektury kajko i kokosz, \u017cyczenia wielkanocne dla dzieci kr\u00f3tkie, jagna imi\u0119, znajd\u017a r\u00f3\u017cnice do druku, koty do druku, wiersze o wakacjach, kanapki halloween, ciekawe miejsca w warszawie dla m\u0142odzie\u017cy, test z lektury asiunia<\/p>\n<p>yyyyy<\/p>\n<p>&nbsp;<\/p>\n","protected":false},"excerpt":{"rendered":"<p>Zestaw BAMBINO Rodzina \u017cel pod prysznic o zapachu mirabelki, 1000 ML + \u017bel pod prysznic o zapachu mirabelki Refill 900 ML\u0141agodny kosmetyk pod prysznic i do k\u0105pieli o s\u0142odkim, owocowym zapachu mirabelki. Lekka formu\u0142a skutecznie oczyszcza sk\u00f3r\u0119 i sprawia, \u017ce jest g\u0142adka i mi\u0119kka w dotyku. Do codziennej piel\u0119gnacji r\u00f3\u017cnego typu sk\u00f3ry, w tym sk\u0142onnej [&hellip;]<\/p>\n","protected":false},"featured_media":9348,"comment_status":"closed","ping_status":"open","template":"","meta":[],"product_cat":[1400,474],"product_tag":[611,844,851,723],"class_list":["post-9347","product","type-product","status-publish","has-post-thumbnail","hentry","product_cat-bambino","product_cat-kosmetyki-dla-dzieci-i-niemowlat","product_tag-bajki-do-czytania-psi-patrol","product_tag-co-kupic-na-roczek","product_tag-jak-narysowac-kota","product_tag-krotkie-bajki-do-czytania-na-dobranoc"],"_links":{"self":[{"href":"http:\/\/klubmamgdynia.pl\/index.php\/wp-json\/wp\/v2\/product\/9347","targetHints":{"allow":["GET"]}}],"collection":[{"href":"http:\/\/klubmamgdynia.pl\/index.php\/wp-json\/wp\/v2\/product"}],"about":[{"href":"http:\/\/klubmamgdynia.pl\/index.php\/wp-json\/wp\/v2\/types\/product"}],"replies":[{"embeddable":true,"href":"http:\/\/klubmamgdynia.pl\/index.php\/wp-json\/wp\/v2\/comments?post=9347"}],"wp:featuredmedia":[{"embeddable":true,"href":"http:\/\/klubmamgdynia.pl\/index.php\/wp-json\/wp\/v2\/media\/9348"}],"wp:attachment":[{"href":"http:\/\/klubmamgdynia.pl\/index.php\/wp-json\/wp\/v2\/media?parent=9347"}],"wp:term":[{"taxonomy":"product_cat","embeddable":true,"href":"http:\/\/klubmamgdynia.pl\/index.php\/wp-json\/wp\/v2\/product_cat?post=9347"},{"taxonomy":"product_tag","embeddable":true,"href":"http:\/\/klubmamgdynia.pl\/index.php\/wp-json\/wp\/v2\/product_tag?post=9347"}],"curies":[{"name":"wp","href":"https:\/\/api.w.org\/{rel}","templated":true}]}}