{"id":9371,"date":"2023-08-10T20:11:03","date_gmt":"2023-08-10T18:11:03","guid":{"rendered":"http:\/\/klubmamgdynia.pl\/?post_type=product&#038;p=9371"},"modified":"2026-05-17T22:39:12","modified_gmt":"2026-05-17T20:39:12","slug":"carrera-digital-132-bmw-m1-procar-team-warsteiner-no-90-limited-edition-31009","status":"publish","type":"product","link":"http:\/\/klubmamgdynia.pl\/index.php\/produkt\/carrera-digital-132-bmw-m1-procar-team-warsteiner-no-90-limited-edition-31009\/","title":{"rendered":"Carrera Digital 132 Bmw M1 Procar &#8222;Team Warsteiner No.90&#8221; Limited Edition 31009"},"content":{"rendered":"<p>Samochody wy\u015bcigowe CARRERA DIGITAL 132Samochody serii DIGITAL 132 wykonane zosta\u0142y w skali 1:32. Posiadaj\u0105 niesamowite osi\u0105gi: rzeczywiste przyspieszenia i hamowania. Wi\u0119kszo\u015b\u0107 wyposa\u017cona jest w dzia\u0142aj\u0105ce przednie i tylne \u015bwiat\u0142a. Seria DIGITAL 132 to samochody cyfrowo kontrolowane i indywidualnie kodowane, co umo\u017cliwia jednoczesne poruszanie si\u0119 a\u017c 6 aut na jednym torze jazdy (w jednym rowku). Wysokiej klasy, oryginalne wy\u015bcig\u00f3wki zosta\u0142y wyprodukowane w technice tampodruku z ogromn\u0105 dba\u0142o\u015bci\u0105 o szczeg\u00f3\u0142y. Wszystkie samochody tej serii przemieszczaj\u0105 si\u0119 na specjalnie skonstruowanych prowadnicach, mocowanych do zawieszenia.Samoch\u00f3d BMW M1 Procar &#8222;Team Warsteiner, No.90&#8221; &#8211; Limited Edition wyposa\u017cony zosta\u0142 w przednie o\u015bwietlenie ksenonowe i \u015bwiat\u0142a tylne.<\/p>\n<h2>Carrera Digital 132 Bmw M1 Procar &#8222;Team Warsteiner No.90&#8221; Limited Edition 31009 Carrera<\/h2>\n<p>prank na prima aprilis, zagadki logiczne na inteligencj\u0119, kolorowanka spiderman, quiz o usa, dzie\u0144 pluszowego misia 2021, mapa polski do wydrukowania za darmo<\/p>\n<p>yyyyy<\/p>\n<p>&nbsp;<\/p>\n","protected":false},"excerpt":{"rendered":"<p>Samochody wy\u015bcigowe CARRERA DIGITAL 132Samochody serii DIGITAL 132 wykonane zosta\u0142y w skali 1:32. Posiadaj\u0105 niesamowite osi\u0105gi: rzeczywiste przyspieszenia i hamowania. Wi\u0119kszo\u015b\u0107 wyposa\u017cona jest w dzia\u0142aj\u0105ce przednie i tylne \u015bwiat\u0142a. Seria DIGITAL 132 to samochody cyfrowo kontrolowane i indywidualnie kodowane, co umo\u017cliwia jednoczesne poruszanie si\u0119 a\u017c 6 aut na jednym torze jazdy (w jednym rowku). Wysokiej [&hellip;]<\/p>\n","protected":false},"featured_media":9372,"comment_status":"closed","ping_status":"open","template":"","meta":[],"product_cat":[140,303],"product_tag":[825,685,687],"class_list":["post-9371","product","type-product","status-publish","has-post-thumbnail","hentry","product_cat-carrera","product_cat-kolekcjonerskie-modele-pojazdow","product_tag-bajka-na-dobranoc-do-czytania","product_tag-cytaty-o-rodzinie","product_tag-podchwytliwe-zagadki-matematyczne"],"_links":{"self":[{"href":"http:\/\/klubmamgdynia.pl\/index.php\/wp-json\/wp\/v2\/product\/9371","targetHints":{"allow":["GET"]}}],"collection":[{"href":"http:\/\/klubmamgdynia.pl\/index.php\/wp-json\/wp\/v2\/product"}],"about":[{"href":"http:\/\/klubmamgdynia.pl\/index.php\/wp-json\/wp\/v2\/types\/product"}],"replies":[{"embeddable":true,"href":"http:\/\/klubmamgdynia.pl\/index.php\/wp-json\/wp\/v2\/comments?post=9371"}],"wp:featuredmedia":[{"embeddable":true,"href":"http:\/\/klubmamgdynia.pl\/index.php\/wp-json\/wp\/v2\/media\/9372"}],"wp:attachment":[{"href":"http:\/\/klubmamgdynia.pl\/index.php\/wp-json\/wp\/v2\/media?parent=9371"}],"wp:term":[{"taxonomy":"product_cat","embeddable":true,"href":"http:\/\/klubmamgdynia.pl\/index.php\/wp-json\/wp\/v2\/product_cat?post=9371"},{"taxonomy":"product_tag","embeddable":true,"href":"http:\/\/klubmamgdynia.pl\/index.php\/wp-json\/wp\/v2\/product_tag?post=9371"}],"curies":[{"name":"wp","href":"https:\/\/api.w.org\/{rel}","templated":true}]}}