{"id":9377,"date":"2018-02-02T10:43:42","date_gmt":"2018-02-02T09:43:42","guid":{"rendered":"http:\/\/klubmamgdynia.pl\/index.php\/produkt\/lampka-nocna-led-balon-chmurka-w-szare-paski\/"},"modified":"2026-05-17T22:38:32","modified_gmt":"2026-05-17T20:38:32","slug":"lampka-nocna-led-balon-chmurka-w-szare-paski","status":"publish","type":"product","link":"http:\/\/klubmamgdynia.pl\/index.php\/produkt\/lampka-nocna-led-balon-chmurka-w-szare-paski\/","title":{"rendered":"Lampka Nocna Led Balon Chmurka W Szare Paski"},"content":{"rendered":"<p>Nastrojowa i urocza lampka nocna do dzieci\u0119cego pokoju.Lampka BALOM , b\u0119dzie pi\u0119kn\u0105 ozdoba pokoju a maluszkowi u\u0142atwi zasypianie, stworzy ciep\u0142y, sympatyczny nastr\u00f3j.Wygl\u0105da jak namalowana, ciep\u0142a barwa \u015bwiat\u0142a idealnie sprawdzi si\u0119 w pokoju Twojego maluszka.Wykonana z najwy\u017cszej jako\u015bci p\u0142yty mdf , nadruk UV.Bezpieczna, bezprzewodowa instalacja LED, zasilana dwoma bateriami AA..W\u0142\u0105cznik znajduje si\u0119 z boku, tak aby w\u0142\u0105czanie jej by\u0142o proste (bez konieczno\u015bci zdejmowania)Wymiary:wysoko\u015b\u0107: 39 cmszeroko\u015b\u0107: 26 cmgrubo\u015b\u0107 ca\u0142kowita: 2,5 cmchmurki 3 szt.kolor bia\u0142o-szaraLampka gotowa do zawieszenia, z ty\u0142u posiada 2 zawieszki.Lampka z imieniem dost\u0119pna na innej aukcji.HANDMADE.Idealna na prezent.Nasz w\u0142asny projekt !<\/p>\n<h2>Lampka Nocna Led Balon Chmurka W Szare Paski Inny<\/h2>\n<p>opowiadanie o jesieni dla dzieci, kolorowanka sky, bajka krecik, krecik bajka, skalne miasto, opowie\u015bci z narnii lew czarownica i stara szafa test do wydruku, mi\u0142o\u015b\u0107 matki do dziecka cytaty, eneduerabe, zagadki logiczne dla doros\u0142ych, znane misie z film\u00f3w animowanych, zagadki dla dzieci 6 lat, spos\u00f3b na elfa test, kolorowanka pikachu, testy z lektury miko\u0142ajek, zabawki na roczek dla dziewczynki<\/p>\n<p>yyyyy<\/p>\n<p>&nbsp;<\/p>\n","protected":false},"excerpt":{"rendered":"<p>Nastrojowa i urocza lampka nocna do dzieci\u0119cego pokoju.Lampka BALOM , b\u0119dzie pi\u0119kn\u0105 ozdoba pokoju a maluszkowi u\u0142atwi zasypianie, stworzy ciep\u0142y, sympatyczny nastr\u00f3j.Wygl\u0105da jak namalowana, ciep\u0142a barwa \u015bwiat\u0142a idealnie sprawdzi si\u0119 w pokoju Twojego maluszka.Wykonana z najwy\u017cszej jako\u015bci p\u0142yty mdf , nadruk UV.Bezpieczna, bezprzewodowa instalacja LED, zasilana dwoma bateriami AA..W\u0142\u0105cznik znajduje si\u0119 z boku, tak aby [&hellip;]<\/p>\n","protected":false},"featured_media":9378,"comment_status":"closed","ping_status":"open","template":"","meta":[],"product_cat":[169,138],"product_tag":[829,780,609,809],"class_list":["post-9377","product","type-product","status-publish","has-post-thumbnail","hentry","product_cat-inny","product_cat-lampki-dzieciece","product_tag-bajki-do-czytania-na-dobranoc","product_tag-krecik-bajka","product_tag-quiz-flagi-europy","product_tag-zagadki"],"_links":{"self":[{"href":"http:\/\/klubmamgdynia.pl\/index.php\/wp-json\/wp\/v2\/product\/9377","targetHints":{"allow":["GET"]}}],"collection":[{"href":"http:\/\/klubmamgdynia.pl\/index.php\/wp-json\/wp\/v2\/product"}],"about":[{"href":"http:\/\/klubmamgdynia.pl\/index.php\/wp-json\/wp\/v2\/types\/product"}],"replies":[{"embeddable":true,"href":"http:\/\/klubmamgdynia.pl\/index.php\/wp-json\/wp\/v2\/comments?post=9377"}],"wp:featuredmedia":[{"embeddable":true,"href":"http:\/\/klubmamgdynia.pl\/index.php\/wp-json\/wp\/v2\/media\/9378"}],"wp:attachment":[{"href":"http:\/\/klubmamgdynia.pl\/index.php\/wp-json\/wp\/v2\/media?parent=9377"}],"wp:term":[{"taxonomy":"product_cat","embeddable":true,"href":"http:\/\/klubmamgdynia.pl\/index.php\/wp-json\/wp\/v2\/product_cat?post=9377"},{"taxonomy":"product_tag","embeddable":true,"href":"http:\/\/klubmamgdynia.pl\/index.php\/wp-json\/wp\/v2\/product_tag?post=9377"}],"curies":[{"name":"wp","href":"https:\/\/api.w.org\/{rel}","templated":true}]}}