{"id":9387,"date":"2021-12-16T09:22:30","date_gmt":"2021-12-16T08:22:30","guid":{"rendered":"http:\/\/klubmamgdynia.pl\/index.php\/produkt\/playmobil-9249-dragons-eret-z-ognistymi-strzalami\/"},"modified":"2026-04-14T23:55:49","modified_gmt":"2026-04-14T21:55:49","slug":"playmobil-9249-dragons-eret-z-ognistymi-strzalami","status":"publish","type":"product","link":"http:\/\/klubmamgdynia.pl\/index.php\/produkt\/playmobil-9249-dragons-eret-z-ognistymi-strzalami\/","title":{"rendered":"Playmobil 9249 Dragons Eret Z Ognistymi Strza\u0142ami"},"content":{"rendered":"<p>Playmobil 9249 Dragons Jak wytresowa\u0107 smoka &#8211; Eret i ogniste strza\u0142y Eret przed d\u0142ugie lata by\u0142 \u0142owc\u0105 smok\u00f3w. Bra\u0142 stworzenia do niewoli, a p\u00f3\u017aniej oddawa\u0142 je Drago Krwawdoniowi do jego smoczej armii. By\u0142 szybki, zwinny i bezwzgl\u0119dny. Jednak po pewnym czasie zmieni\u0142 si\u0119 i przesta\u0142 polowa\u0107 na niewinne, lataj\u0105ce stworzenia. W zestawie znajdziemy figurk\u0119 Ereta, odzianego w zbroj\u0119 i wyposa\u017conego w bro\u0144 oraz olbrzymi\u0105, poczw\u00f3rn\u0105 kusz\u0119, kt\u00f3ra wypuszcza ogniste strza\u0142y. Wyrzutnia obs\u0142uguje a\u017c sze\u015b\u0107 pocisk\u00f3w. Skompilowane dzia\u0142o sprawdzi si\u0119 podczas zabawy w odgrywanie ulubionych filmowych scen. Odpowiedni przycisk zwalnia blokad\u0119 i sypie si\u0119 grad pocisk\u00f3w. Przeciw komu Eret u\u017cyje swojej broni? Czy pomo\u017ce Czkawce i Szczerbatkowi! Przekonajcie si\u0119 sami! Zestaw zosta\u0142 zaprojektowany na podstawie filmu Jak wytresowa\u0107 smoka i serialu Je\u017ad\u017acy smok\u00f3w. Czkawka, w przeciwie\u0144stwie do reszty mieszka\u0144c\u00f3w wyspy Berk, nie potrafi walczy\u0107 ze smokami, a tym bardziej ich zabija\u0107. Jego wielkie serce i pogodne usposobienie sprawi\u0105, \u017ce zyskuje przyja\u017a\u0144 tych wielkich i gro\u017anych gad\u00f3w. Doprowadza do tego, \u017ce waleczni wikingowie postanawiaj\u0105 wsp\u00f3\u0142dzieli\u0107 swoj\u0105 krain\u0119 ze smokami, a wkr\u00f3tce ka\u017cdy z mieszka\u0144c\u00f3w ma ju\u017c swojego pupila. . Animacje chwytaj\u0105 za serce m\u0142odszych i starszych widz\u00f3w, a dzi\u0119ki klockom Playmobil dzieci mog\u0105 na nowo prze\u017cy\u0107 przygody ze swoimi ulubionymi bohaterami. Seria Dragons \u2013 Jak wytresowa\u0107 smoka to tematyczne zestawy z figurkami i akcesoriami, kt\u00f3re pozwol\u0105 na odegranie zapami\u0119tanych z bajki scen. Producent: Playmobil \/ Brandst\u00e4tter Group Seria: Dragons &#8211; Jak wytresowa\u0107 smoka Numer katalogowy: 9249 Wiek dziecka: 4+ Wymiary opakowania: 28cm x 18,5cm x 9,5cm PLAYMOBIL to s\u0142ynna marka zabawek nale\u017c\u0105ca do niemieckiego koncernu Brandst\u00e4tter Stiftung &amp; Co. KG. Historia firmy si\u0119ga 1876 roku, kiedy to zosta\u0142a za\u0142o\u017cona przez Andreasa Brandst\u00e4ttera. W 1974 roku na rynek zostaje wprowadzona marka Playmobil. Fabryki koncernu zlokalizowane s\u0105 w Niemczech, Hiszpanii, Czechach i na Malcie. Produkowane zabawki cechuje du\u017ca r\u00f3\u017cnorodno\u015b\u0107, wysoka jako\u015b\u0107, trwa\u0142o\u015b\u0107 i dba\u0142o\u015b\u0107 o najdrobniejsze szczeg\u00f3\u0142y. R\u00f3wnie\u017c w Polsce PLAYMOBIL zdobywa coraz wi\u0119ksz\u0105 popularno\u015b\u0107 zar\u00f3wno w\u015br\u00f3d dzieci, jak i w\u015br\u00f3d rodzic\u00f3w, wychowawc\u00f3w i pedagog\u00f3w.<\/p>\n<h2>Playmobil 9249 Dragons Eret Z Ognistymi Strza\u0142ami Playmobil<\/h2>\n<p>z\u0142ote my\u015bli kubu\u015b puchatek cytaty, zaproszenia do druku, prezent dla 7 letniej dziewczynki, nauka zegara zegar do druku, znaczenie imienia milan, prezenty dla nastolatk\u00f3w 2021, imie kuba, imiona z bajek, co kupi\u0107 na roczek dla dziewczynki, prezent dla 7 latka, kr\u00f3tkie bajki na dobranoc do czytania, \u015bwinka peppa kolorowanka do druku, justyna imi\u0119, test z lektury dzieci z bullerbyn, anio\u0142ki w niebie pisz\u0105, co na roczek dla dziewczynki, kuba imie, peppa do druku, \u017carty prima aprilis, zagadki wiosenne dla dzieci, najrzadsze imiona w polsce<\/p>\n<p>yyyyy<\/p>\n<p>&nbsp;<\/p>\n","protected":false},"excerpt":{"rendered":"<p>Playmobil 9249 Dragons Jak wytresowa\u0107 smoka &#8211; Eret i ogniste strza\u0142y Eret przed d\u0142ugie lata by\u0142 \u0142owc\u0105 smok\u00f3w. Bra\u0142 stworzenia do niewoli, a p\u00f3\u017aniej oddawa\u0142 je Drago Krwawdoniowi do jego smoczej armii. By\u0142 szybki, zwinny i bezwzgl\u0119dny. Jednak po pewnym czasie zmieni\u0142 si\u0119 i przesta\u0142 polowa\u0107 na niewinne, lataj\u0105ce stworzenia. W zestawie znajdziemy figurk\u0119 Ereta, [&hellip;]<\/p>\n","protected":false},"featured_media":9388,"comment_status":"closed","ping_status":"open","template":"","meta":[],"product_cat":[113,466],"product_tag":[683,862,582,810,855,741],"class_list":["post-9387","product","type-product","status-publish","has-post-thumbnail","hentry","product_cat-klocki","product_cat-playmobil","product_tag-karaluchy-pod-poduchy","product_tag-nasza-zima-zla-tekst","product_tag-nauka-pisania-literek-do-wydruku-pdf","product_tag-nauka-zegara-do-druku","product_tag-nietypowe-imiona-zenskie","product_tag-wlochy"],"_links":{"self":[{"href":"http:\/\/klubmamgdynia.pl\/index.php\/wp-json\/wp\/v2\/product\/9387","targetHints":{"allow":["GET"]}}],"collection":[{"href":"http:\/\/klubmamgdynia.pl\/index.php\/wp-json\/wp\/v2\/product"}],"about":[{"href":"http:\/\/klubmamgdynia.pl\/index.php\/wp-json\/wp\/v2\/types\/product"}],"replies":[{"embeddable":true,"href":"http:\/\/klubmamgdynia.pl\/index.php\/wp-json\/wp\/v2\/comments?post=9387"}],"wp:featuredmedia":[{"embeddable":true,"href":"http:\/\/klubmamgdynia.pl\/index.php\/wp-json\/wp\/v2\/media\/9388"}],"wp:attachment":[{"href":"http:\/\/klubmamgdynia.pl\/index.php\/wp-json\/wp\/v2\/media?parent=9387"}],"wp:term":[{"taxonomy":"product_cat","embeddable":true,"href":"http:\/\/klubmamgdynia.pl\/index.php\/wp-json\/wp\/v2\/product_cat?post=9387"},{"taxonomy":"product_tag","embeddable":true,"href":"http:\/\/klubmamgdynia.pl\/index.php\/wp-json\/wp\/v2\/product_tag?post=9387"}],"curies":[{"name":"wp","href":"https:\/\/api.w.org\/{rel}","templated":true}]}}