{"id":9393,"date":"2015-06-11T08:53:02","date_gmt":"2015-06-11T06:53:02","guid":{"rendered":"http:\/\/klubmamgdynia.pl\/index.php\/produkt\/spin-master-lalka-wizarding-world-3-cale-ron\/"},"modified":"2026-04-29T19:25:21","modified_gmt":"2026-04-29T17:25:21","slug":"spin-master-lalka-wizarding-world-3-cale-ron","status":"publish","type":"product","link":"http:\/\/klubmamgdynia.pl\/index.php\/produkt\/spin-master-lalka-wizarding-world-3-cale-ron\/","title":{"rendered":"Spin Master Lalka Wizarding World 3 Cale Ron"},"content":{"rendered":"<p>Wyobra\u017a sobie, \u017ce do\u0142\u0105czasz do swoich ulubionych postaci z Harryego Pottera podczas czaruj\u0105cych przyg\u00f3d, dzi\u0119ki ma\u0142ym lalkom Magical Minis! M\u0142ode czarownice, czarodzieje i mugole dzi\u0119ki zabawkom ze \u015bwiata Harryego Pottera mog\u0105 odtwarza\u0107 sceny z filmu. Od mundurka Harryego i szalika Gryffindoru po szat\u0119 i brod\u0119 Dumlbeadora ka\u017cda z 3-calowych lalek jest bogata w detale, kt\u00f3re o\u017cywiaj\u0105 znane postaci. Poruszaj g\u0142ow\u0105 i ramionami lalek, jakby\u015b rzuca\u0142 zakl\u0119cia i odgrywa\u0142 scenki. Odkrywaj sale zamku Hogwart i ustawiaj figurki przy stole w Wielkiej Sali (zamek sprzedawany osobno)! Uno\u015b w powietrze pi\u00f3ra i podpalaj kocio\u0142ki dzi\u0119ki zestawom Magical Minis (sprzedawane osobno). Te kolekcjonerskie zabawki Magical Minis to doskona\u0142y spos\u00f3b, aby pobudzi\u0107 wyobra\u017anie do ekscytuj\u0105cej zabawy. Zbierz Harryego, Hermione, Dumbledorea, Snapea i nie tylko (ka\u017cda lalka sprzedawana osobno), aby stworzy\u0107 sw\u00f3j czarodziejski \u015bwiat! Dodatkowo mo\u017cesz zbiera\u0107 Zestawy Przyja\u017ani z dwoma lalkami oraz figurki stwork\u00f3w (sprzedawane osobno). Lalki Magical Minis to doskona\u0142y prezent dla ka\u017cdego dziecka i fana Harryego Pottera. Odkrywaj czarodziejski \u015bwiat z lalkami Magical Minis!<\/p>\n<h2>Spin Master Lalka Wizarding World 3 Cale Ron Spin Master<\/h2>\n<p>korczak cytaty, prezent dla nastolatki, kolorowanki my little pony, opowie\u015bci z narni test, dinozaur bajka, zaproszenia na urodziny do druku, wzruszaj\u0105ce s\u0142owa dla przyjaci\u00f3\u0142ki, ninjago kolorowanki, ahmed, imi\u0119 alan, zabawka na roczek dla dziewczynki, plecak torba i walizka, stare bajki, pomysly na prima aprilis, henryk, zgadywanki, prezent dla nastolatki, \u017carty na prima aprilis dla mamy<\/p>\n<p>yyyyy<\/p>\n<p>&nbsp;<\/p>\n","protected":false},"excerpt":{"rendered":"<p>Wyobra\u017a sobie, \u017ce do\u0142\u0105czasz do swoich ulubionych postaci z Harryego Pottera podczas czaruj\u0105cych przyg\u00f3d, dzi\u0119ki ma\u0142ym lalkom Magical Minis! M\u0142ode czarownice, czarodzieje i mugole dzi\u0119ki zabawkom ze \u015bwiata Harryego Pottera mog\u0105 odtwarza\u0107 sceny z filmu. Od mundurka Harryego i szalika Gryffindoru po szat\u0119 i brod\u0119 Dumlbeadora ka\u017cda z 3-calowych lalek jest bogata w detale, kt\u00f3re [&hellip;]<\/p>\n","protected":false},"featured_media":9394,"comment_status":"closed","ping_status":"open","template":"","meta":[],"product_cat":[65,94],"product_tag":[598,737,778,595],"class_list":["post-9393","product","type-product","status-publish","has-post-thumbnail","hentry","product_cat-lalki","product_cat-spin-master","product_tag-co-na-roczek-dla-dziewczynki","product_tag-test-z-lektury-felix-net-i-nika-oraz-gang-niewidzialnych-ludzi","product_tag-zabawki-na-roczek-dla-chlopca","product_tag-zagadki-dla-6-latka"],"_links":{"self":[{"href":"http:\/\/klubmamgdynia.pl\/index.php\/wp-json\/wp\/v2\/product\/9393","targetHints":{"allow":["GET"]}}],"collection":[{"href":"http:\/\/klubmamgdynia.pl\/index.php\/wp-json\/wp\/v2\/product"}],"about":[{"href":"http:\/\/klubmamgdynia.pl\/index.php\/wp-json\/wp\/v2\/types\/product"}],"replies":[{"embeddable":true,"href":"http:\/\/klubmamgdynia.pl\/index.php\/wp-json\/wp\/v2\/comments?post=9393"}],"wp:featuredmedia":[{"embeddable":true,"href":"http:\/\/klubmamgdynia.pl\/index.php\/wp-json\/wp\/v2\/media\/9394"}],"wp:attachment":[{"href":"http:\/\/klubmamgdynia.pl\/index.php\/wp-json\/wp\/v2\/media?parent=9393"}],"wp:term":[{"taxonomy":"product_cat","embeddable":true,"href":"http:\/\/klubmamgdynia.pl\/index.php\/wp-json\/wp\/v2\/product_cat?post=9393"},{"taxonomy":"product_tag","embeddable":true,"href":"http:\/\/klubmamgdynia.pl\/index.php\/wp-json\/wp\/v2\/product_tag?post=9393"}],"curies":[{"name":"wp","href":"https:\/\/api.w.org\/{rel}","templated":true}]}}