{"id":9399,"date":"2024-12-18T10:22:26","date_gmt":"2024-12-18T09:22:26","guid":{"rendered":"http:\/\/klubmamgdynia.pl\/?post_type=product&#038;p=9399"},"modified":"2026-04-05T22:06:14","modified_gmt":"2026-04-05T20:06:14","slug":"tm-toys-peppa-z-przyjacielem-355cm-innpepe15","status":"publish","type":"product","link":"http:\/\/klubmamgdynia.pl\/index.php\/produkt\/tm-toys-peppa-z-przyjacielem-355cm-innpepe15\/","title":{"rendered":"Tm Toys Peppa z przyjacielem 35,5cm INNPEPE15"},"content":{"rendered":"<p>Zabawka wykonana z mi\u0119kkiego materia\u0142u, wewn\u0105trz znajduje si\u0119 delikatny i lekki wype\u0142niacz. Dzi\u0119ki temu pluszak jest mi\u0142y i przyjemny w dotyku, a dziei uwielbiaj\u0105 si\u0119 do niego przytula\u0107. Pluszowy bohater mo\u017ce towarzyszy\u0107 dzieciom juz od pierwszych miesi\u0119cy zycia. To doskona\u0142y spos\u00f3b na prezent na ka\u017cd\u0105 okazj\u0119.Informacje o produkcieNr katalogowyINNPEPE15Rodzaj (pluszaki) BajkoweMarka (pluszaki) \u015awinka PeppaWymagania wiekowe od 3 latP\u0142e\u0107 (zabawki) Dziewczynki i ch\u0142opcyKolor (wyliczeniowy) CzerwonyWysoko\u015b\u0107 45 cm<\/p>\n<h2>Tm Toys Peppa z przyjacielem 35,5cm INNPEPE15 TM Toys<\/h2>\n<p>jak narysowa\u0107 kota, co kupi\u0107 na roczek dla ch\u0142opca, bajki do czytania psi patrol, podchwytliwe zagadki dla doros\u0142ych, prezent dla 15 latka, p\u0142ywalnie warszawa, kolorowanki antystresowe, laurka dla mamy rysunek, kolorowanki lego ninjago, flagi europy quiz, szlaczki literopodobne do wydruku, pikachu kolorowanka, menu urodzinowe dla dzieci w wieku 8 10 lat, malowanki do wydruku<\/p>\n<p>yyyyy<\/p>\n<p>&nbsp;<\/p>\n","protected":false},"excerpt":{"rendered":"<p>Zabawka wykonana z mi\u0119kkiego materia\u0142u, wewn\u0105trz znajduje si\u0119 delikatny i lekki wype\u0142niacz. Dzi\u0119ki temu pluszak jest mi\u0142y i przyjemny w dotyku, a dziei uwielbiaj\u0105 si\u0119 do niego przytula\u0107. Pluszowy bohater mo\u017ce towarzyszy\u0107 dzieciom juz od pierwszych miesi\u0119cy zycia. To doskona\u0142y spos\u00f3b na prezent na ka\u017cd\u0105 okazj\u0119.Informacje o produkcieNr katalogowyINNPEPE15Rodzaj (pluszaki) BajkoweMarka (pluszaki) \u015awinka PeppaWymagania wiekowe [&hellip;]<\/p>\n","protected":false},"featured_media":9400,"comment_status":"closed","ping_status":"open","template":"","meta":[],"product_cat":[42,145],"product_tag":[845,832,652,803,592,756],"class_list":["post-9399","product","type-product","status-publish","has-post-thumbnail","hentry","product_cat-maskotki","product_cat-tm-toys","product_tag-ach-spij-kochanie-tekst","product_tag-desery-dla-dzieci","product_tag-otto","product_tag-szlaczki-do-druku","product_tag-zagadki-dla-dzieci","product_tag-zaproszenie-na-urodziny-do-druku"],"_links":{"self":[{"href":"http:\/\/klubmamgdynia.pl\/index.php\/wp-json\/wp\/v2\/product\/9399","targetHints":{"allow":["GET"]}}],"collection":[{"href":"http:\/\/klubmamgdynia.pl\/index.php\/wp-json\/wp\/v2\/product"}],"about":[{"href":"http:\/\/klubmamgdynia.pl\/index.php\/wp-json\/wp\/v2\/types\/product"}],"replies":[{"embeddable":true,"href":"http:\/\/klubmamgdynia.pl\/index.php\/wp-json\/wp\/v2\/comments?post=9399"}],"wp:featuredmedia":[{"embeddable":true,"href":"http:\/\/klubmamgdynia.pl\/index.php\/wp-json\/wp\/v2\/media\/9400"}],"wp:attachment":[{"href":"http:\/\/klubmamgdynia.pl\/index.php\/wp-json\/wp\/v2\/media?parent=9399"}],"wp:term":[{"taxonomy":"product_cat","embeddable":true,"href":"http:\/\/klubmamgdynia.pl\/index.php\/wp-json\/wp\/v2\/product_cat?post=9399"},{"taxonomy":"product_tag","embeddable":true,"href":"http:\/\/klubmamgdynia.pl\/index.php\/wp-json\/wp\/v2\/product_tag?post=9399"}],"curies":[{"name":"wp","href":"https:\/\/api.w.org\/{rel}","templated":true}]}}