{"id":940,"date":"2013-12-14T03:33:17","date_gmt":"2013-12-14T02:33:17","guid":{"rendered":"http:\/\/klubmamgdynia.pl\/index.php\/produkt\/jada-toys-zdalnie-sterowany-jupiter-turbo-strazak-sam-rc\/"},"modified":"2026-04-29T16:08:34","modified_gmt":"2026-04-29T14:08:34","slug":"jada-toys-zdalnie-sterowany-jupiter-turbo-strazak-sam-rc","status":"publish","type":"product","link":"http:\/\/klubmamgdynia.pl\/index.php\/produkt\/jada-toys-zdalnie-sterowany-jupiter-turbo-strazak-sam-rc\/","title":{"rendered":"Jada Toys Zdalnie Sterowany Jupiter Turbo Stra\u017cak Sam Rc"},"content":{"rendered":"<p>Jupiter Stra\u017caka Sama jest zdalnie sterowanym wozem stra\u017cackim za pomoc\u0105 do\u0142\u0105czonego do zestawu pilota. Pojazd ma czerwon\u0105 karoseri\u0119 z szaro-\u017c\u00f3\u0142tymi elementami.<\/p>\n<h2>Jada Toys Zdalnie Sterowany Jupiter Turbo Stra\u017cak Sam Rc Jada Toys<\/h2>\n<p>buziak gify na dobranoc smieszne, trudne zadania matematyczne, zadania logiczne dla dzieci, zagadki z odpowiedziami, dzieci z bullerbyn quiz, bajki do czytania, kolorowanki dla dziewczynek, jesienne zagadki, zaproszenia urodzinowe do wydruku chomikuj, test na znaki drogowe, walentynka dla syna, z\u0142ote my\u015bli kubu\u015b puchatek cytaty, pieski ma\u0142e dwa tekst, quiz o psie kt\u00f3ry je\u017adzi\u0142 kolej\u0105, w\u0142ochy, opis do zdj\u0119cia dziecka, imie aron, kolorowanki lato, zak\u0142adka do ksi\u0105\u017cki szablon, jak narysowa\u0107 psa<\/p>\n<p>yyyyy<\/p>\n<p>&nbsp;<\/p>\n","protected":false},"excerpt":{"rendered":"<p>Jupiter Stra\u017caka Sama jest zdalnie sterowanym wozem stra\u017cackim za pomoc\u0105 do\u0142\u0105czonego do zestawu pilota. Pojazd ma czerwon\u0105 karoseri\u0119 z szaro-\u017c\u00f3\u0142tymi elementami. Jada Toys Zdalnie Sterowany Jupiter Turbo Stra\u017cak Sam Rc Jada Toys buziak gify na dobranoc smieszne, trudne zadania matematyczne, zadania logiczne dla dzieci, zagadki z odpowiedziami, dzieci z bullerbyn quiz, bajki do czytania, kolorowanki [&hellip;]<\/p>\n","protected":false},"featured_media":941,"comment_status":"closed","ping_status":"open","template":"","meta":[],"product_cat":[83,311],"product_tag":[859,695,600],"class_list":["post-940","product","type-product","status-publish","has-post-thumbnail","hentry","product_cat-auta-i-inne-pojazdy-do-zabawy","product_cat-jada-toys","product_tag-dobranoc-pchly-na-noc","product_tag-rzadkie-imiona-zenskie","product_tag-zaproszenia-na-urodziny-do-druku"],"_links":{"self":[{"href":"http:\/\/klubmamgdynia.pl\/index.php\/wp-json\/wp\/v2\/product\/940","targetHints":{"allow":["GET"]}}],"collection":[{"href":"http:\/\/klubmamgdynia.pl\/index.php\/wp-json\/wp\/v2\/product"}],"about":[{"href":"http:\/\/klubmamgdynia.pl\/index.php\/wp-json\/wp\/v2\/types\/product"}],"replies":[{"embeddable":true,"href":"http:\/\/klubmamgdynia.pl\/index.php\/wp-json\/wp\/v2\/comments?post=940"}],"wp:featuredmedia":[{"embeddable":true,"href":"http:\/\/klubmamgdynia.pl\/index.php\/wp-json\/wp\/v2\/media\/941"}],"wp:attachment":[{"href":"http:\/\/klubmamgdynia.pl\/index.php\/wp-json\/wp\/v2\/media?parent=940"}],"wp:term":[{"taxonomy":"product_cat","embeddable":true,"href":"http:\/\/klubmamgdynia.pl\/index.php\/wp-json\/wp\/v2\/product_cat?post=940"},{"taxonomy":"product_tag","embeddable":true,"href":"http:\/\/klubmamgdynia.pl\/index.php\/wp-json\/wp\/v2\/product_tag?post=940"}],"curies":[{"name":"wp","href":"https:\/\/api.w.org\/{rel}","templated":true}]}}