{"id":9403,"date":"2014-10-27T06:03:37","date_gmt":"2014-10-27T05:03:37","guid":{"rendered":"http:\/\/klubmamgdynia.pl\/index.php\/produkt\/lena-truckies-zestaw-pojazdow-budowlanych-z-akcesoriami\/"},"modified":"2026-04-05T02:14:46","modified_gmt":"2026-04-05T00:14:46","slug":"lena-truckies-zestaw-pojazdow-budowlanych-z-akcesoriami","status":"publish","type":"product","link":"http:\/\/klubmamgdynia.pl\/index.php\/produkt\/lena-truckies-zestaw-pojazdow-budowlanych-z-akcesoriami\/","title":{"rendered":"Lena Truckies Zestaw pojazd\u00f3w budowlanych z akcesoriami"},"content":{"rendered":"<p>Opis: Plac budowy LENA Truckies. Sk\u0142ada si\u0119 z wywrotki i koparki Truckies, zestawu znak\u00f3w drogowych LENA z 17 cz\u0119\u015bciami i naklejkami, figurki policjanta LENA oraz blokady drogowej. Umo\u017cliwia pomys\u0142owe odgrywanie r\u00f3l. Odpowiedni dla dzieci od 2 lat. Nadaje si\u0119 do u\u017cycia wewn\u0105trz i na zewn\u0105trz. Wykonane w Europie. Certyfikat T\u00dcV.Nr katalogowy: 01631Marka: BrakSeria pojazd\u00f3w: brakRodzaj: KoparkiRodzaj: WywrotkiMateria\u0142: Tworzywo sztuczneWymagania wiekowe: 2P\u0142e\u0107: Ch\u0142opcyP\u0142e\u0107: DziewczynkiProdukt na baterie: NieBaterie w zestawie: NieZasilanie: Nie dotyczyKolor: \u017b\u00f3\u0142tySerial TV\/Film kinowy: NiePozosta\u0142e parametry: D\u0142ugo\u015b\u0107 wywrotki: 22 cm D\u0142ugo\u015b\u0107 koparki: 25 cm &#8230;<\/p>\n<h2>Lena Truckies Zestaw pojazd\u00f3w budowlanych z akcesoriami Lena<\/h2>\n<p>bajki dla dzieci od 7 do 10 lat, oryginalny prezent na roczek, sa\u0142atki dla dzieci, zagadki dla dzieci logiczne, test dynastia mizio\u0142k\u00f3w, psikusy na prima aprilis, kucyki pony kolorowanka, miko\u0142ajek &#8211; test z odpowiedziami, cytaty przyja\u017a\u0144, zrobi\u0107 laurk\u0119 laurka dla babci, zagadki matematyczne dla przedszkolak\u00f3w, imi\u0119 mia, jak narysowa\u0107 sanie miko\u0142aja, atrakcje do 30 km od wroc\u0142awia, zabawy dla 5-6 latk\u00f3w, ozdoby wielkanocne kt\u00f3re mog\u0105 zrobi\u0107 dzieci, marcelina imi\u0119, jak narysowa\u0107 \u017cab\u0119, zagadki zimowe dla dzieci, \u015bwi\u0105teczne filmy familijne<\/p>\n<p>yyyyy<\/p>\n<p>&nbsp;<\/p>\n","protected":false},"excerpt":{"rendered":"<p>Opis: Plac budowy LENA Truckies. Sk\u0142ada si\u0119 z wywrotki i koparki Truckies, zestawu znak\u00f3w drogowych LENA z 17 cz\u0119\u015bciami i naklejkami, figurki policjanta LENA oraz blokady drogowej. Umo\u017cliwia pomys\u0142owe odgrywanie r\u00f3l. Odpowiedni dla dzieci od 2 lat. Nadaje si\u0119 do u\u017cycia wewn\u0105trz i na zewn\u0105trz. Wykonane w Europie. Certyfikat T\u00dcV.Nr katalogowy: 01631Marka: BrakSeria pojazd\u00f3w: brakRodzaj: [&hellip;]<\/p>\n","protected":false},"featured_media":9404,"comment_status":"closed","ping_status":"open","template":"","meta":[],"product_cat":[83,531],"product_tag":[719,618,652,783],"class_list":["post-9403","product","type-product","status-publish","has-post-thumbnail","hentry","product_cat-auta-i-inne-pojazdy-do-zabawy","product_cat-lena","product_tag-dziecko-cytaty-zlote-mysli","product_tag-lato-lato-lato-czeka-tekst","product_tag-otto","product_tag-prezenty-na-roczek-dla-chlopca"],"_links":{"self":[{"href":"http:\/\/klubmamgdynia.pl\/index.php\/wp-json\/wp\/v2\/product\/9403","targetHints":{"allow":["GET"]}}],"collection":[{"href":"http:\/\/klubmamgdynia.pl\/index.php\/wp-json\/wp\/v2\/product"}],"about":[{"href":"http:\/\/klubmamgdynia.pl\/index.php\/wp-json\/wp\/v2\/types\/product"}],"replies":[{"embeddable":true,"href":"http:\/\/klubmamgdynia.pl\/index.php\/wp-json\/wp\/v2\/comments?post=9403"}],"wp:featuredmedia":[{"embeddable":true,"href":"http:\/\/klubmamgdynia.pl\/index.php\/wp-json\/wp\/v2\/media\/9404"}],"wp:attachment":[{"href":"http:\/\/klubmamgdynia.pl\/index.php\/wp-json\/wp\/v2\/media?parent=9403"}],"wp:term":[{"taxonomy":"product_cat","embeddable":true,"href":"http:\/\/klubmamgdynia.pl\/index.php\/wp-json\/wp\/v2\/product_cat?post=9403"},{"taxonomy":"product_tag","embeddable":true,"href":"http:\/\/klubmamgdynia.pl\/index.php\/wp-json\/wp\/v2\/product_tag?post=9403"}],"curies":[{"name":"wp","href":"https:\/\/api.w.org\/{rel}","templated":true}]}}