{"id":9427,"date":"2019-04-07T15:53:53","date_gmt":"2019-04-07T13:53:53","guid":{"rendered":"http:\/\/klubmamgdynia.pl\/index.php\/produkt\/jokomisiada-lalka-fryzjer-stylistka-akces-dla-dziecka-za3855\/"},"modified":"2026-04-29T05:29:07","modified_gmt":"2026-04-29T03:29:07","slug":"jokomisiada-lalka-fryzjer-stylistka-akces-dla-dziecka-za3855","status":"publish","type":"product","link":"http:\/\/klubmamgdynia.pl\/index.php\/produkt\/jokomisiada-lalka-fryzjer-stylistka-akces-dla-dziecka-za3855\/","title":{"rendered":"Jokomisiada Lalka Fryzjer Stylistka Akces Dla Dziecka Za3855"},"content":{"rendered":"<p>Urocza lalka z mn\u00f3stwem akcesori\u00f3w z pewno\u015bci\u0105 przypadnie do gustu ka\u017cdej ma\u0142ej strojnisi. Lalka ma d\u0142ugie, kr\u0119cone w\u0142osy, kt\u00f3re mo\u017cna czesa\u0107 oraz weso\u0142\u0105 mink\u0119. Kolorowe ubranko uzupe\u0142nia \u015bliczna torebeczka. Z tak\u0105 lalk\u0105 mo\u017cna wybra\u0107 si\u0119 na spacer, na zakupy czy na wycieczk\u0119. Lalka w ca\u0142o\u015bci wykonana z tworzywa sztucznego. Niebieskie oczka lalki zamykaj\u0105 si\u0119, dzi\u0119ki czemu mo\u017cna utuli\u0107 je do snu. Lalka posiada ruchome ko\u0144czyny r\u0119ce i nogi, g\u0142owa obraca si\u0119 na boki.W zestawie:- lalka z ubrankiem i torebk\u0105,- suszarka (imitacja),- ma\u0142e lusterko dla lali,- szczotka,- du\u017ce lusterko,- tiara,- okulary,- spinka do w\u0142os\u00f3w,- 2 komplety sztucznych paznokci.Aby dziewczynka wygl\u0105da\u0142a r\u00f3wnie pi\u0119knie jak jej lala, mo\u017ce wpi\u0105\u0107 we w\u0142osy ozdobn\u0105 spink\u0119 lub srebrn\u0105 tiar\u0119. Aby doda\u0107 nieco ekstrawagancji przydadz\u0105 si\u0119 r\u00f3\u017cowe, przeciws\u0142oneczne okulary. Tak wystylizowane mog\u0105 zasi\u0105\u015b\u0107 wsp\u00f3lnie do popo\u0142udniowej herbatki.Wymiar lalki: ok. 30 cmZestaw zapakowany w kolorowe, eleganckie pude\u0142ko, idealne na prezent.<\/p>\n<h2>Jokomisiada Lalka Fryzjer Stylistka Akces Dla Dziecka Za3855 Jokomisiada<\/h2>\n<p>maski do druku kolorowe, przyja\u017a\u0144, filmy wigilijne dla dzieci, narodziny dziecka cytaty, opisy do zdj dziecka, bajka o miko\u0142aju do czytania, quiz o hobbicie, test zaczarowana zagroda, atrakcje dla dzieci we wroc\u0142awiu, bajki dla niemowlakow, kolorowanki na dzie\u0144 babci, fajne rzeczy dla nastolatk\u00f3w, motto dla nauczyciela, imi\u0119 kuba<\/p>\n<p>yyyyy<\/p>\n<p>&nbsp;<\/p>\n","protected":false},"excerpt":{"rendered":"<p>Urocza lalka z mn\u00f3stwem akcesori\u00f3w z pewno\u015bci\u0105 przypadnie do gustu ka\u017cdej ma\u0142ej strojnisi. Lalka ma d\u0142ugie, kr\u0119cone w\u0142osy, kt\u00f3re mo\u017cna czesa\u0107 oraz weso\u0142\u0105 mink\u0119. Kolorowe ubranko uzupe\u0142nia \u015bliczna torebeczka. Z tak\u0105 lalk\u0105 mo\u017cna wybra\u0107 si\u0119 na spacer, na zakupy czy na wycieczk\u0119. Lalka w ca\u0142o\u015bci wykonana z tworzywa sztucznego. Niebieskie oczka lalki zamykaj\u0105 si\u0119, dzi\u0119ki [&hellip;]<\/p>\n","protected":false},"featured_media":9428,"comment_status":"closed","ping_status":"open","template":"","meta":[],"product_cat":[131,65],"product_tag":[815,770,601,791],"class_list":["post-9427","product","type-product","status-publish","has-post-thumbnail","hentry","product_cat-jokomisiada","product_cat-lalki","product_tag-ozdoby-choinkowe-dla-dzieci","product_tag-samolot-z-papieru","product_tag-zagadki-co-to-jest","product_tag-zagadki-na-myslenie"],"_links":{"self":[{"href":"http:\/\/klubmamgdynia.pl\/index.php\/wp-json\/wp\/v2\/product\/9427","targetHints":{"allow":["GET"]}}],"collection":[{"href":"http:\/\/klubmamgdynia.pl\/index.php\/wp-json\/wp\/v2\/product"}],"about":[{"href":"http:\/\/klubmamgdynia.pl\/index.php\/wp-json\/wp\/v2\/types\/product"}],"replies":[{"embeddable":true,"href":"http:\/\/klubmamgdynia.pl\/index.php\/wp-json\/wp\/v2\/comments?post=9427"}],"wp:featuredmedia":[{"embeddable":true,"href":"http:\/\/klubmamgdynia.pl\/index.php\/wp-json\/wp\/v2\/media\/9428"}],"wp:attachment":[{"href":"http:\/\/klubmamgdynia.pl\/index.php\/wp-json\/wp\/v2\/media?parent=9427"}],"wp:term":[{"taxonomy":"product_cat","embeddable":true,"href":"http:\/\/klubmamgdynia.pl\/index.php\/wp-json\/wp\/v2\/product_cat?post=9427"},{"taxonomy":"product_tag","embeddable":true,"href":"http:\/\/klubmamgdynia.pl\/index.php\/wp-json\/wp\/v2\/product_tag?post=9427"}],"curies":[{"name":"wp","href":"https:\/\/api.w.org\/{rel}","templated":true}]}}