{"id":9431,"date":"2016-09-05T10:40:39","date_gmt":"2016-09-05T08:40:39","guid":{"rendered":"http:\/\/klubmamgdynia.pl\/index.php\/produkt\/trefl-primo-puzzle-super-maxi-24el-bobaski-na-safari-41009\/"},"modified":"2026-04-28T12:11:00","modified_gmt":"2026-04-28T10:11:00","slug":"trefl-primo-puzzle-super-maxi-24el-bobaski-na-safari-41009","status":"publish","type":"product","link":"http:\/\/klubmamgdynia.pl\/index.php\/produkt\/trefl-primo-puzzle-super-maxi-24el-bobaski-na-safari-41009\/","title":{"rendered":"Trefl Primo Puzzle Super Maxi 24el. Bobaski Na Safari 41009"},"content":{"rendered":"<p>Trefl Primo Puzzle Super Maxi 24el. Super Bobaski Na Safari 41009Bobaski na safari &#8211; puzzle z serii Prime to a\u017c trzy zabawy w jednym produkcie!\u00a0Produkt zosta\u0142 wykonany z wysokiej jako\u015bci materia\u0142\u00f3w.                            <\/p>\n<p>Puzzle Super MaxiPuzzle Primo to \u015bwietna zabawa i rado\u015b\u0107 samodzielnego tworzenia. Otw\u00f3rz opakowanie i zapomnij o ca\u0142ym \u015bwiecie! Seria Super Maxi to a\u017c 3 zabawy w jednym produkcie! W pude\u0142ku znajdziesz du\u017c\u0105, dwustronn\u0105 uk\u0142adank\u0119 oraz kolorowank\u0119 i gr\u0119 z elementami kolorowania, kt\u00f3re znajduj\u0105 si\u0119 na odwrocie uk\u0142adanki. Sprawd\u017a sam!                            <\/p>\n<p>Intensywne kolory uk\u0142adanekProdukty z serii Primo wyr\u00f3\u017cniaj\u0105 si\u0119 \u017cywymi kolorami i doskonale dopasowanymi elementami. W ofercie znajdziesz szeroki wyb\u00f3r ilustracji z ulubionymi bohaterami Twojego dziecka!\u00a0                            <\/p>\n<p>Puzzle Primo z certyfikatem FSC\u00a0Uk\u0142adanki Trefl Primo wykonane s\u0105 z materia\u0142\u00f3w przyjaznych \u015brodowisku. Puzzle posiadaj\u0105 certyfikat FSC, a wi\u0119c znak odpowiedzialnej gospodarki le\u015bnej. Troszcz si\u0119 o ekologi\u0119 razem z nami!<\/p>\n<h2>Trefl Primo Puzzle Super Maxi 24el. Bobaski Na Safari 41009 Trefl<\/h2>\n<p>wydarzenia warszawa dzisiaj, rysunki \u0142atwe, smieszne zagadki, ci\u0119\u017ckie zagadki, bo\u017ce narodzenie quiz, proste przepisy dla dzieci<\/p>\n<p>yyyyy<\/p>\n<p>&nbsp;<\/p>\n","protected":false},"excerpt":{"rendered":"<p>Trefl Primo Puzzle Super Maxi 24el. Super Bobaski Na Safari 41009Bobaski na safari &#8211; puzzle z serii Prime to a\u017c trzy zabawy w jednym produkcie!\u00a0Produkt zosta\u0142 wykonany z wysokiej jako\u015bci materia\u0142\u00f3w. Puzzle Super MaxiPuzzle Primo to \u015bwietna zabawa i rado\u015b\u0107 samodzielnego tworzenia. Otw\u00f3rz opakowanie i zapomnij o ca\u0142ym \u015bwiecie! Seria Super Maxi to a\u017c 3 [&hellip;]<\/p>\n","protected":false},"featured_media":9432,"comment_status":"closed","ping_status":"open","template":"","meta":[],"product_cat":[90,104],"product_tag":[749,745,609,586,840,799],"class_list":["post-9431","product","type-product","status-publish","has-post-thumbnail","hentry","product_cat-puzzle","product_cat-trefl","product_tag-najlepsze-zarty-na-prima-aprilis","product_tag-prezent-dla-15-latki","product_tag-quiz-flagi-europy","product_tag-smieszne-zagadki","product_tag-stare-bajki","product_tag-zagadka-logiczna"],"_links":{"self":[{"href":"http:\/\/klubmamgdynia.pl\/index.php\/wp-json\/wp\/v2\/product\/9431","targetHints":{"allow":["GET"]}}],"collection":[{"href":"http:\/\/klubmamgdynia.pl\/index.php\/wp-json\/wp\/v2\/product"}],"about":[{"href":"http:\/\/klubmamgdynia.pl\/index.php\/wp-json\/wp\/v2\/types\/product"}],"replies":[{"embeddable":true,"href":"http:\/\/klubmamgdynia.pl\/index.php\/wp-json\/wp\/v2\/comments?post=9431"}],"wp:featuredmedia":[{"embeddable":true,"href":"http:\/\/klubmamgdynia.pl\/index.php\/wp-json\/wp\/v2\/media\/9432"}],"wp:attachment":[{"href":"http:\/\/klubmamgdynia.pl\/index.php\/wp-json\/wp\/v2\/media?parent=9431"}],"wp:term":[{"taxonomy":"product_cat","embeddable":true,"href":"http:\/\/klubmamgdynia.pl\/index.php\/wp-json\/wp\/v2\/product_cat?post=9431"},{"taxonomy":"product_tag","embeddable":true,"href":"http:\/\/klubmamgdynia.pl\/index.php\/wp-json\/wp\/v2\/product_tag?post=9431"}],"curies":[{"name":"wp","href":"https:\/\/api.w.org\/{rel}","templated":true}]}}