{"id":9477,"date":"2017-07-26T12:25:23","date_gmt":"2017-07-26T10:25:23","guid":{"rendered":"http:\/\/klubmamgdynia.pl\/index.php\/produkt\/naklejka-na-sciane-cytat-creative-everyday-100-cm-w_c0265_100\/"},"modified":"2026-05-03T00:30:10","modified_gmt":"2026-05-02T22:30:10","slug":"naklejka-na-sciane-cytat-creative-everyday-100-cm-w_c0265_100","status":"publish","type":"product","link":"http:\/\/klubmamgdynia.pl\/index.php\/produkt\/naklejka-na-sciane-cytat-creative-everyday-100-cm-w_c0265_100\/","title":{"rendered":"NAKLEJKA NA \u015aCIAN\u0118 CYTAT CREATIVE EVERYDAY 100 CM W_C0265_100"},"content":{"rendered":"<p>Cytat &#8222;Do something creative everyday&#8221; &#8211; naklejka na \u015bcian\u0119 w rozmiarze 100&#215;50 cm.Naklejka nie posiada t\u0142a, jest ona wyci\u0119ta w wybranym kolorze z matowej folii samoprzylepnej niemieckiej firmy Oracal. Po naklejeniu na \u015bcian\u0119 pozostaj\u0105 tylko elementy widoczne na czarno na zdj\u0119ciu obok.Inne rozmiary tej naklejki dost\u0119pne s\u0105 na naszych pozosta\u0142ych aukcjach.Na naklejki jest naniesiony papier transferowy, kt\u00f3ry umo\u017cliwia \u0142atwe przeniesienie jej na wybran\u0105 powierzchni\u0119 z zachowaniem oryginalnego kszta\u0142tu.Tolerancja wymiar\u00f3w naklejki \u00b12%.Naklejki mog\u0105 by\u0107 wykonane w dowolnym kolorze wybranym ze wzornika obok. Informacj\u0119 o wybranym kolorze prosz\u0119 poda\u0107 w wiadomo\u015bci do sprzedaj\u0105cego przy wyborze sposobu p\u0142atno\u015bci i dostawy.NaklejanieWytwarzane przez nas naklejki mog\u0105 zdobi\u0107 p\u0142askie i g\u0142adkie powierzchnie takie jak \u015bciany, szyby, meble, samochody, urz\u0105dzenia oraz inne, kt\u00f3re chcesz uatrakcyjni\u0107, a powierzchnia spe\u0142nia poni\u017csze wymagania. Powierzchnia musi by\u0107 p\u0142aska, g\u0142adka, sucha, oczyszczona z kurzu i odt\u0142uszczona. Naklejki mo\u017cna nakleja\u0107 na p\u0142aszczyzny malowane po zupe\u0142nym wyschni\u0119ciu farby, tj. minimum 3 tygodnie po malowaniu. Naklejki nie nadaj\u0105 si\u0119 do naklejania na farby z du\u017c\u0105 zawarto\u015bci\u0105 lateksu poniewa\u017c nie b\u0119d\u0105 si\u0119 trzyma\u0107 powierzchni.<\/p>\n<h2>NAKLEJKA NA \u015aCIAN\u0118 CYTAT CREATIVE EVERYDAY 100 CM W_C0265_100 <\/h2>\n<p>jak zrobi\u0107 wulkan, najtrudniejsze zagadki, dziecko cytaty, zabawy dla 5 latka, zagadki dla 4 latka do druku, psikusy na prima aprilis, imi\u0119 alan, prezenty na dzie\u0144 dziecka dla nastolatk\u00f3w, mini kanapki dla dzieci, zagadki na my\u015blenie, test znaki drogowe, gabriela imie, leonardo imi\u0119, konkurencje sportowe dla dzieci, zagadki na my\u015blenie, bal halloween dla dzieci 2021<\/p>\n<p>yyyyy<\/p>\n<p>&nbsp;<\/p>\n","protected":false},"excerpt":{"rendered":"<p>Cytat &#8222;Do something creative everyday&#8221; &#8211; naklejka na \u015bcian\u0119 w rozmiarze 100&#215;50 cm.Naklejka nie posiada t\u0142a, jest ona wyci\u0119ta w wybranym kolorze z matowej folii samoprzylepnej niemieckiej firmy Oracal. Po naklejeniu na \u015bcian\u0119 pozostaj\u0105 tylko elementy widoczne na czarno na zdj\u0119ciu obok.Inne rozmiary tej naklejki dost\u0119pne s\u0105 na naszych pozosta\u0142ych aukcjach.Na naklejki jest naniesiony papier [&hellip;]<\/p>\n","protected":false},"featured_media":9478,"comment_status":"closed","ping_status":"open","template":"","meta":[],"product_cat":[555],"product_tag":[821,803,824,721,873],"class_list":["post-9477","product","type-product","status-publish","has-post-thumbnail","hentry","product_cat-dzieciece-akcesoria-dekoracyjne","product_tag-marianna","product_tag-szlaczki-do-druku","product_tag-warszawa-atrakcje-dla-dzieci","product_tag-zagadki-matematyczne","product_tag-zagadki-z-odpowiedziami-dla-dzieci"],"_links":{"self":[{"href":"http:\/\/klubmamgdynia.pl\/index.php\/wp-json\/wp\/v2\/product\/9477","targetHints":{"allow":["GET"]}}],"collection":[{"href":"http:\/\/klubmamgdynia.pl\/index.php\/wp-json\/wp\/v2\/product"}],"about":[{"href":"http:\/\/klubmamgdynia.pl\/index.php\/wp-json\/wp\/v2\/types\/product"}],"replies":[{"embeddable":true,"href":"http:\/\/klubmamgdynia.pl\/index.php\/wp-json\/wp\/v2\/comments?post=9477"}],"wp:featuredmedia":[{"embeddable":true,"href":"http:\/\/klubmamgdynia.pl\/index.php\/wp-json\/wp\/v2\/media\/9478"}],"wp:attachment":[{"href":"http:\/\/klubmamgdynia.pl\/index.php\/wp-json\/wp\/v2\/media?parent=9477"}],"wp:term":[{"taxonomy":"product_cat","embeddable":true,"href":"http:\/\/klubmamgdynia.pl\/index.php\/wp-json\/wp\/v2\/product_cat?post=9477"},{"taxonomy":"product_tag","embeddable":true,"href":"http:\/\/klubmamgdynia.pl\/index.php\/wp-json\/wp\/v2\/product_tag?post=9477"}],"curies":[{"name":"wp","href":"https:\/\/api.w.org\/{rel}","templated":true}]}}