{"id":948,"date":"2011-01-12T04:19:59","date_gmt":"2011-01-12T03:19:59","guid":{"rendered":"http:\/\/klubmamgdynia.pl\/index.php\/produkt\/hipo-dinozaury-w-worku-6-szt-hhs025\/"},"modified":"2026-05-17T22:42:51","modified_gmt":"2026-05-17T20:42:51","slug":"hipo-dinozaury-w-worku-6-szt-hhs025","status":"publish","type":"product","link":"http:\/\/klubmamgdynia.pl\/index.php\/produkt\/hipo-dinozaury-w-worku-6-szt-hhs025\/","title":{"rendered":"Hipo Dinozaury w worku 6 szt. (HHS025)"},"content":{"rendered":"<p>&#8211; Dinozaury 6 sztuk 12cm .- (opakowanie 30x18cm)nazwa na fakturze: DINOZAURY 6SZT 12CM HHS025EAN:  5907700633086figurka:  DinozaurKod Producenta:  HHS025Kolekcja:  6 szt 12 cm<\/p>\n<h2>Hipo Dinozaury w worku 6 szt. (HHS025) Hipo<\/h2>\n<p>ma\u0142y ksi\u0105\u017c\u0119 sprawdzian, kr\u00f3tkie bajki na dobranoc do czytania, gry dla m\u0142odzie\u017cy, pranki na prima aprilis dla rodzic\u00f3w, zagadki, bajki dla ch\u0142opc\u00f3w do czytania<\/p>\n<p>yyyyy<\/p>\n<p>&nbsp;<\/p>\n","protected":false},"excerpt":{"rendered":"<p>&#8211; Dinozaury 6 sztuk 12cm .- (opakowanie 30x18cm)nazwa na fakturze: DINOZAURY 6SZT 12CM HHS025EAN: 5907700633086figurka: DinozaurKod Producenta: HHS025Kolekcja: 6 szt 12 cm Hipo Dinozaury w worku 6 szt. (HHS025) Hipo ma\u0142y ksi\u0105\u017c\u0119 sprawdzian, kr\u00f3tkie bajki na dobranoc do czytania, gry dla m\u0142odzie\u017cy, pranki na prima aprilis dla rodzic\u00f3w, zagadki, bajki dla ch\u0142opc\u00f3w do czytania yyyyy [&hellip;]<\/p>\n","protected":false},"featured_media":949,"comment_status":"closed","ping_status":"open","template":"","meta":[],"product_cat":[95,310],"product_tag":[836,681,624,718,609],"class_list":["post-948","product","type-product","status-publish","has-post-thumbnail","hentry","product_cat-figurki-makiety-i-zestawy","product_cat-hipo","product_tag-co-kupic-dziecku-na-roczek","product_tag-flagi-europy-quiz","product_tag-krotkie-zagadki","product_tag-prezent-na-roczek-dla-chrzesniaka","product_tag-quiz-flagi-europy"],"_links":{"self":[{"href":"http:\/\/klubmamgdynia.pl\/index.php\/wp-json\/wp\/v2\/product\/948","targetHints":{"allow":["GET"]}}],"collection":[{"href":"http:\/\/klubmamgdynia.pl\/index.php\/wp-json\/wp\/v2\/product"}],"about":[{"href":"http:\/\/klubmamgdynia.pl\/index.php\/wp-json\/wp\/v2\/types\/product"}],"replies":[{"embeddable":true,"href":"http:\/\/klubmamgdynia.pl\/index.php\/wp-json\/wp\/v2\/comments?post=948"}],"wp:featuredmedia":[{"embeddable":true,"href":"http:\/\/klubmamgdynia.pl\/index.php\/wp-json\/wp\/v2\/media\/949"}],"wp:attachment":[{"href":"http:\/\/klubmamgdynia.pl\/index.php\/wp-json\/wp\/v2\/media?parent=948"}],"wp:term":[{"taxonomy":"product_cat","embeddable":true,"href":"http:\/\/klubmamgdynia.pl\/index.php\/wp-json\/wp\/v2\/product_cat?post=948"},{"taxonomy":"product_tag","embeddable":true,"href":"http:\/\/klubmamgdynia.pl\/index.php\/wp-json\/wp\/v2\/product_tag?post=948"}],"curies":[{"name":"wp","href":"https:\/\/api.w.org\/{rel}","templated":true}]}}