{"id":9483,"date":"2011-06-09T09:11:42","date_gmt":"2011-06-09T07:11:42","guid":{"rendered":"http:\/\/klubmamgdynia.pl\/index.php\/produkt\/ekologiczna-sniadaniowka-dla-dzieci-wzor-3\/"},"modified":"2026-04-30T20:49:36","modified_gmt":"2026-04-30T18:49:36","slug":"ekologiczna-sniadaniowka-dla-dzieci-wzor-3","status":"publish","type":"product","link":"http:\/\/klubmamgdynia.pl\/index.php\/produkt\/ekologiczna-sniadaniowka-dla-dzieci-wzor-3\/","title":{"rendered":"Ekologiczna \u015aniadani\u00f3wka Dla Dzieci Wz\u00f3r 3"},"content":{"rendered":"<p>Ekologiczna, nadaj\u0105cy si\u0119 do recyklingu, \u015bniadani\u00f3wka dla dzieci. Z celuloz\u0105. Zalecana po 6 miesi\u0105cu \u017cycia.- nie zawiera BPA- melamine free- certyfikat FSCMo\u017cna stosowa\u0107 w kuchence mikrofalowej a tak\u017ce my\u0107 w zmywarce.<\/p>\n<h2>Ekologiczna \u015aniadani\u00f3wka Dla Dzieci Wz\u00f3r 3 <\/h2>\n<p>historia pluszowego misia, gdzie strumyk p\u0142ynie z wolna tekst, atrakcje dla dzieci warszawa, maska kota, julian imie, kotek kolorowanka, trudne zagadki z odpowiedziami, choinka z bibu\u0142y, zagadki matematyczne z odpowiedziami, testy z lektury miko\u0142ajek, izabela imie, test z opowie\u015bci z narnii, p\u0142ywalnie warszawa, kolorowanki do druku super zings<\/p>\n<p>yyyyy<\/p>\n<p>&nbsp;<\/p>\n","protected":false},"excerpt":{"rendered":"<p>Ekologiczna, nadaj\u0105cy si\u0119 do recyklingu, \u015bniadani\u00f3wka dla dzieci. Z celuloz\u0105. Zalecana po 6 miesi\u0105cu \u017cycia.- nie zawiera BPA- melamine free- certyfikat FSCMo\u017cna stosowa\u0107 w kuchence mikrofalowej a tak\u017ce my\u0107 w zmywarce. Ekologiczna \u015aniadani\u00f3wka Dla Dzieci Wz\u00f3r 3 historia pluszowego misia, gdzie strumyk p\u0142ynie z wolna tekst, atrakcje dla dzieci warszawa, maska kota, julian imie, kotek [&hellip;]<\/p>\n","protected":false},"featured_media":9484,"comment_status":"closed","ping_status":"open","template":"","meta":[],"product_cat":[215],"product_tag":[585,749,856,785,783],"class_list":["post-9483","product","type-product","status-publish","has-post-thumbnail","hentry","product_cat-naczynia-i-sztucce-dla-dzieci","product_tag-kolorowanki-dla-chlopcow","product_tag-najlepsze-zarty-na-prima-aprilis","product_tag-prezent-dla-16-latki","product_tag-prezent-dla-nastolatkow","product_tag-prezenty-na-roczek-dla-chlopca"],"_links":{"self":[{"href":"http:\/\/klubmamgdynia.pl\/index.php\/wp-json\/wp\/v2\/product\/9483","targetHints":{"allow":["GET"]}}],"collection":[{"href":"http:\/\/klubmamgdynia.pl\/index.php\/wp-json\/wp\/v2\/product"}],"about":[{"href":"http:\/\/klubmamgdynia.pl\/index.php\/wp-json\/wp\/v2\/types\/product"}],"replies":[{"embeddable":true,"href":"http:\/\/klubmamgdynia.pl\/index.php\/wp-json\/wp\/v2\/comments?post=9483"}],"wp:featuredmedia":[{"embeddable":true,"href":"http:\/\/klubmamgdynia.pl\/index.php\/wp-json\/wp\/v2\/media\/9484"}],"wp:attachment":[{"href":"http:\/\/klubmamgdynia.pl\/index.php\/wp-json\/wp\/v2\/media?parent=9483"}],"wp:term":[{"taxonomy":"product_cat","embeddable":true,"href":"http:\/\/klubmamgdynia.pl\/index.php\/wp-json\/wp\/v2\/product_cat?post=9483"},{"taxonomy":"product_tag","embeddable":true,"href":"http:\/\/klubmamgdynia.pl\/index.php\/wp-json\/wp\/v2\/product_tag?post=9483"}],"curies":[{"name":"wp","href":"https:\/\/api.w.org\/{rel}","templated":true}]}}