{"id":9489,"date":"2024-04-10T19:39:31","date_gmt":"2024-04-10T17:39:31","guid":{"rendered":"http:\/\/klubmamgdynia.pl\/?post_type=product&#038;p=9489"},"modified":"2026-05-17T22:22:07","modified_gmt":"2026-05-17T20:22:07","slug":"djeco-zestaw-artystyczny-przypinka-bunny","status":"publish","type":"product","link":"http:\/\/klubmamgdynia.pl\/index.php\/produkt\/djeco-zestaw-artystyczny-przypinka-bunny\/","title":{"rendered":"Djeco Zestaw artystyczny przypinka BUNNY"},"content":{"rendered":"<p>Djeco \u2013 Zestaw artystyczny przypinka BUNNY Z zestawem od firmy Djeco, mo\u017cna stworzy\u0107 przypink\u0119 w kszta\u0142cie dziewczynki, kt\u00f3ra \u015bwieci! Dzi\u0119ki odpowiedniemu po\u0142\u0105czeniu obwod\u00f3w z przypink\u0105, dodaniu diody LED oraz baterii, podczas noszenia przypinki, niekt\u00f3re jej elementy zostan\u0105 pod\u015bwietlone. W zestawie znajduj\u0105 si\u0119: Wyszywana przypinka, elementy do przyozdobienia przypinki, ig\u0142a i nitka, dioda LED, bateria, elementy potrzebne do wykonania obwod\u00f3w, instrukcja. Z zestawem mo\u017cna rozwija\u0107 swoje zdolno\u015bci artystyczne, a zarazem poznawa\u0107 funkcjonowanie obwod\u00f3w elektrycznych. \u015awietna zabawa i nauka w jednym! Wiek: +9 lat Wymiary przypinki: 4 x 8 cm Wymiary opakowania: 16,5 x 21,5 x 3,5 cm DJECO to francuska firma z oryginalnym logo w formie zielonej jaszczurki. Ich produkty wyr\u00f3\u017cniaj\u0105 si\u0119 wysok\u0105 jako\u015bci\u0105 wykonania. W swojej ofercie posiadaj\u0105 wiele zabawek, gier i puzzli, kt\u00f3re \u015bwietnie wspieraj\u0105 rozw\u00f3j kreatywno\u015bci i edukacje dzieci.<\/p>\n<h2>Djeco Zestaw artystyczny przypinka BUNNY Djeco<\/h2>\n<p>kolorowanka lol surprise, kuku\u0142eczka kuka tekst, zagadki rymowanki dla dzieci, jeremi imi\u0119, quizy za darmo, kolorowanki na andrzejki do wydruku, postacie z bajek kolorowanki, prezent roczek, pierwsze urodziny prezent na roczek dla ch\u0142opca, nietypowe imiona, \u017c\u0105rty na prima aprilis, zagadki dla dziewczyny, dekorowanie kanapek dla dzieci, tabliczka mno\u017cenia karty pracy do druku, imi\u0119 liwia, jad\u0105 jad\u0105 misie tekst, ninjago kolorowanka, karnawa\u0142 maska karnawa\u0142owa szablon, miasto dzieci<\/p>\n<p>yyyyy<\/p>\n<p>&nbsp;<\/p>\n","protected":false},"excerpt":{"rendered":"<p>Djeco \u2013 Zestaw artystyczny przypinka BUNNY Z zestawem od firmy Djeco, mo\u017cna stworzy\u0107 przypink\u0119 w kszta\u0142cie dziewczynki, kt\u00f3ra \u015bwieci! Dzi\u0119ki odpowiedniemu po\u0142\u0105czeniu obwod\u00f3w z przypink\u0105, dodaniu diody LED oraz baterii, podczas noszenia przypinki, niekt\u00f3re jej elementy zostan\u0105 pod\u015bwietlone. W zestawie znajduj\u0105 si\u0119: Wyszywana przypinka, elementy do przyozdobienia przypinki, ig\u0142a i nitka, dioda LED, bateria, elementy [&hellip;]<\/p>\n","protected":false},"featured_media":9490,"comment_status":"closed","ping_status":"open","template":"","meta":[],"product_cat":[434,21],"product_tag":[716,679,608,721],"class_list":["post-9489","product","type-product","status-publish","has-post-thumbnail","hentry","product_cat-djeco","product_cat-zabawki-plastyczne","product_tag-filmy-animowane-o-swietach","product_tag-zabawki-na-roczek-dla-dziewczynki","product_tag-zagadki-i-odpowiedzi","product_tag-zagadki-matematyczne"],"_links":{"self":[{"href":"http:\/\/klubmamgdynia.pl\/index.php\/wp-json\/wp\/v2\/product\/9489","targetHints":{"allow":["GET"]}}],"collection":[{"href":"http:\/\/klubmamgdynia.pl\/index.php\/wp-json\/wp\/v2\/product"}],"about":[{"href":"http:\/\/klubmamgdynia.pl\/index.php\/wp-json\/wp\/v2\/types\/product"}],"replies":[{"embeddable":true,"href":"http:\/\/klubmamgdynia.pl\/index.php\/wp-json\/wp\/v2\/comments?post=9489"}],"wp:featuredmedia":[{"embeddable":true,"href":"http:\/\/klubmamgdynia.pl\/index.php\/wp-json\/wp\/v2\/media\/9490"}],"wp:attachment":[{"href":"http:\/\/klubmamgdynia.pl\/index.php\/wp-json\/wp\/v2\/media?parent=9489"}],"wp:term":[{"taxonomy":"product_cat","embeddable":true,"href":"http:\/\/klubmamgdynia.pl\/index.php\/wp-json\/wp\/v2\/product_cat?post=9489"},{"taxonomy":"product_tag","embeddable":true,"href":"http:\/\/klubmamgdynia.pl\/index.php\/wp-json\/wp\/v2\/product_tag?post=9489"}],"curies":[{"name":"wp","href":"https:\/\/api.w.org\/{rel}","templated":true}]}}